CRAN Package Check Results for Package lpridge

Last updated on 2018-05-23 23:48:30 CEST.

Flavor Version Tinstall Tcheck Ttotal Status Flags
r-devel-linux-x86_64-debian-clang 1.0-7 2.45 18.14 20.59 NOTE
r-devel-linux-x86_64-debian-gcc 1.0-7 2.06 14.29 16.35 NOTE
r-devel-linux-x86_64-fedora-clang 1.0-7 24.67 NOTE
r-devel-linux-x86_64-fedora-gcc 1.0-7 23.38 NOTE
r-devel-windows-ix86+x86_64 1.0-7 15.00 41.00 56.00 NOTE
r-patched-linux-x86_64 1.0-7 2.44 17.04 19.48 NOTE
r-patched-solaris-x86 1.0-7 39.20 NOTE
r-release-linux-x86_64 1.0-7 2.73 16.94 19.67 NOTE
r-release-windows-ix86+x86_64 1.0-7 11.00 39.00 50.00 NOTE
r-release-osx-x86_64 1.0-7 NOTE
r-oldrel-windows-ix86+x86_64 1.0-7 9.00 34.00 43.00 NOTE
r-oldrel-osx-x86_64 1.0-7 NOTE

Additional issues

gcc8 gcc8

Check Details

Version: 1.0-7
Check: top-level files
Result: NOTE
    Non-standard files/directories found at top level:
     ‘COPYRIGHTS’ ‘README.lpepa’ ‘README.lpridge’
    Copyright information should be in file inst/COPYRIGHTS
Flavors: r-devel-linux-x86_64-debian-clang, r-devel-linux-x86_64-debian-gcc, r-devel-linux-x86_64-fedora-clang, r-devel-linux-x86_64-fedora-gcc, r-patched-linux-x86_64, r-release-linux-x86_64

Version: 1.0-7
Check: foreign function calls
Result: NOTE
    Call with DUP:
     .Fortran(lpepa_s, x, y, as.integer(n), bandwidth = bandwidth,
     deriv = as.integer(deriv), order = as.integer(order), x.out = x.out,
     as.integer(n.out), as.integer(mnew), integer(nmoms), double(nmoms *
     4 * (2 + order + as.integer(var))), est = double(n.out),
     as.integer(leng), nmoms, var = as.integer(var), est.var = double(n.out),
     DUP = FALSE)
    DUP is no longer supported and will be ignored.
Flavors: r-devel-linux-x86_64-debian-clang, r-devel-linux-x86_64-debian-gcc, r-devel-linux-x86_64-fedora-clang, r-devel-linux-x86_64-fedora-gcc, r-devel-windows-ix86+x86_64, r-patched-linux-x86_64, r-patched-solaris-x86, r-release-linux-x86_64, r-release-windows-ix86+x86_64, r-release-osx-x86_64, r-oldrel-windows-ix86+x86_64, r-oldrel-osx-x86_64

Version: 1.0-7
Check: compiled code
Result: NOTE
    File ‘lpridge/libs/lpridge.so’:
     Found no calls to: ‘R_registerRoutines’, ‘R_useDynamicSymbols’
    
    It is good practice to register native routines and to disable symbol
    search.
    
    See ‘Writing portable packages’ in the ‘Writing R Extensions’ manual.
Flavors: r-devel-linux-x86_64-debian-clang, r-devel-linux-x86_64-debian-gcc, r-devel-linux-x86_64-fedora-clang, r-devel-linux-x86_64-fedora-gcc, r-patched-linux-x86_64, r-release-linux-x86_64