CRAN Package Check Results for Package lqa

Last updated on 2015-01-26 22:47:35.

Flavor Version Tinstall Tcheck Ttotal Status Flags
r-devel-linux-x86_64-debian-clang 1.0-3 0.86 19.27 20.13 NOTE
r-devel-linux-x86_64-debian-gcc 1.0-3 0.84 19.91 20.75 NOTE
r-devel-linux-x86_64-fedora-clang 1.0-3 41.06 NOTE
r-devel-linux-x86_64-fedora-gcc 1.0-3 39.24 NOTE
r-devel-osx-x86_64-clang 1.0-3 38.61 NOTE
r-devel-windows-ix86+x86_64 1.0-3 3.00 28.00 31.00 NOTE
r-patched-linux-x86_64 1.0-3 0.88 20.39 21.26 NOTE
r-patched-solaris-sparc 1.0-3 224.10 NOTE
r-patched-solaris-x86 1.0-3 51.70 NOTE
r-release-linux-ix86 1.0-3 1.23 25.69 26.92 NOTE
r-release-linux-x86_64 1.0-3 0.88 20.80 21.68 NOTE
r-release-osx-x86_64-mavericks 1.0-3 NOTE
r-release-windows-ix86+x86_64 1.0-3 3.00 33.00 36.00 NOTE
r-oldrel-windows-ix86+x86_64 1.0-3 3.00 33.00 36.00 NOTE

Check Details

Version: 1.0-3
Check: R code for possible problems
Result: NOTE
    print.summary.lqa: warning in printCoefmat(coefs, P.value = FALSE,
     has.Pvalue = FALSE): partial argument match of ‘P.value’ to
     ‘P.values’
Flavors: r-devel-linux-x86_64-debian-clang, r-devel-linux-x86_64-debian-gcc, r-devel-linux-x86_64-fedora-clang, r-devel-linux-x86_64-fedora-gcc, r-devel-osx-x86_64-clang, r-devel-windows-ix86+x86_64, r-patched-linux-x86_64, r-patched-solaris-sparc, r-patched-solaris-x86, r-release-linux-ix86, r-release-linux-x86_64, r-release-osx-x86_64-mavericks, r-release-windows-ix86+x86_64, r-oldrel-windows-ix86+x86_64

Version: 1.0-3
Check: Rd \usage sections
Result: NOTE
    S3 methods shown with full name in documentation object 'lqa':
     ‘lqa.update2’
    
    S3 methods shown with full name in documentation object 'lqa.control':
     ‘lqa.control’
    
    S3 methods shown with full name in documentation object 'plot.lqa':
     ‘plot.lqa’
    
    The \usage entries for S3 methods should use the \method markup and not
    their full name.
    See chapter ‘Writing R documentation files’ in the ‘Writing R
    Extensions’ manual.
Flavors: r-devel-linux-x86_64-debian-clang, r-devel-linux-x86_64-debian-gcc, r-devel-linux-x86_64-fedora-clang, r-devel-linux-x86_64-fedora-gcc, r-devel-osx-x86_64-clang, r-devel-windows-ix86+x86_64

Version: 1.0-3
Check: S3 generic/method consistency
Result: NOTE
    Found the following apparent S3 methods exported but not registered:
     lqa.control lqa.default lqa.formula lqa.update2 print.cv.lqa
     print.penalty print.pred.lqa print.summary.lqa summary.lqa plot.lqa
     predict.lqa
    See section ‘Registering S3 methods’ in the ‘Writing R Extensions’
    manual.
Flavors: r-devel-linux-x86_64-fedora-clang, r-devel-linux-x86_64-fedora-gcc, r-devel-osx-x86_64-clang

Version: 1.0-3
Check: Rd \usage sections
Result: NOTE
    S3 methods shown with full name in documentation object 'lqa':
     ‘lqa.update2’
    
    S3 methods shown with full name in documentation object 'lqa.control':
     ‘lqa.control’
    
    S3 methods shown with full name in documentation object 'plot.lqa':
     ‘plot.lqa’
    
    The \usage entries for S3 methods should use the \method markup and not
    their full name.
    See the chapter ‘Writing R documentation files’ in the ‘Writing R
    Extensions’ manual.
Flavors: r-patched-linux-x86_64, r-patched-solaris-sparc, r-patched-solaris-x86, r-release-linux-ix86, r-release-linux-x86_64, r-release-osx-x86_64-mavericks, r-release-windows-ix86+x86_64, r-oldrel-windows-ix86+x86_64