CRAN Package Check Results for Package lqa

Last updated on 2015-03-06 19:50:21.

Flavor Version Tinstall Tcheck Ttotal Status Flags
r-devel-linux-x86_64-debian-clang 1.0-3 0.81 19.14 19.94 NOTE
r-devel-linux-x86_64-debian-gcc 1.0-3 0.80 18.92 19.72 NOTE
r-devel-linux-x86_64-fedora-clang 1.0-3 38.62 NOTE
r-devel-linux-x86_64-fedora-gcc 1.0-3 36.02 NOTE
r-devel-osx-x86_64-clang 1.0-3 41.09 NOTE
r-devel-windows-ix86+x86_64 1.0-3 3.00 30.00 33.00 NOTE
r-patched-linux-x86_64 1.0-3 0.87 20.38 21.25 NOTE
r-patched-solaris-sparc 1.0-3 233.30 NOTE
r-patched-solaris-x86 1.0-3 51.30 NOTE
r-release-linux-ix86 1.0-3 1.22 29.90 31.12 NOTE
r-release-linux-x86_64 1.0-3 0.87 20.38 21.25 NOTE
r-release-osx-x86_64-mavericks 1.0-3 NOTE
r-release-windows-ix86+x86_64 1.0-3 3.00 33.00 36.00 NOTE
r-oldrel-windows-ix86+x86_64 1.0-3 3.00 33.00 36.00 NOTE

Check Details

Version: 1.0-3
Check: S3 generic/method consistency
Result: NOTE
    Found the following apparent S3 methods exported but not registered:
     lqa.control lqa.default lqa.formula lqa.update2 plot.lqa predict.lqa
     print.cv.lqa print.penalty print.pred.lqa print.summary.lqa
     summary.lqa
    See section ‘Registering S3 methods’ in the ‘Writing R Extensions’
    manual.
Flavors: r-devel-linux-x86_64-debian-clang, r-devel-linux-x86_64-debian-gcc, r-devel-linux-x86_64-fedora-clang, r-devel-linux-x86_64-fedora-gcc, r-devel-osx-x86_64-clang

Version: 1.0-3
Check: R code for possible problems
Result: NOTE
    print.summary.lqa: warning in printCoefmat(coefs, P.value = FALSE,
     has.Pvalue = FALSE): partial argument match of ‘P.value’ to
     ‘P.values’
Flavors: r-devel-linux-x86_64-debian-clang, r-devel-linux-x86_64-debian-gcc, r-devel-linux-x86_64-fedora-clang, r-devel-linux-x86_64-fedora-gcc, r-devel-osx-x86_64-clang, r-devel-windows-ix86+x86_64, r-patched-linux-x86_64, r-patched-solaris-sparc, r-patched-solaris-x86, r-release-linux-ix86, r-release-linux-x86_64, r-release-osx-x86_64-mavericks, r-release-windows-ix86+x86_64, r-oldrel-windows-ix86+x86_64

Version: 1.0-3
Check: Rd \usage sections
Result: NOTE
    S3 methods shown with full name in documentation object 'lqa':
     ‘lqa.update2’
    
    S3 methods shown with full name in documentation object 'lqa.control':
     ‘lqa.control’
    
    S3 methods shown with full name in documentation object 'plot.lqa':
     ‘plot.lqa’
    
    The \usage entries for S3 methods should use the \method markup and not
    their full name.
    See chapter ‘Writing R documentation files’ in the ‘Writing R
    Extensions’ manual.
Flavors: r-devel-linux-x86_64-debian-clang, r-devel-linux-x86_64-debian-gcc, r-devel-linux-x86_64-fedora-clang, r-devel-linux-x86_64-fedora-gcc, r-devel-osx-x86_64-clang, r-devel-windows-ix86+x86_64, r-patched-linux-x86_64, r-patched-solaris-sparc, r-patched-solaris-x86

Version: 1.0-3
Check: Rd \usage sections
Result: NOTE
    S3 methods shown with full name in documentation object 'lqa':
     ‘lqa.update2’
    
    S3 methods shown with full name in documentation object 'lqa.control':
     ‘lqa.control’
    
    S3 methods shown with full name in documentation object 'plot.lqa':
     ‘plot.lqa’
    
    The \usage entries for S3 methods should use the \method markup and not
    their full name.
    See the chapter ‘Writing R documentation files’ in the ‘Writing R
    Extensions’ manual.
Flavors: r-release-linux-ix86, r-release-linux-x86_64, r-release-osx-x86_64-mavericks, r-release-windows-ix86+x86_64, r-oldrel-windows-ix86+x86_64