CRAN Package Check Results for Package lqa

Last updated on 2014-04-23 17:47:47.

Flavor Version Tinstall Tcheck Ttotal Status Flags
r-devel-linux-x86_64-debian-clang 1.0-3 0.87 19.12 19.99 NOTE
r-devel-linux-x86_64-debian-gcc 1.0-3 0.89 19.89 20.78 NOTE
r-devel-linux-x86_64-fedora-clang 1.0-3 44.49 NOTE
r-devel-linux-x86_64-fedora-gcc 1.0-3 43.55 NOTE
r-devel-osx-x86_64-clang 1.0-3 33.97 NOTE
r-devel-osx-x86_64-gcc 1.0-3 NOTE
r-devel-windows-ix86+x86_64 1.0-3 3.00 30.00 33.00 NOTE
r-patched-linux-x86_64 1.0-3 0.86 19.22 20.08 NOTE
r-patched-solaris-sparc 1.0-3 226.30 NOTE
r-patched-solaris-x86 1.0-3 52.50 NOTE
r-release-linux-ix86 1.0-3 1.00 34.00 35.00 NOTE
r-release-linux-x86_64 1.0-3 0.94 19.46 20.40 NOTE
r-release-osx-x86_64-mavericks 1.0-3 NOTE
r-release-windows-ix86+x86_64 1.0-3 5.00 41.00 46.00 NOTE
r-oldrel-windows-ix86+x86_64 1.0-3 3.00 33.00 36.00 NOTE

Check Details

Version: 1.0-3
Check: R code for possible problems
Result: NOTE
    print.summary.lqa: warning in printCoefmat(coefs, P.value = FALSE,
     has.Pvalue = FALSE): partial argument match of 'P.value' to
     'P.values'
Flavors: r-devel-linux-x86_64-debian-clang, r-devel-linux-x86_64-debian-gcc, r-devel-linux-x86_64-fedora-clang, r-devel-linux-x86_64-fedora-gcc, r-devel-osx-x86_64-clang, r-devel-osx-x86_64-gcc, r-devel-windows-ix86+x86_64, r-patched-linux-x86_64, r-patched-solaris-sparc, r-patched-solaris-x86, r-release-linux-ix86, r-release-linux-x86_64, r-release-osx-x86_64-mavericks, r-release-windows-ix86+x86_64, r-oldrel-windows-ix86+x86_64

Version: 1.0-3
Check: Rd \usage sections
Result: NOTE
    S3 methods shown with full name in documentation object 'lqa':
     ‘lqa.update2’
    
    S3 methods shown with full name in documentation object 'lqa.control':
     ‘lqa.control’
    
    S3 methods shown with full name in documentation object 'plot.lqa':
     ‘plot.lqa’
    
    The \usage entries for S3 methods should use the \method markup and not
    their full name.
    See the chapter ‘Writing R documentation files’ in the ‘Writing R
    Extensions’ manual.
Flavors: r-devel-linux-x86_64-debian-clang, r-devel-linux-x86_64-debian-gcc, r-devel-linux-x86_64-fedora-clang, r-devel-linux-x86_64-fedora-gcc, r-devel-osx-x86_64-clang, r-devel-osx-x86_64-gcc, r-devel-windows-ix86+x86_64, r-patched-linux-x86_64, r-patched-solaris-sparc, r-patched-solaris-x86, r-release-linux-ix86, r-release-linux-x86_64, r-release-osx-x86_64-mavericks, r-release-windows-ix86+x86_64, r-oldrel-windows-ix86+x86_64