CRAN Package Check Results for Package lqa

Last updated on 2014-11-24 19:50:26.

Flavor Version Tinstall Tcheck Ttotal Status Flags
r-devel-linux-x86_64-debian-clang 1.0-3 0.88 19.76 20.64 NOTE
r-devel-linux-x86_64-debian-gcc 1.0-3 0.86 19.63 20.49 NOTE
r-devel-linux-x86_64-fedora-clang 1.0-3 42.97 NOTE
r-devel-linux-x86_64-fedora-gcc 1.0-3 38.53 NOTE
r-devel-osx-x86_64-clang 1.0-3 38.12 NOTE
r-devel-windows-ix86+x86_64 1.0-3 3.00 30.00 33.00 NOTE
r-patched-linux-x86_64 1.0-3 0.89 20.98 21.87 NOTE
r-patched-solaris-sparc 1.0-3 227.20 NOTE
r-patched-solaris-x86 1.0-3 50.70 NOTE
r-release-linux-ix86 1.0-3 1.22 25.52 26.74 NOTE
r-release-linux-x86_64 1.0-3 0.90 20.15 21.04 NOTE
r-release-osx-x86_64-mavericks 1.0-3 NOTE
r-release-windows-ix86+x86_64 1.0-3 3.00 33.00 36.00 NOTE
r-oldrel-windows-ix86+x86_64 1.0-3 3.00 33.00 36.00 NOTE

Check Details

Version: 1.0-3
Check: R code for possible problems
Result: NOTE
    print.summary.lqa: warning in printCoefmat(coefs, P.value = FALSE,
     has.Pvalue = FALSE): partial argument match of ‘P.value’ to
     ‘P.values’
Flavors: r-devel-linux-x86_64-debian-clang, r-devel-linux-x86_64-debian-gcc, r-devel-linux-x86_64-fedora-clang, r-devel-linux-x86_64-fedora-gcc, r-devel-osx-x86_64-clang, r-devel-windows-ix86+x86_64, r-patched-linux-x86_64, r-patched-solaris-sparc, r-patched-solaris-x86, r-release-linux-ix86, r-release-linux-x86_64, r-release-osx-x86_64-mavericks, r-release-windows-ix86+x86_64, r-oldrel-windows-ix86+x86_64

Version: 1.0-3
Check: Rd \usage sections
Result: NOTE
    S3 methods shown with full name in documentation object 'lqa':
     ‘lqa.update2’
    
    S3 methods shown with full name in documentation object 'lqa.control':
     ‘lqa.control’
    
    S3 methods shown with full name in documentation object 'plot.lqa':
     ‘plot.lqa’
    
    The \usage entries for S3 methods should use the \method markup and not
    their full name.
    See the chapter ‘Writing R documentation files’ in the ‘Writing R
    Extensions’ manual.
Flavors: r-devel-linux-x86_64-debian-clang, r-devel-linux-x86_64-debian-gcc, r-devel-linux-x86_64-fedora-clang, r-devel-linux-x86_64-fedora-gcc, r-devel-osx-x86_64-clang, r-devel-windows-ix86+x86_64, r-patched-linux-x86_64, r-patched-solaris-sparc, r-patched-solaris-x86, r-release-linux-ix86, r-release-linux-x86_64, r-release-osx-x86_64-mavericks, r-release-windows-ix86+x86_64, r-oldrel-windows-ix86+x86_64