CRAN Package Check Results for Package lqmm

Last updated on 2015-05-22 12:46:30.

Flavor Version Tinstall Tcheck Ttotal Status Flags
r-devel-linux-x86_64-debian-clang 1.5.1 1.50 24.91 26.41 NOTE
r-devel-linux-x86_64-debian-gcc 1.5.1 1.65 24.54 26.19 NOTE
r-devel-linux-x86_64-fedora-gcc 1.5.1 47.73 NOTE
r-devel-osx-x86_64-clang 1.5.1 45.21 NOTE
r-devel-windows-ix86+x86_64 1.5.1 17.00 47.00 64.00 NOTE
r-patched-linux-x86_64 1.5.1 1.52 24.20 25.72 NOTE
r-patched-solaris-sparc 1.5.1 296.10 NOTE
r-patched-solaris-x86 1.5.1 62.80 NOTE
r-release-linux-x86_64 1.5.1 1.64 26.30 27.94 NOTE
r-release-osx-x86_64-mavericks 1.5.1 NOTE
r-release-osx-x86_64-snowleopard 1.5.1 NOTE
r-release-windows-ix86+x86_64 1.5.1 8.00 49.00 57.00 NOTE
r-oldrel-windows-ix86+x86_64 1.5.1 8.00 57.00 65.00 OK

Check Details

Version: 1.5.1
Check: DESCRIPTION meta-information
Result: NOTE
    Malformed Description field: should contain one or more complete sentences.
Flavors: r-devel-linux-x86_64-debian-clang, r-devel-linux-x86_64-debian-gcc, r-devel-linux-x86_64-fedora-gcc, r-devel-osx-x86_64-clang, r-devel-windows-ix86+x86_64, r-patched-linux-x86_64, r-patched-solaris-sparc, r-patched-solaris-x86, r-release-linux-x86_64, r-release-osx-x86_64-mavericks, r-release-osx-x86_64-snowleopard, r-release-windows-ix86+x86_64

Version: 1.5.1
Check: S3 generic/method consistency
Result: NOTE
    Found the following apparent S3 methods exported but not registered:
     coef.lqm.counts predict.lqm.counts print.lqm.counts
     residuals.lqm.counts
    See section ‘Registering S3 methods’ in the ‘Writing R Extensions’
    manual.
Flavors: r-devel-linux-x86_64-debian-clang, r-devel-linux-x86_64-debian-gcc, r-devel-linux-x86_64-fedora-gcc, r-devel-osx-x86_64-clang, r-patched-linux-x86_64, r-patched-solaris-x86, r-release-linux-x86_64