CRAN Package Check Results for Package lqmm

Last updated on 2017-04-28 23:52:26.

Flavor Version Tinstall Tcheck Ttotal Status Flags
r-devel-linux-x86_64-debian-clang 1.5.3 1.87 33.86 35.73 NOTE
r-devel-linux-x86_64-debian-gcc 1.5.3 1.91 33.32 35.23 NOTE
r-devel-linux-x86_64-fedora-clang 1.5.3 69.90 NOTE --no-stop-on-test-error
r-devel-linux-x86_64-fedora-gcc 1.5.3 65.54 NOTE --no-stop-on-test-error
r-devel-windows-ix86+x86_64 1.5.3 7.00 90.00 97.00 OK
r-patched-linux-x86_64 1.5.3 1.86 33.35 35.20 NOTE
r-patched-solaris-sparc 1.5.3 367.10 OK
r-patched-solaris-x86 1.5.3 77.90 OK
r-release-linux-x86_64 1.5.3 1.93 33.44 35.37 NOTE
r-release-windows-ix86+x86_64 1.5.3 17.00 92.00 109.00 OK
r-release-osx-x86_64 1.5.3 OK
r-oldrel-windows-ix86+x86_64 1.5.3 11.00 65.00 76.00 OK
r-oldrel-osx-x86_64 1.5.3 OK

Check Details

Version: 1.5.3
Check: compiled code
Result: NOTE
    File ‘lqmm/libs/lqmm.so’:
     Found no calls to: ‘R_registerRoutines’, ‘R_useDynamicSymbols’
    
    It is good practice to register native routines and to disable symbol
    search.
    
    See ‘Writing portable packages’ in the ‘Writing R Extensions’ manual.
Flavors: r-devel-linux-x86_64-debian-clang, r-devel-linux-x86_64-debian-gcc, r-patched-linux-x86_64, r-release-linux-x86_64

Version: 1.5.3
Flags: --no-stop-on-test-error
Check: compiled code
Result: NOTE
    File ‘lqmm/libs/lqmm.so’:
     Found no calls to: ‘R_registerRoutines’, ‘R_useDynamicSymbols’
    
    It is good practice to register native routines and to disable symbol
    search.
    
    See ‘Writing portable packages’ in the ‘Writing R Extensions’ manual.
Flavors: r-devel-linux-x86_64-fedora-clang, r-devel-linux-x86_64-fedora-gcc