CRAN Package Check Results for Package lqmm

Last updated on 2017-10-18 23:47:52.

Flavor Version Tinstall Tcheck Ttotal Status Flags
r-devel-linux-x86_64-debian-clang 1.5.3 1.95 33.67 35.62 NOTE
r-devel-linux-x86_64-debian-gcc 1.5.3 2.20 34.46 36.66 NOTE
r-devel-linux-x86_64-fedora-clang 1.5.3 66.44 NOTE
r-devel-linux-x86_64-fedora-gcc 1.5.3 65.44 NOTE
r-devel-windows-ix86+x86_64 1.5.3 9.00 73.00 82.00 OK
r-patched-linux-x86_64 1.5.3 1.86 34.27 36.12 NOTE
r-patched-solaris-x86 1.5.3 79.90 OK
r-release-linux-x86_64 1.5.3 1.81 34.40 36.21 NOTE
r-release-windows-ix86+x86_64 1.5.3 12.00 75.00 87.00 OK
r-release-osx-x86_64 1.5.3 OK
r-oldrel-windows-ix86+x86_64 1.5.3 13.00 84.00 97.00 OK
r-oldrel-osx-x86_64 1.5.3 OK

Check Details

Version: 1.5.3
Check: compiled code
Result: NOTE
    File ‘lqmm/libs/lqmm.so’:
     Found no calls to: ‘R_registerRoutines’, ‘R_useDynamicSymbols’
    
    It is good practice to register native routines and to disable symbol
    search.
    
    See ‘Writing portable packages’ in the ‘Writing R Extensions’ manual.
Flavors: r-devel-linux-x86_64-debian-clang, r-devel-linux-x86_64-debian-gcc, r-devel-linux-x86_64-fedora-clang, r-devel-linux-x86_64-fedora-gcc, r-patched-linux-x86_64, r-release-linux-x86_64