CRAN Package Check Results for Package lqmm

Last updated on 2017-06-26 03:52:43.

Flavor Version Tinstall Tcheck Ttotal Status Flags
r-devel-linux-x86_64-debian-clang 1.5.3 1.94 34.06 36.01 NOTE
r-devel-linux-x86_64-debian-gcc 1.5.3 1.75 33.43 35.18 NOTE
r-devel-linux-x86_64-fedora-clang 1.5.3 69.93 NOTE
r-devel-linux-x86_64-fedora-gcc 1.5.3 65.36 NOTE
r-devel-windows-ix86+x86_64 1.5.3 12.00 74.00 86.00 OK
r-patched-linux-x86_64 1.5.3 1.78 34.43 36.21 NOTE
r-patched-solaris-sparc 1.5.3 367.10 OK
r-patched-solaris-x86 1.5.3 77.60 OK
r-release-linux-x86_64 1.5.3 1.82 33.40 35.22 NOTE
r-release-windows-ix86+x86_64 1.5.3 14.00 95.00 109.00 OK
r-release-osx-x86_64 1.5.3 OK
r-oldrel-windows-ix86+x86_64 1.5.3 8.00 84.00 92.00 OK
r-oldrel-osx-x86_64 1.5.3 OK

Check Details

Version: 1.5.3
Check: compiled code
Result: NOTE
    File ‘lqmm/libs/lqmm.so’:
     Found no calls to: ‘R_registerRoutines’, ‘R_useDynamicSymbols’
    
    It is good practice to register native routines and to disable symbol
    search.
    
    See ‘Writing portable packages’ in the ‘Writing R Extensions’ manual.
Flavors: r-devel-linux-x86_64-debian-clang, r-devel-linux-x86_64-debian-gcc, r-devel-linux-x86_64-fedora-clang, r-devel-linux-x86_64-fedora-gcc, r-patched-linux-x86_64, r-release-linux-x86_64