CRAN Package Check Results for Package lqmm

Last updated on 2015-04-01 15:47:54.

Flavor Version Tinstall Tcheck Ttotal Status Flags
r-devel-linux-x86_64-debian-clang 1.5.1 1.56 24.88 26.44 NOTE
r-devel-linux-x86_64-debian-gcc 1.5.1 1.77 25.24 27.01 NOTE
r-devel-linux-x86_64-fedora-clang 1.5.1 51.46 NOTE
r-devel-linux-x86_64-fedora-gcc 1.5.1 52.56 NOTE
r-devel-osx-x86_64-clang 1.5.1 50.14 NOTE
r-prerel-windows-ix86+x86_64 1.5.1 12.00 45.00 57.00 NOTE
r-prerel-linux-x86_64 1.5.1 1.62 25.23 26.85 NOTE
r-prerel-solaris-sparc 1.5.1 296.10 NOTE
r-prerel-solaris-x86 1.5.1 62.30 NOTE
r-release-linux-x86_64 1.5.1 1.78 27.78 29.56 OK
r-release-osx-x86_64-mavericks 1.5.1 OK
r-release-osx-x86_64-snowleopard 1.5.1 OK
r-release-windows-ix86+x86_64 1.5.1 8.00 53.00 61.00 OK
r-oldrel-windows-ix86+x86_64 1.5.1 8.00 56.00 64.00 OK

Check Details

Version: 1.5.1
Check: DESCRIPTION meta-information
Result: NOTE
    Malformed Description field: should contain one or more complete sentences.
Flavors: r-devel-linux-x86_64-debian-clang, r-devel-linux-x86_64-debian-gcc, r-devel-linux-x86_64-fedora-clang, r-devel-linux-x86_64-fedora-gcc, r-devel-osx-x86_64-clang, r-prerel-windows-ix86+x86_64, r-prerel-linux-x86_64, r-prerel-solaris-sparc, r-prerel-solaris-x86

Version: 1.5.1
Check: S3 generic/method consistency
Result: NOTE
    Found the following apparent S3 methods exported but not registered:
     coef.lqm.counts predict.lqm.counts print.lqm.counts
     residuals.lqm.counts
    See section ‘Registering S3 methods’ in the ‘Writing R Extensions’
    manual.
Flavors: r-devel-linux-x86_64-debian-clang, r-devel-linux-x86_64-debian-gcc, r-devel-linux-x86_64-fedora-clang, r-devel-linux-x86_64-fedora-gcc, r-devel-osx-x86_64-clang, r-prerel-linux-x86_64