CRAN Package Check Results for Package lqmm

Last updated on 2018-02-21 01:47:39 CET.

Flavor Version Tinstall Tcheck Ttotal Status Flags
r-devel-linux-x86_64-debian-clang 1.5.3 5.41 46.71 52.12 NOTE
r-devel-linux-x86_64-debian-gcc 1.5.3 5.65 36.11 41.76 NOTE
r-devel-linux-x86_64-fedora-clang 1.5.3 64.08 WARN
r-devel-linux-x86_64-fedora-gcc 1.5.3 61.84 WARN
r-devel-windows-ix86+x86_64 1.5.3 15.00 69.00 84.00 OK
r-patched-linux-x86_64 1.5.3 2.47 52.34 54.81 NOTE
r-patched-solaris-x86 1.5.3 77.00 OK
r-release-linux-x86_64 1.5.3 2.57 52.65 55.22 NOTE
r-release-windows-ix86+x86_64 1.5.3 16.00 96.00 112.00 OK
r-release-osx-x86_64 1.5.3 OK
r-oldrel-windows-ix86+x86_64 1.5.3 13.00 82.00 95.00 OK
r-oldrel-osx-x86_64 1.5.3 OK

Check Details

Version: 1.5.3
Check: compiled code
Result: NOTE
    File ‘lqmm/libs/lqmm.so’:
     Found no calls to: ‘R_registerRoutines’, ‘R_useDynamicSymbols’
    
    It is good practice to register native routines and to disable symbol
    search.
    
    See ‘Writing portable packages’ in the ‘Writing R Extensions’ manual.
Flavors: r-devel-linux-x86_64-debian-clang, r-devel-linux-x86_64-debian-gcc, r-devel-linux-x86_64-fedora-clang, r-devel-linux-x86_64-fedora-gcc, r-patched-linux-x86_64, r-release-linux-x86_64

Version: 1.5.3
Check: whether package can be installed
Result: WARN
    Found the following significant warnings:
     Note: break may be used in wrong context: no loop is visible
Flavors: r-devel-linux-x86_64-fedora-clang, r-devel-linux-x86_64-fedora-gcc