CRAN Package Check Results for Package lqmm

Last updated on 2017-03-27 05:47:58.

Flavor Version Tinstall Tcheck Ttotal Status Flags
r-devel-linux-x86_64-debian-clang 1.5.3 1.88 34.67 36.55 NOTE
r-devel-linux-x86_64-debian-gcc 1.5.3 1.81 33.78 35.59 NOTE
r-devel-linux-x86_64-fedora-clang 1.5.3 67.44 NOTE --no-stop-on-test-error
r-devel-linux-x86_64-fedora-gcc 1.5.3 67.65 NOTE --no-stop-on-test-error
r-devel-macos-x86_64-clang 1.5.3 48.80 NOTE --no-stop-on-test-error
r-devel-windows-ix86+x86_64 1.5.3 9.00 96.00 105.00 OK
r-patched-linux-x86_64 1.5.3 1.84 33.31 35.15 NOTE
r-patched-solaris-sparc 1.5.3 367.10 OK
r-patched-solaris-x86 1.5.3 80.70 OK
r-release-linux-x86_64 1.5.3 1.58 27.80 29.38 OK
r-release-osx-x86_64-mavericks 1.5.3 OK
r-release-windows-ix86+x86_64 1.5.3 12.00 67.00 79.00 OK
r-oldrel-windows-ix86+x86_64 1.5.3 10.00 65.00 75.00 OK

Check Details

Version: 1.5.3
Check: compiled code
Result: NOTE
    File ‘lqmm/libs/lqmm.so’:
     Found no calls to: ‘R_registerRoutines’, ‘R_useDynamicSymbols’
    
    It is good practice to register native routines and to disable symbol
    search.
    
    See ‘Writing portable packages’ in the ‘Writing R Extensions’ manual.
Flavors: r-devel-linux-x86_64-debian-clang, r-devel-linux-x86_64-debian-gcc, r-patched-linux-x86_64

Version: 1.5.3
Flags: --no-stop-on-test-error
Check: compiled code
Result: NOTE
    File ‘lqmm/libs/lqmm.so’:
     Found no calls to: ‘R_registerRoutines’, ‘R_useDynamicSymbols’
    
    It is good practice to register native routines and to disable symbol
    search.
    
    See ‘Writing portable packages’ in the ‘Writing R Extensions’ manual.
Flavors: r-devel-linux-x86_64-fedora-clang, r-devel-linux-x86_64-fedora-gcc, r-devel-macos-x86_64-clang