CRAN Package Check Results for Package lqmm

Last updated on 2017-08-18 17:47:48.

Flavor Version Tinstall Tcheck Ttotal Status Flags
r-devel-linux-x86_64-debian-clang 1.5.3 1.82 34.79 36.60 NOTE
r-devel-linux-x86_64-debian-gcc 1.5.3 1.98 33.95 35.92 NOTE
r-devel-linux-x86_64-fedora-clang 1.5.3 71.38 NOTE
r-devel-linux-x86_64-fedora-gcc 1.5.3 67.71 NOTE
r-devel-windows-ix86+x86_64 1.5.3 9.00 73.00 82.00 OK
r-patched-linux-x86_64 1.5.3 1.94 33.68 35.61 NOTE
r-patched-solaris-x86 1.5.3 79.60 OK
r-release-linux-x86_64 1.5.3 1.83 34.14 35.97 NOTE
r-release-windows-ix86+x86_64 1.5.3 13.00 108.00 121.00 OK
r-release-osx-x86_64 1.5.3 OK
r-oldrel-windows-ix86+x86_64 1.5.3 7.00 88.00 95.00 OK
r-oldrel-osx-x86_64 1.5.3 OK

Check Details

Version: 1.5.3
Check: compiled code
Result: NOTE
    File ‘lqmm/libs/lqmm.so’:
     Found no calls to: ‘R_registerRoutines’, ‘R_useDynamicSymbols’
    
    It is good practice to register native routines and to disable symbol
    search.
    
    See ‘Writing portable packages’ in the ‘Writing R Extensions’ manual.
Flavors: r-devel-linux-x86_64-debian-clang, r-devel-linux-x86_64-debian-gcc, r-devel-linux-x86_64-fedora-clang, r-devel-linux-x86_64-fedora-gcc, r-patched-linux-x86_64, r-release-linux-x86_64