CRAN Package Check Results for Package lqmm

Last updated on 2017-02-22 23:54:02.

Flavor Version Tinstall Tcheck Ttotal Status Flags
r-devel-linux-x86_64-debian-clang 1.5.3 1.88 32.84 34.72 NOTE
r-devel-linux-x86_64-debian-gcc 1.5.3 1.72 33.06 34.78 NOTE
r-devel-linux-x86_64-fedora-clang 1.5.3 73.68 NOTE --no-stop-on-test-error
r-devel-linux-x86_64-fedora-gcc 1.5.3 68.70 NOTE --no-stop-on-test-error
r-devel-macos-x86_64-clang 1.5.3 48.91 NOTE --no-stop-on-test-error
r-devel-windows-ix86+x86_64 1.5.3 11.00 99.00 110.00 OK
r-patched-linux-x86_64 1.5.3 1.76 27.69 29.45 OK
r-patched-solaris-sparc 1.5.3 325.80 OK
r-patched-solaris-x86 1.5.3 63.40 OK
r-release-linux-x86_64 1.5.3 1.64 27.49 29.13 OK
r-release-osx-x86_64-mavericks 1.5.3 OK
r-release-windows-ix86+x86_64 1.5.3 12.00 87.00 99.00 OK
r-oldrel-windows-ix86+x86_64 1.5.3 13.00 61.00 74.00 OK

Check Details

Version: 1.5.3
Check: compiled code
Result: NOTE
    File ‘lqmm/libs/lqmm.so’:
     Found no calls to: ‘R_registerRoutines’, ‘R_useDynamicSymbols’
    
    It is good practice to register native routines and to disable symbol
    search.
    
    See ‘Writing portable packages’ in the ‘Writing R Extensions’ manual.
Flavors: r-devel-linux-x86_64-debian-clang, r-devel-linux-x86_64-debian-gcc

Version: 1.5.3
Flags: --no-stop-on-test-error
Check: compiled code
Result: NOTE
    File ‘lqmm/libs/lqmm.so’:
     Found no calls to: ‘R_registerRoutines’, ‘R_useDynamicSymbols’
    
    It is good practice to register native routines and to disable symbol
    search.
    
    See ‘Writing portable packages’ in the ‘Writing R Extensions’ manual.
Flavors: r-devel-linux-x86_64-fedora-clang, r-devel-linux-x86_64-fedora-gcc, r-devel-macos-x86_64-clang