CRAN Package Check Results for Package lqmm

Last updated on 2017-12-13 23:14:27 CET.

Flavor Version Tinstall Tcheck Ttotal Status Flags
r-devel-linux-x86_64-debian-clang 1.5.3 2.65 29.42 32.07 FAIL
r-devel-linux-x86_64-debian-gcc 1.5.3 2.13 25.68 27.81 FAIL
r-devel-linux-x86_64-fedora-clang 1.5.3 63.52 NOTE
r-devel-linux-x86_64-fedora-gcc 1.5.3 63.74 NOTE
r-devel-windows-ix86+x86_64 1.5.3 14.00 76.00 90.00 OK
r-patched-linux-x86_64 1.5.3 2.13 52.14 54.27 NOTE
r-patched-solaris-x86 1.5.3 76.70 OK
r-release-linux-x86_64 1.5.3 2.41 53.21 55.62 NOTE
r-release-windows-ix86+x86_64 1.5.3 8.00 113.00 121.00 OK
r-release-osx-x86_64 1.5.3 OK
r-oldrel-windows-ix86+x86_64 1.5.3 13.00 85.00 98.00 OK
r-oldrel-osx-x86_64 1.5.3 OK

Check Details

Version: 1.5.3
Check: pragmas in C/C++ headers and code
Result: FAIL
    
Flavors: r-devel-linux-x86_64-debian-clang, r-devel-linux-x86_64-debian-gcc

Version: 1.5.3
Check: compiled code
Result: NOTE
    File ‘lqmm/libs/lqmm.so’:
     Found no calls to: ‘R_registerRoutines’, ‘R_useDynamicSymbols’
    
    It is good practice to register native routines and to disable symbol
    search.
    
    See ‘Writing portable packages’ in the ‘Writing R Extensions’ manual.
Flavors: r-devel-linux-x86_64-fedora-clang, r-devel-linux-x86_64-fedora-gcc, r-patched-linux-x86_64, r-release-linux-x86_64