CRAN Package Check Results for Package lqmm

Last updated on 2015-03-05 12:48:03.

Flavor Version Tinstall Tcheck Ttotal Status Flags
r-devel-linux-x86_64-debian-clang 1.5.1 1.60 24.41 26.01 NOTE
r-devel-linux-x86_64-debian-gcc 1.5.1 1.66 24.44 26.10 NOTE
r-devel-linux-x86_64-fedora-clang 1.5.1 51.73 NOTE
r-devel-linux-x86_64-fedora-gcc 1.5.1 46.94 NOTE
r-devel-osx-x86_64-clang 1.5.1 50.91 NOTE
r-devel-windows-ix86+x86_64 1.5.1 8.00 48.00 56.00 NOTE
r-patched-linux-x86_64 1.5.1 1.76 28.37 30.12 OK
r-patched-solaris-sparc 1.5.1 322.00 OK
r-patched-solaris-x86 1.5.1 72.00 OK
r-release-linux-ix86 1.5.1 2.30 40.04 42.34 OK
r-release-linux-x86_64 1.5.1 2.10 27.85 29.95 OK
r-release-osx-x86_64-mavericks 1.5.1 OK
r-release-osx-x86_64-snowleopard 1.5.1 OK
r-release-windows-ix86+x86_64 1.5.1 9.00 54.00 63.00 OK
r-oldrel-windows-ix86+x86_64 1.5.1 8.00 52.00 60.00 OK

Check Details

Version: 1.5.1
Check: DESCRIPTION meta-information
Result: NOTE
    Malformed Description field: should contain one or more complete sentences.
Flavors: r-devel-linux-x86_64-debian-clang, r-devel-linux-x86_64-debian-gcc, r-devel-linux-x86_64-fedora-clang, r-devel-linux-x86_64-fedora-gcc, r-devel-osx-x86_64-clang, r-devel-windows-ix86+x86_64

Version: 1.5.1
Check: S3 generic/method consistency
Result: NOTE
    Found the following apparent S3 methods exported but not registered:
     coef.lqm.counts predict.lqm.counts print.lqm.counts
     residuals.lqm.counts
    See section ‘Registering S3 methods’ in the ‘Writing R Extensions’
    manual.
Flavors: r-devel-linux-x86_64-debian-clang, r-devel-linux-x86_64-debian-gcc, r-devel-linux-x86_64-fedora-clang, r-devel-linux-x86_64-fedora-gcc, r-devel-osx-x86_64-clang