CRAN Package Check Results for Package lqmm

Last updated on 2015-01-26 19:48:25.

Flavor Version Tinstall Tcheck Ttotal Status Flags
r-devel-linux-x86_64-debian-clang 1.5.1 1.59 24.65 26.24 OK
r-devel-linux-x86_64-debian-gcc 1.5.1 1.55 24.58 26.14 OK
r-devel-linux-x86_64-fedora-clang 1.5.1 56.50 NOTE
r-devel-linux-x86_64-fedora-gcc 1.5.1 54.38 NOTE
r-devel-osx-x86_64-clang 1.5.1 50.10 NOTE
r-devel-windows-ix86+x86_64 1.5.1 11.00 46.00 57.00 OK
r-patched-linux-x86_64 1.5.1 1.90 26.98 28.89 OK
r-patched-solaris-sparc 1.5.1 308.10 OK
r-patched-solaris-x86 1.5.1 72.10 OK
r-release-linux-ix86 1.5.1 2.30 34.50 36.80 OK
r-release-linux-x86_64 1.5.1 1.71 29.27 30.98 OK
r-release-osx-x86_64-mavericks 1.5.1 OK
r-release-osx-x86_64-snowleopard 1.5.1 OK
r-release-windows-ix86+x86_64 1.5.1 8.00 54.00 62.00 OK
r-oldrel-windows-ix86+x86_64 1.5.1 13.00 58.00 71.00 OK

Check Details

Version: 1.5.1
Check: S3 generic/method consistency
Result: NOTE
    Found the following apparent S3 methods exported but not registered:
     print.lqm.counts coef.lqm.counts predict.lqm.counts
     residuals.lqm.counts
    See section ‘Registering S3 methods’ in the ‘Writing R Extensions’
    manual.
Flavors: r-devel-linux-x86_64-fedora-clang, r-devel-linux-x86_64-fedora-gcc, r-devel-osx-x86_64-clang