CRAN Package Check Results for Package lqmm

Last updated on 2015-07-03 09:47:02.

Flavor Version Tinstall Tcheck Ttotal Status Flags
r-devel-linux-x86_64-debian-clang 1.5.1 1.48 25.15 26.63 NOTE
r-devel-linux-x86_64-debian-gcc 1.5.1 1.51 23.60 25.12 NOTE
r-devel-linux-x86_64-fedora-clang 1.5.1 49.30 NOTE
r-devel-linux-x86_64-fedora-gcc 1.5.1 46.55 NOTE
r-devel-osx-x86_64-clang 1.5.1 46.05 NOTE
r-devel-windows-ix86+x86_64 1.5.1 8.00 52.00 60.00 NOTE
r-patched-linux-x86_64 1.5.1 1.60 24.02 25.62 NOTE
r-patched-solaris-sparc 1.5.1 316.30 NOTE
r-patched-solaris-x86 1.5.1 62.90 NOTE
r-release-linux-x86_64 1.5.1 1.59 25.01 26.60 NOTE
r-release-osx-x86_64-mavericks 1.5.1 NOTE
r-release-windows-ix86+x86_64 1.5.1 8.00 55.00 63.00 NOTE
r-oldrel-windows-ix86+x86_64 1.5.1 8.00 55.00 63.00 OK

Check Details

Version: 1.5.1
Check: DESCRIPTION meta-information
Result: NOTE
    Malformed Description field: should contain one or more complete sentences.
Flavors: r-devel-linux-x86_64-debian-clang, r-devel-linux-x86_64-debian-gcc, r-devel-linux-x86_64-fedora-clang, r-devel-linux-x86_64-fedora-gcc, r-devel-osx-x86_64-clang, r-devel-windows-ix86+x86_64, r-patched-linux-x86_64, r-patched-solaris-sparc, r-patched-solaris-x86, r-release-linux-x86_64, r-release-osx-x86_64-mavericks, r-release-windows-ix86+x86_64

Version: 1.5.1
Check: S3 generic/method consistency
Result: NOTE
    Found the following apparent S3 methods exported but not registered:
     coef.lqm.counts predict.lqm.counts print.lqm.counts
     residuals.lqm.counts
    See section ‘Registering S3 methods’ in the ‘Writing R Extensions’
    manual.
Flavors: r-devel-linux-x86_64-debian-clang, r-devel-linux-x86_64-debian-gcc, r-devel-linux-x86_64-fedora-clang, r-devel-linux-x86_64-fedora-gcc, r-devel-osx-x86_64-clang, r-patched-linux-x86_64, r-patched-solaris-sparc, r-patched-solaris-x86, r-release-linux-x86_64

Version: 1.5.1
Check: R code for possible problems
Result: NOTE
    .onAttach: no visible global function definition for
     ‘packageDescription’
    addnoise: no visible global function definition for ‘runif’
    boot: no visible global function definition for ‘runif’
    boot.lqm: no visible global function definition for ‘runif’
    boot.lqm: no visible global function definition for ‘lm.wfit’
    boot.lqmm: no visible global function definition for ‘runif’
    boot.lqmm: no visible global function definition for ‘lm.wfit’
    lqm: no visible global function definition for ‘model.response’
    lqm: no visible global function definition for ‘model.weights’
    lqm: no visible global function definition for ‘model.matrix’
    lqm: no visible global function definition for ‘sd’
    lqm: no visible global function definition for ‘lm.wfit’
    lqm: no visible global function definition for ‘.getXlevels’
    lqm.counts: no visible global function definition for ‘model.response’
    lqm.counts: no visible global function definition for ‘model.weights’
    lqm.counts: no visible global function definition for ‘model.matrix’
    lqm.counts: no visible global function definition for ‘sd’
    lqm.counts: no visible global function definition for ‘glm.fit’
    lqm.counts: Error while checking: invalid ‘envir’ argument
    lqm.fit.gs: no visible global function definition for ‘lm.fit’
    lqm.fit.gs: no visible global function definition for ‘sd’
    lqm.fit.gs: no visible global function definition for ‘weighted.mean’
    lqmm: no visible binding for global variable ‘na.fail’
    lqmm: no visible global function definition for ‘asOneSidedFormula’
    lqmm: no visible global function definition for ‘contrasts<-’
    lqmm: no visible global function definition for ‘model.frame’
    lqmm: no visible global function definition for ‘model.matrix’
    lqmm: no visible global function definition for ‘model.weights’
    lqmm: no visible global function definition for ‘sd’
    lqmm: no visible global function definition for ‘lm.wfit’
    lqmm.fit.df: no visible global function definition for ‘optim’
    lqmm.fit.df: no visible global function definition for ‘optimize’
    lqmm.fit.gs: no visible global function definition for ‘sd’
    lqmm.fit.gs: no visible global function definition for ‘optimize’
    mleAL: no visible global function definition for ‘quantile’
    predict.lqm: no visible binding for global variable ‘na.pass’
    predict.lqm : qrow : <anonymous>: no visible global function definition
     for ‘quantile’
    predict.lqm: no visible global function definition for ‘terms’
    predict.lqm: no visible global function definition for
     ‘delete.response’
    predict.lqm: no visible global function definition for ‘model.frame’
    predict.lqm: no visible global function definition for
     ‘.checkMFClasses’
    predict.lqm: no visible global function definition for ‘model.matrix’
    predict.lqm.counts: no visible binding for global variable ‘na.pass’
    predict.lqm.counts: no visible global function definition for ‘terms’
    predict.lqm.counts: no visible global function definition for
     ‘delete.response’
    predict.lqm.counts: no visible global function definition for
     ‘model.frame’
    predict.lqm.counts: no visible global function definition for
     ‘.checkMFClasses’
    predict.lqm.counts: no visible global function definition for
     ‘model.matrix’
    print.lqm.counts: no visible global function definition for
     ‘printCoefmat’
    print.summary.lqm: no visible global function definition for
     ‘printCoefmat’
    print.summary.lqmm: no visible global function definition for
     ‘printCoefmat’
    ral: no visible global function definition for ‘runif’
    summary.boot.lqm: no visible global function definition for ‘cov’
    summary.boot.lqm: no visible global function definition for ‘qt’
    summary.boot.lqm: no visible global function definition for ‘pt’
    summary.boot.lqm: no visible global function definition for
     ‘printCoefmat’
    summary.boot.lqm : <anonymous>: no visible global function definition
     for ‘cov’
    summary.boot.lqmm: no visible global function definition for ‘cov’
    summary.boot.lqmm: no visible global function definition for ‘pt’
    summary.boot.lqmm: no visible global function definition for ‘qt’
    summary.boot.lqmm: no visible global function definition for
     ‘printCoefmat’
    summary.boot.lqmm : <anonymous>: no visible global function definition
     for ‘cov’
    summary.lqm: no visible global function definition for ‘cov’
    summary.lqm: no visible global function definition for ‘pt’
    summary.lqm: no visible global function definition for ‘qt’
    summary.lqm : <anonymous>: no visible global function definition for
     ‘cov’
    summary.lqmm: no visible global function definition for ‘AIC’
    summary.lqmm: no visible global function definition for
     ‘update.formula’
    summary.lqmm: no visible global function definition for ‘as.formula’
    summary.lqmm: no visible global function definition for ‘update’
    summary.lqmm: no visible global function definition for ‘pchisq’
    summary.lqmm: no visible global function definition for ‘cov’
    summary.lqmm: no visible global function definition for ‘pt’
    summary.lqmm: no visible global function definition for ‘qt’
    summary.lqmm : <anonymous>: no visible global function definition for
     ‘cov’
    Undefined global functions or variables:
     .checkMFClasses .getXlevels AIC as.formula asOneSidedFormula
     contrasts<- cov delete.response glm.fit lm.fit lm.wfit model.frame
     model.matrix model.response model.weights na.fail na.pass optim
     optimize packageDescription pchisq printCoefmat pt qt quantile runif
     sd terms update update.formula weighted.mean
Flavors: r-devel-linux-x86_64-debian-clang, r-devel-linux-x86_64-debian-gcc, r-devel-linux-x86_64-fedora-clang, r-devel-linux-x86_64-fedora-gcc, r-devel-windows-ix86+x86_64