CRAN Package Check Results for Package lrstat

Last updated on 2024-02-28 21:49:50 CET.

Flavor Version Tinstall Tcheck Ttotal Status Flags
r-devel-linux-x86_64-debian-clang 0.2.2 138.26 201.97 340.23 OK
r-devel-linux-x86_64-debian-gcc 0.2.2 107.96 150.96 258.92 OK
r-devel-linux-x86_64-fedora-clang 0.2.3 541.36 OK
r-devel-linux-x86_64-fedora-gcc 0.2.3 740.29 OK
r-devel-windows-x86_64 0.2.2 81.00 274.00 355.00 OK
r-patched-linux-x86_64 0.2.2 118.07 194.69 312.76 OK
r-release-linux-x86_64 0.2.2 123.86 193.40 317.26 OK
r-release-macos-arm64 0.2.2 144.00 NOTE
r-release-macos-x86_64 0.2.3 306.00 NOTE
r-release-windows-x86_64 0.2.2 80.00 310.00 390.00 OK
r-oldrel-macos-arm64 0.2.2 122.00 NOTE
r-oldrel-windows-x86_64 0.2.3 103.00 363.00 466.00 OK

Additional issues

M1mac noLD

Check Details

Version: 0.2.2
Check: installed package size
Result: NOTE installed size is 16.2Mb sub-directories of 1Mb or more: libs 15.6Mb Flavors: r-release-macos-arm64, r-oldrel-macos-arm64

Version: 0.2.3
Check: installed package size
Result: NOTE installed size is 31.0Mb sub-directories of 1Mb or more: libs 29.2Mb Flavor: r-release-macos-x86_64