CRAN Package Check Results for Package lsa

Last updated on 2015-07-30 03:48:22.

Flavor Version Tinstall Tcheck Ttotal Status Flags
r-devel-linux-x86_64-debian-clang 0.73.1 1.02 16.30 17.32 NOTE
r-devel-linux-x86_64-debian-gcc 0.73.1 1.00 16.41 17.41 NOTE
r-devel-linux-x86_64-fedora-clang 0.73.1 33.45 NOTE
r-devel-linux-x86_64-fedora-gcc 0.73.1 32.28 NOTE
r-devel-osx-x86_64-clang 0.73.1 29.03 NOTE
r-devel-windows-ix86+x86_64 0.73.1 4.00 48.00 52.00 NOTE
r-patched-linux-x86_64 0.73.1 1.34 16.22 17.56 NOTE
r-patched-solaris-sparc 0.73.1 200.10 NOTE
r-patched-solaris-x86 0.73.1 47.00 NOTE
r-release-linux-x86_64 0.73.1 0.98 16.74 17.72 NOTE
r-release-osx-x86_64-mavericks 0.73.1 NOTE
r-release-windows-ix86+x86_64 0.73.1 7.00 29.00 36.00 NOTE
r-oldrel-windows-ix86+x86_64 0.73.1 7.00 30.00 37.00 NOTE

Check Details

Version: 0.73.1
Check: R code for possible problems
Result: NOTE
    associate: no visible global function definition for ‘cor’
    textmatrix: no visible global function definition for ‘xtabs’
    textvector: no visible global function definition for ‘data’
    Undefined global functions or variables:
     cor data xtabs
    Consider adding
     importFrom("stats", "cor", "xtabs")
     importFrom("utils", "data")
    to your NAMESPACE.
Flavors: r-devel-linux-x86_64-debian-clang, r-devel-linux-x86_64-debian-gcc, r-devel-linux-x86_64-fedora-clang, r-devel-linux-x86_64-fedora-gcc, r-devel-windows-ix86+x86_64

Version: 0.73.1
Check: data for non-ASCII characters
Result: NOTE
     Note: found 143 marked Latin-1 strings
     Note: found 833 marked UTF-8 strings
Flavors: r-devel-linux-x86_64-debian-clang, r-devel-linux-x86_64-debian-gcc, r-devel-linux-x86_64-fedora-clang, r-devel-linux-x86_64-fedora-gcc, r-devel-osx-x86_64-clang, r-devel-windows-ix86+x86_64, r-patched-linux-x86_64, r-patched-solaris-sparc, r-patched-solaris-x86, r-release-linux-x86_64, r-release-osx-x86_64-mavericks, r-release-windows-ix86+x86_64, r-oldrel-windows-ix86+x86_64