CRAN Package Check Results for Package lsa

Last updated on 2015-01-31 13:48:26.

Flavor Version Tinstall Tcheck Ttotal Status Flags
r-devel-linux-x86_64-debian-clang 0.73 1.00 15.92 16.91 NOTE
r-devel-linux-x86_64-debian-gcc 0.73 1.00 15.71 16.71 NOTE
r-devel-linux-x86_64-fedora-clang 0.73 37.19 NOTE
r-devel-linux-x86_64-fedora-gcc 0.73 36.01 NOTE
r-devel-osx-x86_64-clang 0.73 36.65 NOTE
r-devel-windows-ix86+x86_64 0.73 6.00 27.00 33.00 NOTE
r-patched-linux-x86_64 0.73 1.65 17.23 18.88 NOTE
r-patched-solaris-sparc 0.73 192.40 NOTE
r-patched-solaris-x86 0.73 52.00 NOTE
r-release-linux-ix86 0.73 1.51 22.68 24.19 NOTE
r-release-linux-x86_64 0.73 1.11 17.13 18.24 NOTE
r-release-osx-x86_64-mavericks 0.73 NOTE
r-release-osx-x86_64-snowleopard 0.73 NOTE
r-release-windows-ix86+x86_64 0.73 5.00 28.00 33.00 NOTE
r-oldrel-windows-ix86+x86_64 0.73 4.00 27.00 31.00 NOTE

Check Details

Version: 0.73
Check: S3 generic/method consistency
Result: NOTE
    Found the following apparent S3 methods exported but not registered:
     print.textmatrix summary.textmatrix
    See section ‘Registering S3 methods’ in the ‘Writing R Extensions’
    manual.
Flavors: r-devel-linux-x86_64-debian-clang, r-devel-linux-x86_64-debian-gcc, r-devel-linux-x86_64-fedora-clang, r-devel-linux-x86_64-fedora-gcc, r-devel-osx-x86_64-clang

Version: 0.73
Check: data for non-ASCII characters
Result: NOTE
     Note: found 143 marked Latin-1 strings
     Note: found 833 marked UTF-8 strings
Flavors: r-devel-linux-x86_64-debian-clang, r-devel-linux-x86_64-debian-gcc, r-devel-linux-x86_64-fedora-clang, r-devel-linux-x86_64-fedora-gcc, r-devel-osx-x86_64-clang, r-devel-windows-ix86+x86_64, r-patched-linux-x86_64, r-patched-solaris-sparc, r-patched-solaris-x86, r-release-linux-ix86, r-release-linux-x86_64, r-release-osx-x86_64-mavericks, r-release-osx-x86_64-snowleopard, r-release-windows-ix86+x86_64, r-oldrel-windows-ix86+x86_64