CRAN Package Check Results for Package lsa

Last updated on 2019-06-25 09:50:50 CEST.

Flavor Version Tinstall Tcheck Ttotal Status Flags
r-devel-linux-x86_64-debian-clang 0.73.1 3.20 30.97 34.17 NOTE
r-devel-linux-x86_64-debian-gcc 0.73.1 2.17 26.16 28.33 NOTE
r-devel-linux-x86_64-fedora-clang 0.73.1 41.79 NOTE
r-devel-linux-x86_64-fedora-gcc 0.73.1 41.55 NOTE
r-devel-windows-ix86+x86_64 0.73.1 10.00 51.00 61.00 NOTE
r-patched-linux-x86_64 0.73.1 3.34 31.47 34.81 NOTE
r-patched-solaris-x86 0.73.1 67.20 NOTE
r-release-linux-x86_64 0.73.1 3.25 31.27 34.52 NOTE
r-release-windows-ix86+x86_64 0.73.1 8.00 68.00 76.00 NOTE
r-release-osx-x86_64 0.73.1 NOTE
r-oldrel-windows-ix86+x86_64 0.73.1 5.00 47.00 52.00 NOTE
r-oldrel-osx-x86_64 0.73.1 NOTE

Check Details

Version: 0.73.1
Check: R code for possible problems
Result: NOTE
    associate: no visible global function definition for 'cor'
    textmatrix: no visible global function definition for 'xtabs'
    textvector: no visible global function definition for 'data'
    Undefined global functions or variables:
     cor data xtabs
    Consider adding
     importFrom("stats", "cor", "xtabs")
     importFrom("utils", "data")
    to your NAMESPACE file.
Flavors: r-devel-linux-x86_64-debian-clang, r-devel-linux-x86_64-debian-gcc, r-devel-linux-x86_64-fedora-clang, r-devel-linux-x86_64-fedora-gcc, r-devel-windows-ix86+x86_64, r-patched-linux-x86_64, r-patched-solaris-x86, r-release-linux-x86_64, r-release-windows-ix86+x86_64, r-release-osx-x86_64, r-oldrel-windows-ix86+x86_64, r-oldrel-osx-x86_64

Version: 0.73.1
Check: data for non-ASCII characters
Result: NOTE
     Note: found 143 marked Latin-1 strings
     Note: found 833 marked UTF-8 strings
Flavors: r-devel-linux-x86_64-fedora-clang, r-devel-linux-x86_64-fedora-gcc, r-patched-solaris-x86, r-release-osx-x86_64, r-oldrel-osx-x86_64