CRAN Package Check Results for Package lsa

Last updated on 2017-10-22 20:47:19.

Flavor Version Tinstall Tcheck Ttotal Status Flags
r-devel-linux-x86_64-debian-clang 0.73.1 1.09 19.98 21.07 NOTE
r-devel-linux-x86_64-debian-gcc 0.73.1 0.91 22.64 23.55 NOTE
r-devel-linux-x86_64-fedora-clang 0.73.1 39.32 NOTE
r-devel-linux-x86_64-fedora-gcc 0.73.1 36.33 NOTE
r-devel-windows-ix86+x86_64 0.73.1 5.00 56.00 61.00 NOTE
r-patched-linux-x86_64 0.73.1 1.12 21.08 22.21 NOTE
r-patched-solaris-x86 0.73.1 55.90 NOTE
r-release-linux-x86_64 0.73.1 1.09 21.37 22.46 NOTE
r-release-windows-ix86+x86_64 0.73.1 6.00 56.00 62.00 NOTE
r-release-osx-x86_64 0.73.1 NOTE
r-oldrel-windows-ix86+x86_64 0.73.1 3.00 55.00 58.00 NOTE
r-oldrel-osx-x86_64 0.73.1 NOTE

Check Details

Version: 0.73.1
Check: R code for possible problems
Result: NOTE
    associate: no visible global function definition for ‘cor’
    textmatrix: no visible global function definition for ‘xtabs’
    textvector: no visible global function definition for ‘data’
    Undefined global functions or variables:
     cor data xtabs
    Consider adding
     importFrom("stats", "cor", "xtabs")
     importFrom("utils", "data")
    to your NAMESPACE file.
Flavors: r-devel-linux-x86_64-debian-clang, r-devel-linux-x86_64-debian-gcc, r-devel-linux-x86_64-fedora-clang, r-devel-linux-x86_64-fedora-gcc, r-devel-windows-ix86+x86_64, r-patched-linux-x86_64, r-patched-solaris-x86, r-release-linux-x86_64, r-release-windows-ix86+x86_64, r-release-osx-x86_64, r-oldrel-windows-ix86+x86_64, r-oldrel-osx-x86_64

Version: 0.73.1
Check: data for non-ASCII characters
Result: NOTE
     Note: found 143 marked Latin-1 strings
     Note: found 833 marked UTF-8 strings
Flavors: r-devel-linux-x86_64-fedora-clang, r-devel-linux-x86_64-fedora-gcc, r-patched-solaris-x86, r-release-osx-x86_64, r-oldrel-osx-x86_64