CRAN Package Check Results for Package lsa

Last updated on 2016-09-26 11:51:38.

Flavor Version Tinstall Tcheck Ttotal Status Flags
r-devel-linux-x86_64-debian-clang 0.73.1 0.97 16.76 17.73 NOTE
r-devel-linux-x86_64-debian-gcc 0.73.1 0.98 16.69 17.67 NOTE
r-devel-linux-x86_64-fedora-clang 0.73.1 30.61 NOTE
r-devel-linux-x86_64-fedora-gcc 0.73.1 28.52 NOTE
r-devel-macos-x86_64-clang 0.73.1 26.29 NOTE
r-devel-windows-ix86+x86_64 0.73.1 7.00 49.00 56.00 NOTE
r-patched-linux-x86_64 0.73.1 1.00 16.93 17.94 NOTE
r-patched-solaris-sparc 0.73.1 186.80 NOTE
r-patched-solaris-x86 0.73.1 41.70 NOTE
r-release-linux-x86_64 0.73.1 1.01 17.00 18.01 NOTE
r-release-osx-x86_64-mavericks 0.73.1 NOTE
r-release-windows-ix86+x86_64 0.73.1 5.00 41.00 46.00 NOTE
r-oldrel-windows-ix86+x86_64 0.73.1 7.00 47.00 54.00 NOTE

Check Details

Version: 0.73.1
Check: R code for possible problems
Result: NOTE
    associate: no visible global function definition for ‘cor’
    textmatrix: no visible global function definition for ‘xtabs’
    textvector: no visible global function definition for ‘data’
    Undefined global functions or variables:
     cor data xtabs
    Consider adding
     importFrom("stats", "cor", "xtabs")
     importFrom("utils", "data")
    to your NAMESPACE file.
Flavors: r-devel-linux-x86_64-debian-clang, r-devel-linux-x86_64-debian-gcc, r-devel-linux-x86_64-fedora-clang, r-devel-linux-x86_64-fedora-gcc, r-devel-macos-x86_64-clang, r-devel-windows-ix86+x86_64, r-patched-linux-x86_64, r-patched-solaris-sparc, r-patched-solaris-x86, r-release-linux-x86_64, r-release-osx-x86_64-mavericks, r-release-windows-ix86+x86_64

Version: 0.73.1
Check: data for non-ASCII characters
Result: NOTE
     Note: found 143 marked Latin-1 strings
     Note: found 833 marked UTF-8 strings
Flavors: r-devel-linux-x86_64-fedora-clang, r-devel-linux-x86_64-fedora-gcc, r-devel-macos-x86_64-clang, r-patched-solaris-sparc, r-patched-solaris-x86, r-release-osx-x86_64-mavericks, r-oldrel-windows-ix86+x86_64