CRAN Package Check Results for Package lsa

Last updated on 2014-08-23 13:47:59.

Flavor Version Tinstall Tcheck Ttotal Status Flags
r-devel-linux-x86_64-debian-clang 0.73 1.04 16.56 17.60 NOTE
r-devel-linux-x86_64-debian-gcc 0.73 1.23 16.36 17.60 NOTE
r-devel-linux-x86_64-fedora-clang 0.73 35.58 NOTE
r-devel-linux-x86_64-fedora-gcc 0.73 33.62 NOTE
r-devel-osx-x86_64-clang 0.73 36.69 NOTE
r-devel-windows-ix86+x86_64 0.73 4.00 29.00 33.00 NOTE
r-patched-linux-x86_64 0.73 1.05 16.96 18.01 NOTE
r-patched-solaris-sparc 0.73 190.60 NOTE
r-patched-solaris-x86 0.73 53.50 NOTE
r-release-linux-ix86 0.73 1.54 22.61 24.16 NOTE
r-release-linux-x86_64 0.73 1.08 16.91 17.99 NOTE
r-release-osx-x86_64-mavericks 0.73 NOTE
r-release-osx-x86_64-snowleopard 0.73 NOTE
r-release-windows-ix86+x86_64 0.73 6.00 38.00 44.00 NOTE
r-oldrel-windows-ix86+x86_64 0.73 4.00 29.00 33.00 NOTE

Check Details

Version: 0.73
Check: data for non-ASCII characters
Result: NOTE
     Note: found 143 marked Latin-1 strings
     Note: found 833 marked UTF-8 strings
Flavors: r-devel-linux-x86_64-debian-clang, r-devel-linux-x86_64-debian-gcc, r-devel-linux-x86_64-fedora-clang, r-devel-linux-x86_64-fedora-gcc, r-devel-osx-x86_64-clang, r-devel-windows-ix86+x86_64, r-patched-linux-x86_64, r-patched-solaris-sparc, r-patched-solaris-x86, r-release-linux-ix86, r-release-linux-x86_64, r-release-osx-x86_64-mavericks, r-release-osx-x86_64-snowleopard, r-release-windows-ix86+x86_64, r-oldrel-windows-ix86+x86_64