CRAN Package Check Results for Package lsa

Last updated on 2017-05-23 08:49:04.

Flavor Version Tinstall Tcheck Ttotal Status Flags
r-devel-linux-x86_64-debian-clang 0.73.1 1.08 22.66 23.74 NOTE
r-devel-linux-x86_64-debian-gcc 0.73.1 1.03 23.52 24.55 NOTE
r-devel-linux-x86_64-fedora-clang 0.73.1 36.27 NOTE --no-stop-on-test-error
r-devel-linux-x86_64-fedora-gcc 0.73.1 34.45 NOTE --no-stop-on-test-error
r-devel-windows-ix86+x86_64 0.73.1 6.00 45.00 51.00 NOTE
r-patched-linux-x86_64 0.73.1 1.04 22.48 23.52 NOTE
r-patched-solaris-sparc 0.73.1 206.50 NOTE
r-patched-solaris-x86 0.73.1 54.40 NOTE
r-release-linux-x86_64 0.73.1 1.08 20.45 21.53 NOTE
r-release-windows-ix86+x86_64 0.73.1 4.00 56.00 60.00 NOTE
r-release-osx-x86_64 0.73.1 NOTE
r-oldrel-windows-ix86+x86_64 0.73.1 4.00 60.00 64.00 NOTE
r-oldrel-osx-x86_64 0.73.1 NOTE

Check Details

Version: 0.73.1
Check: R code for possible problems
Result: NOTE
    associate: no visible global function definition for ‘cor’
    textmatrix: no visible global function definition for ‘xtabs’
    textvector: no visible global function definition for ‘data’
    Undefined global functions or variables:
     cor data xtabs
    Consider adding
     importFrom("stats", "cor", "xtabs")
     importFrom("utils", "data")
    to your NAMESPACE file.
Flavors: r-devel-linux-x86_64-debian-clang, r-devel-linux-x86_64-debian-gcc, r-devel-windows-ix86+x86_64, r-patched-linux-x86_64, r-patched-solaris-sparc, r-patched-solaris-x86, r-release-linux-x86_64, r-release-windows-ix86+x86_64, r-release-osx-x86_64, r-oldrel-windows-ix86+x86_64, r-oldrel-osx-x86_64

Version: 0.73.1
Flags: --no-stop-on-test-error
Check: R code for possible problems
Result: NOTE
    associate: no visible global function definition for ‘cor’
    textmatrix: no visible global function definition for ‘xtabs’
    textvector: no visible global function definition for ‘data’
    Undefined global functions or variables:
     cor data xtabs
    Consider adding
     importFrom("stats", "cor", "xtabs")
     importFrom("utils", "data")
    to your NAMESPACE file.
Flavors: r-devel-linux-x86_64-fedora-clang, r-devel-linux-x86_64-fedora-gcc

Version: 0.73.1
Flags: --no-stop-on-test-error
Check: data for non-ASCII characters
Result: NOTE
     Note: found 143 marked Latin-1 strings
     Note: found 833 marked UTF-8 strings
Flavors: r-devel-linux-x86_64-fedora-clang, r-devel-linux-x86_64-fedora-gcc

Version: 0.73.1
Check: data for non-ASCII characters
Result: NOTE
     Note: found 143 marked Latin-1 strings
     Note: found 833 marked UTF-8 strings
Flavors: r-patched-solaris-sparc, r-patched-solaris-x86, r-release-osx-x86_64, r-oldrel-osx-x86_64