CRAN Package Check Results for Package lsa

Last updated on 2016-05-03 23:46:54.

Flavor Version Tinstall Tcheck Ttotal Status Flags
r-devel-linux-x86_64-debian-gcc 0.73.1 1.02 16.83 17.85 NOTE
r-devel-linux-x86_64-fedora-clang 0.73.1 31.33 NOTE
r-devel-linux-x86_64-fedora-gcc 0.73.1 28.38 NOTE
r-devel-osx-x86_64-clang 0.73.1 35.63 NOTE
r-devel-windows-ix86+x86_64 0.73.1 4.00 39.00 43.00 NOTE
r-patched-linux-x86_64 0.73.1 1.00 16.71 17.71 NOTE
r-patched-solaris-sparc 0.73.1 182.60 NOTE
r-patched-solaris-x86 0.73.1 42.90 NOTE
r-release-linux-x86_64 0.73.1 1.13 17.69 18.82 NOTE
r-release-osx-x86_64-mavericks 0.73.1 NOTE
r-release-windows-ix86+x86_64 0.73.1 4.00 36.00 40.00 NOTE
r-oldrel-windows-ix86+x86_64 0.73.1 6.00 36.00 42.00 NOTE

Check Details

Version: 0.73.1
Check: R code for possible problems
Result: NOTE
    associate: no visible global function definition for ‘cor’
    textmatrix: no visible global function definition for ‘xtabs’
    textvector: no visible global function definition for ‘data’
    Undefined global functions or variables:
     cor data xtabs
    Consider adding
     importFrom("stats", "cor", "xtabs")
     importFrom("utils", "data")
    to your NAMESPACE file.
Flavors: r-devel-linux-x86_64-debian-gcc, r-devel-linux-x86_64-fedora-clang, r-devel-linux-x86_64-fedora-gcc, r-devel-osx-x86_64-clang, r-devel-windows-ix86+x86_64, r-patched-linux-x86_64, r-patched-solaris-sparc, r-patched-solaris-x86

Version: 0.73.1
Check: data for non-ASCII characters
Result: NOTE
     Note: found 143 marked Latin-1 strings
     Note: found 833 marked UTF-8 strings
Flavors: r-devel-linux-x86_64-fedora-clang, r-devel-linux-x86_64-fedora-gcc, r-devel-osx-x86_64-clang, r-patched-solaris-sparc, r-patched-solaris-x86, r-release-linux-x86_64, r-release-osx-x86_64-mavericks, r-release-windows-ix86+x86_64, r-oldrel-windows-ix86+x86_64