CRAN Package Check Results for Package lsa

Last updated on 2017-02-22 23:54:02.

Flavor Version Tinstall Tcheck Ttotal Status Flags
r-devel-linux-x86_64-debian-clang 0.73.1 1.12 20.68 21.79 NOTE
r-devel-linux-x86_64-debian-gcc 0.73.1 1.12 20.25 21.36 NOTE
r-devel-linux-x86_64-fedora-clang 0.73.1 38.07 NOTE --no-stop-on-test-error
r-devel-linux-x86_64-fedora-gcc 0.73.1 34.80 NOTE --no-stop-on-test-error
r-devel-macos-x86_64-clang 0.73.1 31.22 NOTE --no-stop-on-test-error
r-devel-windows-ix86+x86_64 0.73.1 5.00 56.00 61.00 NOTE
r-patched-linux-x86_64 0.73.1 1.04 16.38 17.42 NOTE
r-patched-solaris-sparc 0.73.1 187.40 NOTE
r-patched-solaris-x86 0.73.1 44.20 NOTE
r-release-linux-x86_64 0.73.1 0.98 16.35 17.33 NOTE
r-release-osx-x86_64-mavericks 0.73.1 NOTE
r-release-windows-ix86+x86_64 0.73.1 5.00 51.00 56.00 NOTE
r-oldrel-windows-ix86+x86_64 0.73.1 6.00 36.00 42.00 NOTE

Check Details

Version: 0.73.1
Check: R code for possible problems
Result: NOTE
    associate: no visible global function definition for ‘cor’
    textmatrix: no visible global function definition for ‘xtabs’
    textvector: no visible global function definition for ‘data’
    Undefined global functions or variables:
     cor data xtabs
    Consider adding
     importFrom("stats", "cor", "xtabs")
     importFrom("utils", "data")
    to your NAMESPACE file.
Flavors: r-devel-linux-x86_64-debian-clang, r-devel-linux-x86_64-debian-gcc, r-devel-windows-ix86+x86_64, r-patched-linux-x86_64, r-patched-solaris-sparc, r-patched-solaris-x86, r-release-linux-x86_64, r-release-osx-x86_64-mavericks, r-release-windows-ix86+x86_64

Version: 0.73.1
Flags: --no-stop-on-test-error
Check: R code for possible problems
Result: NOTE
    associate: no visible global function definition for ‘cor’
    textmatrix: no visible global function definition for ‘xtabs’
    textvector: no visible global function definition for ‘data’
    Undefined global functions or variables:
     cor data xtabs
    Consider adding
     importFrom("stats", "cor", "xtabs")
     importFrom("utils", "data")
    to your NAMESPACE file.
Flavors: r-devel-linux-x86_64-fedora-clang, r-devel-linux-x86_64-fedora-gcc, r-devel-macos-x86_64-clang

Version: 0.73.1
Flags: --no-stop-on-test-error
Check: data for non-ASCII characters
Result: NOTE
     Note: found 143 marked Latin-1 strings
     Note: found 833 marked UTF-8 strings
Flavors: r-devel-linux-x86_64-fedora-clang, r-devel-linux-x86_64-fedora-gcc, r-devel-macos-x86_64-clang

Version: 0.73.1
Check: data for non-ASCII characters
Result: NOTE
     Note: found 143 marked Latin-1 strings
     Note: found 833 marked UTF-8 strings
Flavors: r-patched-solaris-sparc, r-patched-solaris-x86, r-release-osx-x86_64-mavericks, r-oldrel-windows-ix86+x86_64