CRAN Package Check Results for Package lsa

Last updated on 2014-07-30 22:47:26.

Flavor Version Tinstall Tcheck Ttotal Status Flags
r-devel-linux-x86_64-debian-clang 0.73 1.08 19.26 20.34 NOTE
r-devel-linux-x86_64-debian-gcc 0.73 1.06 16.52 17.59 NOTE
r-devel-linux-x86_64-fedora-clang 0.73 37.47 NOTE
r-devel-linux-x86_64-fedora-gcc 0.73 33.85 NOTE
r-devel-osx-x86_64-clang 0.73 36.81 NOTE
r-devel-windows-ix86+x86_64 0.73 4.00 27.00 31.00 NOTE
r-patched-linux-x86_64 0.73 1.13 16.72 17.85 NOTE
r-patched-solaris-sparc 0.73 190.60 NOTE
r-patched-solaris-x86 0.73 51.80 NOTE
r-release-linux-ix86 0.73 1.54 22.57 24.10 NOTE
r-release-linux-x86_64 0.73 1.59 17.39 18.98 NOTE
r-release-osx-x86_64-mavericks 0.73 NOTE
r-release-osx-x86_64-snowleopard 0.73 NOTE
r-release-windows-ix86+x86_64 0.73 4.00 28.00 32.00 NOTE
r-oldrel-windows-ix86+x86_64 0.73 7.00 37.00 44.00 NOTE

Check Details

Version: 0.73
Check: data for non-ASCII characters
Result: NOTE
     Note: found 143 marked Latin-1 strings
     Note: found 833 marked UTF-8 strings
Flavors: r-devel-linux-x86_64-debian-clang, r-devel-linux-x86_64-debian-gcc, r-devel-linux-x86_64-fedora-clang, r-devel-linux-x86_64-fedora-gcc, r-devel-osx-x86_64-clang, r-devel-windows-ix86+x86_64, r-patched-linux-x86_64, r-patched-solaris-sparc, r-patched-solaris-x86, r-release-linux-ix86, r-release-linux-x86_64, r-release-osx-x86_64-mavericks, r-release-osx-x86_64-snowleopard, r-release-windows-ix86+x86_64, r-oldrel-windows-ix86+x86_64