CRAN Package Check Results for Package lsa

Last updated on 2016-06-24 23:47:35.

Flavor Version Tinstall Tcheck Ttotal Status Flags
r-devel-linux-x86_64-debian-gcc 0.73.1 1.00 17.28 18.28 NOTE
r-devel-linux-x86_64-fedora-clang 0.73.1 29.78 NOTE
r-devel-linux-x86_64-fedora-gcc 0.73.1 28.27 NOTE
r-devel-osx-x86_64-clang 0.73.1 26.61 NOTE
r-devel-windows-ix86+x86_64 0.73.1 4.00 38.00 42.00 NOTE
r-patched-linux-x86_64 0.73.1 1.02 16.07 17.08 NOTE
r-patched-solaris-x86 0.73.1 42.40 NOTE
r-release-linux-x86_64 0.73.1 1.13 17.21 18.34 NOTE
r-release-osx-x86_64-mavericks 0.73.1 NOTE
r-release-windows-ix86+x86_64 0.73.1 5.00 57.00 62.00 NOTE
r-oldrel-windows-ix86+x86_64 0.73.1 5.00 57.00 62.00 NOTE

Check Details

Version: 0.73.1
Check: R code for possible problems
Result: NOTE
    associate: no visible global function definition for ‘cor’
    textmatrix: no visible global function definition for ‘xtabs’
    textvector: no visible global function definition for ‘data’
    Undefined global functions or variables:
     cor data xtabs
    Consider adding
     importFrom("stats", "cor", "xtabs")
     importFrom("utils", "data")
    to your NAMESPACE file.
Flavors: r-devel-linux-x86_64-debian-gcc, r-devel-linux-x86_64-fedora-clang, r-devel-linux-x86_64-fedora-gcc, r-devel-osx-x86_64-clang, r-devel-windows-ix86+x86_64, r-patched-linux-x86_64, r-patched-solaris-sparc, r-patched-solaris-x86, r-release-linux-x86_64, r-release-osx-x86_64-mavericks, r-release-windows-ix86+x86_64

Version: 0.73.1
Check: data for non-ASCII characters
Result: NOTE
     Note: found 143 marked Latin-1 strings
     Note: found 833 marked UTF-8 strings
Flavors: r-devel-linux-x86_64-fedora-clang, r-devel-linux-x86_64-fedora-gcc, r-devel-osx-x86_64-clang, r-patched-solaris-sparc, r-patched-solaris-x86, r-release-osx-x86_64-mavericks, r-oldrel-windows-ix86+x86_64