CRAN Package Check Results for Package lsa

Last updated on 2016-08-26 12:49:09.

Flavor Version Tinstall Tcheck Ttotal Status Flags
r-devel-linux-x86_64-debian-clang 0.73.1 0.98 16.55 17.53 NOTE
r-devel-linux-x86_64-debian-gcc 0.73.1 1.41 20.82 22.23 NOTE
r-devel-linux-x86_64-fedora-clang 0.73.1 30.27 NOTE
r-devel-linux-x86_64-fedora-gcc 0.73.1 28.91 NOTE
r-devel-osx-x86_64-clang 0.73.1 26.88 NOTE
r-devel-windows-ix86+x86_64 0.73.1 6.00 53.00 59.00 NOTE
r-patched-linux-x86_64 0.73.1 1.05 16.83 17.88 NOTE
r-patched-solaris-sparc 0.73.1 186.80 NOTE
r-patched-solaris-x86 0.73.1 41.80 NOTE
r-release-linux-x86_64 0.73.1 1.18 17.35 18.53 NOTE
r-release-osx-x86_64-mavericks 0.73.1 NOTE
r-release-windows-ix86+x86_64 0.73.1 6.00 48.00 54.00 NOTE
r-oldrel-windows-ix86+x86_64 0.73.1 7.00 47.00 54.00 NOTE

Check Details

Version: 0.73.1
Check: R code for possible problems
Result: NOTE
    associate: no visible global function definition for ‘cor’
    textmatrix: no visible global function definition for ‘xtabs’
    textvector: no visible global function definition for ‘data’
    Undefined global functions or variables:
     cor data xtabs
    Consider adding
     importFrom("stats", "cor", "xtabs")
     importFrom("utils", "data")
    to your NAMESPACE file.
Flavors: r-devel-linux-x86_64-debian-clang, r-devel-linux-x86_64-debian-gcc, r-devel-linux-x86_64-fedora-clang, r-devel-linux-x86_64-fedora-gcc, r-devel-osx-x86_64-clang, r-devel-windows-ix86+x86_64, r-patched-linux-x86_64, r-patched-solaris-sparc, r-patched-solaris-x86, r-release-linux-x86_64, r-release-osx-x86_64-mavericks, r-release-windows-ix86+x86_64

Version: 0.73.1
Check: data for non-ASCII characters
Result: NOTE
     Note: found 143 marked Latin-1 strings
     Note: found 833 marked UTF-8 strings
Flavors: r-devel-linux-x86_64-fedora-clang, r-devel-linux-x86_64-fedora-gcc, r-devel-osx-x86_64-clang, r-patched-solaris-sparc, r-patched-solaris-x86, r-release-osx-x86_64-mavericks, r-oldrel-windows-ix86+x86_64