CRAN Package Check Results for Package lsa

Last updated on 2015-03-28 16:47:14.

Flavor Version Tinstall Tcheck Ttotal Status Flags
r-devel-linux-x86_64-debian-clang 0.73 1.08 15.96 17.04 NOTE
r-devel-linux-x86_64-debian-gcc 0.73 1.02 16.10 17.13 NOTE
r-devel-linux-x86_64-fedora-clang 0.73 35.10 NOTE
r-devel-linux-x86_64-fedora-gcc 0.73 34.90 NOTE
r-devel-osx-x86_64-clang 0.73 36.58 NOTE
r-prerel-windows-ix86+x86_64 0.73 4.00 29.00 33.00 NOTE
r-prerel-linux-x86_64 0.73 1.45 15.95 17.40 NOTE
r-prerel-solaris-sparc 0.73 189.10 NOTE
r-prerel-solaris-x86 0.73 45.40 NOTE
r-release-linux-x86_64 0.73 1.20 17.87 19.06 NOTE
r-release-osx-x86_64-mavericks 0.73 NOTE
r-release-osx-x86_64-snowleopard 0.73 NOTE
r-release-windows-ix86+x86_64 0.73 4.00 31.00 35.00 NOTE
r-oldrel-windows-ix86+x86_64 0.73 4.00 29.00 33.00 NOTE

Check Details

Version: 0.73
Check: S3 generic/method consistency
Result: NOTE
    Found the following apparent S3 methods exported but not registered:
     print.textmatrix summary.textmatrix
    See section ‘Registering S3 methods’ in the ‘Writing R Extensions’
    manual.
Flavors: r-devel-linux-x86_64-debian-clang, r-devel-linux-x86_64-debian-gcc, r-devel-linux-x86_64-fedora-clang, r-devel-linux-x86_64-fedora-gcc, r-devel-osx-x86_64-clang, r-prerel-linux-x86_64

Version: 0.73
Check: data for non-ASCII characters
Result: NOTE
     Note: found 143 marked Latin-1 strings
     Note: found 833 marked UTF-8 strings
Flavors: r-devel-linux-x86_64-debian-clang, r-devel-linux-x86_64-debian-gcc, r-devel-linux-x86_64-fedora-clang, r-devel-linux-x86_64-fedora-gcc, r-devel-osx-x86_64-clang, r-prerel-windows-ix86+x86_64, r-prerel-linux-x86_64, r-prerel-solaris-sparc, r-prerel-solaris-x86, r-release-linux-x86_64, r-release-osx-x86_64-mavericks, r-release-osx-x86_64-snowleopard, r-release-windows-ix86+x86_64, r-oldrel-windows-ix86+x86_64