CRAN Package Check Results for Package lsa

Last updated on 2017-12-18 10:47:20 CET.

Flavor Version Tinstall Tcheck Ttotal Status Flags
r-devel-linux-x86_64-debian-clang 0.73.1 1.41 28.78 30.19 NOTE
r-devel-linux-x86_64-debian-gcc 0.73.1 1.24 25.38 26.62 NOTE
r-devel-linux-x86_64-fedora-clang 0.73.1 39.97 NOTE
r-devel-linux-x86_64-fedora-gcc 0.73.1 36.85 NOTE
r-devel-windows-ix86+x86_64 0.73.1 4.00 42.00 46.00 NOTE
r-patched-linux-x86_64 0.73.1 1.46 31.06 32.52 NOTE
r-patched-solaris-x86 0.73.1 51.70 NOTE
r-release-linux-x86_64 0.73.1 1.54 28.90 30.44 NOTE
r-release-windows-ix86+x86_64 0.73.1 4.00 41.00 45.00 NOTE
r-release-osx-x86_64 0.73.1 NOTE
r-oldrel-windows-ix86+x86_64 0.73.1 6.00 51.00 57.00 NOTE
r-oldrel-osx-x86_64 0.73.1 NOTE

Check Details

Version: 0.73.1
Check: R code for possible problems
Result: NOTE
    associate: no visible global function definition for ‘cor’
    textmatrix: no visible global function definition for ‘xtabs’
    textvector: no visible global function definition for ‘data’
    Undefined global functions or variables:
     cor data xtabs
    Consider adding
     importFrom("stats", "cor", "xtabs")
     importFrom("utils", "data")
    to your NAMESPACE file.
Flavors: r-devel-linux-x86_64-debian-clang, r-devel-linux-x86_64-debian-gcc, r-devel-linux-x86_64-fedora-clang, r-devel-linux-x86_64-fedora-gcc, r-devel-windows-ix86+x86_64, r-patched-linux-x86_64, r-patched-solaris-x86, r-release-linux-x86_64, r-release-windows-ix86+x86_64, r-release-osx-x86_64, r-oldrel-windows-ix86+x86_64, r-oldrel-osx-x86_64

Version: 0.73.1
Check: data for non-ASCII characters
Result: NOTE
     Note: found 143 marked Latin-1 strings
     Note: found 833 marked UTF-8 strings
Flavors: r-devel-linux-x86_64-fedora-clang, r-devel-linux-x86_64-fedora-gcc, r-patched-solaris-x86, r-release-osx-x86_64, r-oldrel-osx-x86_64