CRAN Package Check Results for Package lsa

Last updated on 2014-09-02 20:48:53.

Flavor Version Tinstall Tcheck Ttotal Status Flags
r-devel-linux-x86_64-debian-clang 0.73 1.05 16.17 17.22 NOTE
r-devel-linux-x86_64-debian-gcc 0.73 1.54 16.41 17.94 NOTE
r-devel-linux-x86_64-fedora-clang 0.73 34.63 NOTE
r-devel-linux-x86_64-fedora-gcc 0.73 32.18 NOTE
r-devel-osx-x86_64-clang 0.73 35.31 NOTE
r-devel-windows-ix86+x86_64 0.73 4.00 31.00 35.00 NOTE
r-patched-linux-x86_64 0.73 1.06 17.13 18.19 NOTE
r-patched-solaris-sparc 0.73 190.60 NOTE
r-patched-solaris-x86 0.73 51.40 NOTE
r-release-linux-ix86 0.73 1.56 22.68 24.24 NOTE
r-release-linux-x86_64 0.73 1.09 17.19 18.28 NOTE
r-release-osx-x86_64-mavericks 0.73 NOTE
r-release-osx-x86_64-snowleopard 0.73 NOTE
r-release-windows-ix86+x86_64 0.73 4.00 31.00 35.00 NOTE
r-oldrel-windows-ix86+x86_64 0.73 5.00 27.00 32.00 NOTE

Check Details

Version: 0.73
Check: data for non-ASCII characters
Result: NOTE
     Note: found 143 marked Latin-1 strings
     Note: found 833 marked UTF-8 strings
Flavors: r-devel-linux-x86_64-debian-clang, r-devel-linux-x86_64-debian-gcc, r-devel-linux-x86_64-fedora-clang, r-devel-linux-x86_64-fedora-gcc, r-devel-osx-x86_64-clang, r-devel-windows-ix86+x86_64, r-patched-linux-x86_64, r-patched-solaris-sparc, r-patched-solaris-x86, r-release-linux-ix86, r-release-linux-x86_64, r-release-osx-x86_64-mavericks, r-release-osx-x86_64-snowleopard, r-release-windows-ix86+x86_64, r-oldrel-windows-ix86+x86_64