CRAN Package Check Results for Package lsa

Last updated on 2019-04-21 14:49:45 CEST.

Flavor Version Tinstall Tcheck Ttotal Status Flags
r-devel-linux-x86_64-debian-clang 0.73.1 3.43 31.68 35.11 NOTE
r-devel-linux-x86_64-debian-gcc 0.73.1 2.65 26.11 28.76 NOTE
r-devel-linux-x86_64-fedora-clang 0.73.1 41.74 NOTE
r-devel-linux-x86_64-fedora-gcc 0.73.1 40.93 NOTE
r-devel-windows-ix86+x86_64 0.73.1 10.00 49.00 59.00 NOTE
r-patched-linux-x86_64 0.73.1 3.33 31.69 35.02 NOTE
r-patched-solaris-x86 0.73.1 65.40 NOTE
r-release-linux-x86_64 0.73.1 2.83 30.03 32.86 NOTE
r-release-windows-ix86+x86_64 0.73.1 4.00 59.00 63.00 NOTE
r-release-osx-x86_64 0.73.1 NOTE
r-oldrel-windows-ix86+x86_64 0.73.1 4.00 61.00 65.00 NOTE
r-oldrel-osx-x86_64 0.73.1 NOTE

Check Details

Version: 0.73.1
Check: R code for possible problems
Result: NOTE
    associate: no visible global function definition for 'cor'
    textmatrix: no visible global function definition for 'xtabs'
    textvector: no visible global function definition for 'data'
    Undefined global functions or variables:
     cor data xtabs
    Consider adding
     importFrom("stats", "cor", "xtabs")
     importFrom("utils", "data")
    to your NAMESPACE file.
Flavors: r-devel-linux-x86_64-debian-clang, r-devel-linux-x86_64-debian-gcc, r-devel-linux-x86_64-fedora-clang, r-devel-linux-x86_64-fedora-gcc, r-devel-windows-ix86+x86_64, r-patched-linux-x86_64, r-patched-solaris-x86, r-release-linux-x86_64, r-release-windows-ix86+x86_64, r-release-osx-x86_64, r-oldrel-windows-ix86+x86_64, r-oldrel-osx-x86_64

Version: 0.73.1
Check: data for non-ASCII characters
Result: NOTE
     Note: found 143 marked Latin-1 strings
     Note: found 833 marked UTF-8 strings
Flavors: r-devel-linux-x86_64-fedora-clang, r-devel-linux-x86_64-fedora-gcc, r-patched-solaris-x86, r-release-osx-x86_64, r-oldrel-osx-x86_64