CRAN Package Check Results for Package lsa

Last updated on 2016-12-05 17:49:23.

Flavor Version Tinstall Tcheck Ttotal Status Flags
r-devel-linux-x86_64-debian-clang 0.73.1 1.06 19.91 20.97 NOTE
r-devel-linux-x86_64-debian-gcc 0.73.1 1.14 20.49 21.62 NOTE
r-devel-linux-x86_64-fedora-clang 0.73.1 38.28 NOTE --no-stop-on-test-error
r-devel-linux-x86_64-fedora-gcc 0.73.1 36.50 NOTE --no-stop-on-test-error
r-devel-macos-x86_64-clang 0.73.1 31.84 NOTE
r-devel-windows-ix86+x86_64 0.73.1 4.00 43.00 47.00 NOTE
r-patched-linux-x86_64 0.73.1 0.98 16.56 17.54 NOTE
r-patched-solaris-sparc 0.73.1 186.80 NOTE
r-patched-solaris-x86 0.73.1 41.60 NOTE
r-release-linux-x86_64 0.73.1 1.00 16.70 17.69 NOTE
r-release-osx-x86_64-mavericks 0.73.1 NOTE
r-release-windows-ix86+x86_64 0.73.1 6.00 53.00 59.00 NOTE
r-oldrel-windows-ix86+x86_64 0.73.1 10.00 50.00 60.00 NOTE

Check Details

Version: 0.73.1
Check: R code for possible problems
Result: NOTE
    associate: no visible global function definition for ‘cor’
    textmatrix: no visible global function definition for ‘xtabs’
    textvector: no visible global function definition for ‘data’
    Undefined global functions or variables:
     cor data xtabs
    Consider adding
     importFrom("stats", "cor", "xtabs")
     importFrom("utils", "data")
    to your NAMESPACE file.
Flavors: r-devel-linux-x86_64-debian-clang, r-devel-linux-x86_64-debian-gcc, r-devel-macos-x86_64-clang, r-devel-windows-ix86+x86_64, r-patched-linux-x86_64, r-patched-solaris-sparc, r-patched-solaris-x86, r-release-linux-x86_64, r-release-osx-x86_64-mavericks, r-release-windows-ix86+x86_64

Version: 0.73.1
Flags: --no-stop-on-test-error
Check: R code for possible problems
Result: NOTE
    associate: no visible global function definition for ‘cor’
    textmatrix: no visible global function definition for ‘xtabs’
    textvector: no visible global function definition for ‘data’
    Undefined global functions or variables:
     cor data xtabs
    Consider adding
     importFrom("stats", "cor", "xtabs")
     importFrom("utils", "data")
    to your NAMESPACE file.
Flavors: r-devel-linux-x86_64-fedora-clang, r-devel-linux-x86_64-fedora-gcc

Version: 0.73.1
Flags: --no-stop-on-test-error
Check: data for non-ASCII characters
Result: NOTE
     Note: found 143 marked Latin-1 strings
     Note: found 833 marked UTF-8 strings
Flavors: r-devel-linux-x86_64-fedora-clang, r-devel-linux-x86_64-fedora-gcc

Version: 0.73.1
Check: data for non-ASCII characters
Result: NOTE
     Note: found 143 marked Latin-1 strings
     Note: found 833 marked UTF-8 strings
Flavors: r-devel-macos-x86_64-clang, r-patched-solaris-sparc, r-patched-solaris-x86, r-release-osx-x86_64-mavericks, r-oldrel-windows-ix86+x86_64