CRAN Package Check Results for Package lsa

Last updated on 2014-04-25 05:47:18.

Flavor Version Tinstall Tcheck Ttotal Status Flags
r-devel-linux-x86_64-debian-clang 0.73 1.24 17.82 19.06 NOTE
r-devel-linux-x86_64-debian-gcc 0.73 1.28 17.34 18.62 NOTE
r-devel-linux-x86_64-fedora-clang 0.73 35.14 NOTE
r-devel-linux-x86_64-fedora-gcc 0.73 35.00 NOTE
r-devel-osx-x86_64-clang 0.73 33.87 NOTE
r-devel-osx-x86_64-gcc 0.73 NOTE
r-devel-windows-ix86+x86_64 0.73 3.00 29.00 32.00 NOTE
r-patched-linux-x86_64 0.73 1.20 18.09 19.29 NOTE
r-patched-solaris-sparc 0.73 178.00 NOTE
r-patched-solaris-x86 0.73 50.20 NOTE
r-release-linux-ix86 0.73 3.00 33.00 36.00 NOTE
r-release-linux-x86_64 0.73 1.22 17.31 18.54 NOTE
r-release-osx-x86_64-mavericks 0.73 WARN
r-release-osx-x86_64-snowleopard 0.73 NOTE
r-release-windows-ix86+x86_64 0.73 3.00 28.00 31.00 NOTE
r-oldrel-windows-ix86+x86_64 0.73 4.00 28.00 32.00 NOTE

Check Details

Version: 0.73
Check: data for non-ASCII characters
Result: NOTE
     Note: found 143 marked Latin-1 strings
     Note: found 833 marked UTF-8 strings
Flavors: r-devel-linux-x86_64-debian-clang, r-devel-linux-x86_64-debian-gcc, r-devel-linux-x86_64-fedora-clang, r-devel-linux-x86_64-fedora-gcc, r-devel-osx-x86_64-clang, r-devel-osx-x86_64-gcc, r-devel-windows-ix86+x86_64, r-patched-linux-x86_64, r-patched-solaris-sparc, r-patched-solaris-x86, r-release-linux-ix86, r-release-linux-x86_64, r-release-osx-x86_64-mavericks, r-release-osx-x86_64-snowleopard, r-release-windows-ix86+x86_64, r-oldrel-windows-ix86+x86_64

Version: 0.73
Check: package dependencies
Result: NOTE
    Package suggested but not available for checking: ‘tm’
Flavor: r-devel-osx-x86_64-gcc

Version: 0.73
Check: PDF version of manual
Result: WARNING
    LaTeX errors when creating PDF version.
    This typically indicates Rd problems.
    LaTeX errors found:
    ! LaTeX Error: File `upquote.sty' not found.
    
    Type X to quit or <RETURN> to proceed,
    or enter new name. (Default extension: sty)
    
    /private/tmp/RtmpSsNiNS/Rd2pdf796952a12f33/Rd2.tex:8: ==> Fatal error occurred
    , no output PDF file produced!
Flavor: r-release-osx-x86_64-mavericks