CRAN Package Check Results for Package lsa

Last updated on 2015-05-28 15:47:32.

Flavor Version Tinstall Tcheck Ttotal Status Flags
r-devel-linux-x86_64-debian-clang 0.73.1 1.17 17.66 18.83 NOTE
r-devel-linux-x86_64-debian-gcc 0.73.1 1.39 16.55 17.94 NOTE
r-devel-linux-x86_64-fedora-clang 0.73.1 33.05 NOTE
r-devel-linux-x86_64-fedora-gcc 0.73.1 30.33 NOTE
r-devel-osx-x86_64-clang 0.73.1 32.65 NOTE
r-devel-windows-ix86+x86_64 0.73.1 4.00 29.00 33.00 NOTE
r-patched-linux-x86_64 0.73.1 1.00 16.29 17.29 NOTE
r-patched-solaris-sparc 0.73.1 212.20 NOTE
r-patched-solaris-x86 0.73.1 47.20 NOTE
r-release-linux-x86_64 0.73.1 0.97 17.13 18.10 NOTE
r-release-osx-x86_64-mavericks 0.73.1 NOTE
r-release-osx-x86_64-snowleopard 0.73.1 NOTE
r-release-windows-ix86+x86_64 0.73.1 4.00 30.00 34.00 NOTE
r-oldrel-windows-ix86+x86_64 0.73.1 5.00 34.00 39.00 NOTE

Check Details

Version: 0.73.1
Check: data for non-ASCII characters
Result: NOTE
     Note: found 143 marked Latin-1 strings
     Note: found 833 marked UTF-8 strings
Flavors: r-devel-linux-x86_64-debian-clang, r-devel-linux-x86_64-debian-gcc, r-devel-linux-x86_64-fedora-clang, r-devel-linux-x86_64-fedora-gcc, r-devel-osx-x86_64-clang, r-devel-windows-ix86+x86_64, r-patched-linux-x86_64, r-patched-solaris-sparc, r-patched-solaris-x86, r-release-linux-x86_64, r-release-osx-x86_64-mavericks, r-release-osx-x86_64-snowleopard, r-release-windows-ix86+x86_64, r-oldrel-windows-ix86+x86_64