CRAN Package Check Results for Package lsa

Last updated on 2015-04-26 16:47:06.

Flavor Version Tinstall Tcheck Ttotal Status Flags
r-devel-linux-x86_64-debian-clang 0.73 1.40 16.46 17.86 NOTE
r-devel-linux-x86_64-debian-gcc 0.73 1.05 16.68 17.73 NOTE
r-devel-linux-x86_64-fedora-clang 0.73 32.83 NOTE
r-devel-linux-x86_64-fedora-gcc 0.73 32.40 NOTE
r-devel-osx-x86_64-clang 0.73 32.91 NOTE
r-devel-windows-ix86+x86_64 0.73 4.00 29.00 33.00 NOTE
r-patched-linux-x86_64 0.73 0.96 16.24 17.20 NOTE
r-patched-solaris-sparc 0.73 189.10 NOTE
r-patched-solaris-x86 0.73 46.30 NOTE
r-release-linux-x86_64 0.73 0.98 16.23 17.21 NOTE
r-release-osx-x86_64-mavericks 0.73 NOTE
r-release-osx-x86_64-snowleopard 0.73 NOTE
r-release-windows-ix86+x86_64 0.73 4.00 27.00 31.00 NOTE
r-oldrel-windows-ix86+x86_64 0.73 4.00 31.00 35.00 NOTE

Check Details

Version: 0.73
Check: S3 generic/method consistency
Result: NOTE
    Found the following apparent S3 methods exported but not registered:
     print.textmatrix summary.textmatrix
    See section ‘Registering S3 methods’ in the ‘Writing R Extensions’
    manual.
Flavors: r-devel-linux-x86_64-fedora-clang, r-devel-linux-x86_64-fedora-gcc, r-devel-osx-x86_64-clang, r-patched-solaris-x86

Version: 0.73
Check: data for non-ASCII characters
Result: NOTE
     Note: found 143 marked Latin-1 strings
     Note: found 833 marked UTF-8 strings
Flavors: r-devel-linux-x86_64-fedora-clang, r-devel-linux-x86_64-fedora-gcc, r-devel-osx-x86_64-clang, r-devel-windows-ix86+x86_64, r-patched-solaris-sparc, r-patched-solaris-x86, r-release-osx-x86_64-mavericks, r-release-windows-ix86+x86_64, r-oldrel-windows-ix86+x86_64