CRAN Package Check Results for Package lsl

Last updated on 2022-11-26 13:56:04 CET.

Flavor Version Tinstall Tcheck Ttotal Status Flags
r-devel-linux-x86_64-debian-clang 0.5.6 7.59 71.65 79.24 NOTE
r-devel-linux-x86_64-debian-gcc 0.5.6 6.78 53.59 60.37 NOTE
r-devel-linux-x86_64-fedora-clang 0.5.6 110.79 NOTE
r-devel-linux-x86_64-fedora-gcc 0.5.6 103.59 NOTE
r-devel-windows-x86_64 0.5.6 15.00 94.00 109.00 NOTE
r-patched-linux-x86_64 0.5.6 NOTE
r-release-linux-x86_64 0.5.6 7.72 67.90 75.62 NOTE
r-release-macos-arm64 0.5.6 31.00 NOTE
r-release-macos-x86_64 0.5.6 54.00 NOTE
r-release-windows-x86_64 0.5.6 22.00 97.00 119.00 NOTE
r-oldrel-macos-arm64 0.5.6 38.00 NOTE
r-oldrel-macos-x86_64 0.5.6 42.00 NOTE
r-oldrel-windows-ix86+x86_64 0.5.6 22.00 90.00 112.00 NOTE

Check Details

Version: 0.5.6
Check: LazyData
Result: NOTE
     'LazyData' is specified without a 'data' directory
Flavors: r-devel-linux-x86_64-debian-clang, r-devel-linux-x86_64-debian-gcc, r-devel-linux-x86_64-fedora-clang, r-devel-linux-x86_64-fedora-gcc, r-devel-windows-x86_64, r-patched-linux-x86_64, r-release-linux-x86_64, r-release-macos-arm64, r-release-macos-x86_64, r-release-windows-x86_64, r-oldrel-macos-arm64, r-oldrel-macos-x86_64, r-oldrel-windows-ix86+x86_64