CRAN Package Check Results for Package lsl

Last updated on 2023-12-10 21:49:18 CET.

Flavor Version Tinstall Tcheck Ttotal Status Flags
r-devel-linux-x86_64-debian-clang 0.5.6 7.42 64.70 72.12 NOTE
r-devel-linux-x86_64-debian-gcc 0.5.6 6.66 47.87 54.53 NOTE
r-devel-linux-x86_64-fedora-clang 0.5.6 87.80 NOTE
r-devel-linux-x86_64-fedora-gcc 0.5.6 85.02 NOTE
r-devel-windows-x86_64 0.5.6 8.00 68.00 76.00 NOTE
r-patched-linux-x86_64 0.5.6 7.52 61.50 69.02 NOTE
r-release-linux-x86_64 0.5.6 8.61 60.75 69.36 NOTE
r-release-macos-arm64 0.5.6 31.00 NOTE
r-release-macos-x86_64 0.5.6 47.00 NOTE
r-release-windows-x86_64 0.5.6 10.00 73.00 83.00 NOTE
r-oldrel-macos-arm64 0.5.6 31.00 NOTE
r-oldrel-macos-x86_64 0.5.6 54.00 NOTE
r-oldrel-windows-x86_64 0.5.6 12.00 78.00 90.00 NOTE

Check Details

Version: 0.5.6
Check: LazyData
Result: NOTE 'LazyData' is specified without a 'data' directory Flavors: r-devel-linux-x86_64-debian-clang, r-devel-linux-x86_64-debian-gcc, r-devel-linux-x86_64-fedora-clang, r-devel-linux-x86_64-fedora-gcc, r-devel-windows-x86_64, r-patched-linux-x86_64, r-release-linux-x86_64, r-release-macos-arm64, r-release-macos-x86_64, r-release-windows-x86_64, r-oldrel-macos-arm64, r-oldrel-macos-x86_64, r-oldrel-windows-x86_64