CRAN Package Check Results for Package lsm

Last updated on 2024-06-13 17:49:16 CEST.

Flavor Version Tinstall Tcheck Ttotal Status Flags
r-devel-linux-x86_64-debian-clang 0.2.1.4 5.18 52.68 57.86 OK
r-devel-linux-x86_64-debian-gcc 0.2.1.4 0.31 1.55 1.86 ERROR
r-devel-linux-x86_64-fedora-clang 0.2.1.4 77.38 OK
r-devel-linux-x86_64-fedora-gcc 0.2.1.4 70.94 OK
r-devel-windows-x86_64 0.2.1.4 7.00 76.00 83.00 OK
r-patched-linux-x86_64 0.2.1.4 7.29 50.03 57.32 OK
r-release-linux-x86_64 0.2.1.2 6.90 47.40 54.30 OK
r-release-macos-arm64 0.2.1.4 26.00 OK
r-release-macos-x86_64 0.2.1.4 70.00 OK
r-release-windows-x86_64 0.2.1.2 7.00 58.00 65.00 OK
r-oldrel-macos-arm64 0.2.1.4 30.00 OK
r-oldrel-macos-x86_64 0.2.1.4 48.00 OK
r-oldrel-windows-x86_64 0.2.1.4 9.00 71.00 80.00 OK

Check Details

Version: 0.2.1.4
Check: package dependencies
Result: ERROR Packages required but not available: 'dplyr', 'ggplot2' See section ‘The DESCRIPTION file’ in the ‘Writing R Extensions’ manual. Flavor: r-devel-linux-x86_64-debian-gcc