CRAN Package Check Results for Package lsmeans

Last updated on 2017-04-28 23:52:26.

Flavor Version Tinstall Tcheck Ttotal Status Flags
r-devel-linux-x86_64-debian-clang 2.25-5 6.55 81.99 88.54 NOTE
r-devel-linux-x86_64-debian-gcc 2.25-5 6.69 80.21 86.90 NOTE
r-devel-linux-x86_64-fedora-clang 2.25-5 197.20 NOTE --no-stop-on-test-error
r-devel-linux-x86_64-fedora-gcc 2.25-5 175.96 NOTE --no-stop-on-test-error
r-devel-windows-ix86+x86_64 2.25-5 23.00 196.00 219.00 NOTE
r-patched-linux-x86_64 2.25-5 6.44 81.31 87.75 NOTE
r-patched-solaris-sparc 2.25-5 976.20 NOTE
r-patched-solaris-x86 2.25-5 229.10 NOTE
r-release-linux-x86_64 2.25-5 6.77 83.44 90.21 NOTE
r-release-windows-ix86+x86_64 2.25-5 20.00 193.00 213.00 NOTE
r-release-osx-x86_64 2.25-5 NOTE
r-oldrel-windows-ix86+x86_64 2.25-5 20.00 129.00 149.00 NOTE
r-oldrel-osx-x86_64 2.25-5 NOTE

Check Details

Version: 2.25-5
Check: package dependencies
Result: NOTE
    Packages suggested but not available for checking: ‘glmmADMB’ ‘lme4.0’
Flavors: r-devel-linux-x86_64-debian-clang, r-devel-linux-x86_64-debian-gcc, r-patched-linux-x86_64, r-patched-solaris-sparc, r-patched-solaris-x86, r-release-linux-x86_64, r-release-osx-x86_64, r-oldrel-osx-x86_64

Version: 2.25-5
Flags: --no-stop-on-test-error
Check: package dependencies
Result: NOTE
    Packages suggested but not available for checking: ‘glmmADMB’ ‘lme4.0’
Flavors: r-devel-linux-x86_64-fedora-clang, r-devel-linux-x86_64-fedora-gcc

Version: 2.25-5
Check: package dependencies
Result: NOTE
    Package suggested but not available for checking: 'lme4.0'
Flavors: r-devel-windows-ix86+x86_64, r-release-windows-ix86+x86_64, r-oldrel-windows-ix86+x86_64