CRAN Package Check Results for Package lsmeans

Last updated on 2017-06-26 02:47:35.

Flavor Version Tinstall Tcheck Ttotal Status Flags
r-devel-linux-x86_64-debian-clang 2.26-3 6.73 82.88 89.61 NOTE
r-devel-linux-x86_64-debian-gcc 2.26-3 7.29 83.68 90.98 NOTE
r-devel-linux-x86_64-fedora-clang 2.26-3 175.43 NOTE
r-devel-linux-x86_64-fedora-gcc 2.26-3 176.42 NOTE
r-devel-windows-ix86+x86_64 2.26-3 20.00 137.00 157.00 NOTE
r-patched-linux-x86_64 2.26-3 7.13 80.05 87.18 NOTE
r-patched-solaris-sparc 2.26-3 978.10 NOTE
r-patched-solaris-x86 2.26-3 227.80 NOTE
r-release-linux-x86_64 2.26-3 6.83 85.02 91.85 NOTE
r-release-windows-ix86+x86_64 2.26-3 25.00 199.00 224.00 NOTE
r-release-osx-x86_64 2.26-3 NOTE
r-oldrel-windows-ix86+x86_64 2.26-3 14.00 185.00 199.00 NOTE
r-oldrel-osx-x86_64 2.26-3 NOTE

Check Details

Version: 2.26-3
Check: package dependencies
Result: NOTE
    Packages suggested but not available for checking: ‘glmmADMB’ ‘lme4.0’
Flavors: r-devel-linux-x86_64-debian-clang, r-devel-linux-x86_64-debian-gcc, r-devel-linux-x86_64-fedora-clang, r-devel-linux-x86_64-fedora-gcc, r-patched-linux-x86_64, r-patched-solaris-sparc, r-patched-solaris-x86, r-release-linux-x86_64, r-release-osx-x86_64, r-oldrel-osx-x86_64

Version: 2.26-3
Check: package dependencies
Result: NOTE
    Package suggested but not available for checking: 'lme4.0'
Flavors: r-devel-windows-ix86+x86_64, r-release-windows-ix86+x86_64, r-oldrel-windows-ix86+x86_64