CRAN Package Check Results for Package lsmeans

Last updated on 2017-12-13 20:48:42 CET.

Flavor Version Tinstall Tcheck Ttotal Status Flags
r-devel-linux-x86_64-debian-clang 2.27-61 9.55 120.54 130.09 NOTE
r-devel-linux-x86_64-debian-gcc 2.27-61 9.27 94.51 103.78 NOTE
r-devel-linux-x86_64-fedora-clang 2.27-61 153.12 NOTE
r-devel-linux-x86_64-fedora-gcc 2.27-61 156.77 NOTE
r-devel-windows-ix86+x86_64 2.27-61 22.00 188.00 210.00 OK
r-patched-linux-x86_64 2.27-61 9.48 127.54 137.02 NOTE
r-patched-solaris-x86 2.27-61 217.90 NOTE
r-release-linux-x86_64 2.27-61 8.85 127.88 136.73 NOTE
r-release-windows-ix86+x86_64 2.27-61 16.00 144.00 160.00 OK
r-release-osx-x86_64 2.27-61 NOTE
r-oldrel-windows-ix86+x86_64 2.27-61 15.00 175.00 190.00 OK
r-oldrel-osx-x86_64 2.27-61 NOTE

Check Details

Version: 2.27-61
Check: package dependencies
Result: NOTE
    Package suggested but not available for checking: ‘glmmADMB’
Flavors: r-devel-linux-x86_64-debian-clang, r-devel-linux-x86_64-debian-gcc, r-devel-linux-x86_64-fedora-clang, r-devel-linux-x86_64-fedora-gcc, r-patched-linux-x86_64, r-patched-solaris-x86, r-release-linux-x86_64, r-release-osx-x86_64, r-oldrel-osx-x86_64