CRAN Package Check Results for Package lsmeans

Last updated on 2015-07-08 05:47:43.

Flavor Version Tinstall Tcheck Ttotal Status Flags
r-devel-linux-x86_64-debian-clang 2.18 3.80 48.34 52.13 NOTE
r-devel-linux-x86_64-debian-gcc 2.18 3.71 47.07 50.78 NOTE
r-devel-linux-x86_64-fedora-clang 2.18 103.63 NOTE
r-devel-linux-x86_64-fedora-gcc 2.18 95.77 NOTE
r-devel-osx-x86_64-clang 2.18 90.30 NOTE
r-devel-windows-ix86+x86_64 2.18 11.00 78.00 89.00 NOTE
r-patched-linux-x86_64 2.18 3.62 48.68 52.29 NOTE
r-patched-solaris-sparc 2.18 539.70 NOTE
r-patched-solaris-x86 2.18 130.70 NOTE
r-release-linux-x86_64 2.18 3.65 46.87 50.52 NOTE
r-release-osx-x86_64-mavericks 2.18 NOTE
r-release-windows-ix86+x86_64 2.18 13.00 76.00 89.00 NOTE
r-oldrel-windows-ix86+x86_64 2.18 13.00 102.00 115.00 NOTE

Check Details

Version: 2.18
Check: package dependencies
Result: NOTE
    Packages suggested but not available for checking: ‘glmmADMB’ ‘lme4.0’
Flavors: r-devel-linux-x86_64-debian-clang, r-devel-linux-x86_64-debian-gcc, r-devel-linux-x86_64-fedora-clang, r-devel-linux-x86_64-fedora-gcc, r-devel-osx-x86_64-clang, r-devel-windows-ix86+x86_64, r-patched-linux-x86_64, r-patched-solaris-sparc, r-patched-solaris-x86, r-release-linux-x86_64, r-release-osx-x86_64-mavericks, r-release-windows-ix86+x86_64, r-oldrel-windows-ix86+x86_64

Version: 2.18
Check: R code for possible problems
Result: NOTE
    .adj.critval: no visible global function definition for ‘qt’
    .adj.critval: no visible global function definition for ‘qtukey’
    .adj.critval: no visible global function definition for ‘qf’
    .adj.p.value: no visible binding for global variable ‘p.adjust.methods’
    .adj.p.value: no visible global function definition for ‘pt’
    .adj.p.value: no visible global function definition for ‘p.adjust’
    .adj.p.value : <anonymous>: no visible global function definition for
     ‘p.adjust’
    .adj.p.value: no visible global function definition for ‘ptukey’
    .adj.p.value: no visible global function definition for ‘pf’
    .clm.mean.class: no visible global function definition for ‘update’
    .est.se.df: no visible global function definition for ‘make.link’
    .find.by: no visible global function definition for ‘as.formula’
    .find.coerced: no visible global function definition for ‘model.frame’
    .find.coerced : <anonymous>: no visible global function definition for
     ‘reformulate’
    .lsm.basis.clm.scale: no visible global function definition for
     ‘model.frame’
    .lsm.basis.clm.scale: no visible binding for global variable ‘na.pass’
    .lsm.basis.clm.scale: no visible global function definition for
     ‘model.matrix’
    .lsm.basis.clm.scale: no visible global function definition for
     ‘update’
    .lsm.basis.clm.scale: no visible global function definition for ‘vcov’
    .lsmb.geeGP: no visible global function definition for ‘model.frame’
    .lsmb.geeGP: no visible binding for global variable ‘na.pass’
    .lsmb.geeGP: no visible global function definition for ‘model.matrix’
    .lsmb.geeGP: no visible global function definition for ‘coef’
    .pdunnx: no visible global function definition for ‘ptukey’
    .pdunnx: no visible global function definition for ‘pf’
    .plot.srg: no visible global function definition for ‘predict’
    .plot.srg: no visible global function definition for ‘confint’
    .plot.srg: no visible global function definition for ‘pairs’
    .plot.srg: no visible global function definition for ‘make.link’
    .plot.srg: no visible global function definition for ‘as.formula’
    .qdunnx: no visible global function definition for ‘qt’
    .qdunnx: no visible global function definition for ‘qtukey’
    .qdunnx: no visible global function definition for ‘qf’
    .qdunnx : <anonymous>: no visible global function definition for
     ‘uniroot’
    .some.term.contains: no visible global function definition for
     ‘as.formula’
    confint.lsm.list: no visible global function definition for ‘confint’
    lsm.basis.MCMCglmm: no visible global function definition for
     ‘model.frame’
    lsm.basis.MCMCglmm: no visible binding for global variable ‘na.pass’
    lsm.basis.MCMCglmm: no visible global function definition for
     ‘model.matrix’
    lsm.basis.MCMCglmm: no visible global function definition for ‘cov’
    lsm.basis.aovlist: no visible global function definition for
     ‘model.frame’
    lsm.basis.aovlist: no visible binding for global variable ‘na.pass’
    lsm.basis.aovlist: no visible global function definition for
     ‘model.matrix’
    lsm.basis.aovlist : <anonymous>: no visible global function definition
     for ‘coef’
    lsm.basis.aovlist: no visible global function definition for ‘coef’
    lsm.basis.aovlist: no visible global function definition for ‘vcov’
    lsm.basis.carbayes: no visible global function definition for
     ‘model.frame’
    lsm.basis.carbayes: no visible binding for global variable ‘na.pass’
    lsm.basis.carbayes: no visible global function definition for
     ‘model.matrix’
    lsm.basis.carbayes: no visible global function definition for ‘cov’
    lsm.basis.clm: no visible global function definition for ‘coef’
    lsm.basis.clm: no visible global function definition for ‘vcov’
    lsm.basis.clm: no visible global function definition for
     ‘delete.response’
    lsm.basis.clm: no visible global function definition for ‘model.frame’
    lsm.basis.clm: no visible binding for global variable ‘na.pass’
    lsm.basis.clm: no visible global function definition for ‘model.matrix’
    lsm.basis.clm: no visible global function definition for ‘update’
    lsm.basis.clmm: no visible global function definition for ‘update’
    lsm.basis.clmm: no visible global function definition for ‘coef’
    lsm.basis.geeglm: no visible global function definition for
     ‘model.frame’
    lsm.basis.geeglm: no visible binding for global variable ‘na.pass’
    lsm.basis.geeglm: no visible global function definition for
     ‘model.matrix’
    lsm.basis.geeglm: no visible global function definition for ‘coef’
    lsm.basis.geese: no visible global function definition for
     ‘model.frame’
    lsm.basis.geese: no visible binding for global variable ‘na.pass’
    lsm.basis.geese: no visible global function definition for
     ‘model.matrix’
    lsm.basis.glmmadmb: no visible global function definition for
     ‘model.frame’
    lsm.basis.glmmadmb: no visible binding for global variable ‘na.pass’
    lsm.basis.glmmadmb: no visible global function definition for
     ‘model.matrix’
    lsm.basis.glmmadmb: no visible global function definition for ‘vcov’
    lsm.basis.gls: no visible global function definition for ‘model.frame’
    lsm.basis.gls: no visible binding for global variable ‘na.pass’
    lsm.basis.gls: no visible global function definition for ‘model.matrix’
    lsm.basis.gls: no visible global function definition for ‘coef’
    lsm.basis.gls: no visible global function definition for ‘vcov’
    lsm.basis.lm: no visible global function definition for ‘model.frame’
    lsm.basis.lm: no visible binding for global variable ‘na.pass’
    lsm.basis.lm: no visible global function definition for ‘model.matrix’
    lsm.basis.lm: no visible global function definition for ‘vcov’
    lsm.basis.lme: no visible global function definition for ‘model.frame’
    lsm.basis.lme: no visible binding for global variable ‘na.pass’
    lsm.basis.lme: no visible global function definition for ‘model.matrix’
    lsm.basis.lme: no visible global function definition for ‘vcov’
    lsm.basis.mcmc: no visible global function definition for ‘model.frame’
    lsm.basis.mcmc: no visible binding for global variable ‘na.pass’
    lsm.basis.mcmc: no visible global function definition for
     ‘model.matrix’
    lsm.basis.mcmc: no visible global function definition for ‘cov’
    lsm.basis.mer: no visible global function definition for ‘vcov’
    lsm.basis.mer: no visible global function definition for ‘model.frame’
    lsm.basis.mer: no visible binding for global variable ‘na.pass’
    lsm.basis.mer: no visible global function definition for ‘model.matrix’
    lsm.basis.merMod: no visible global function definition for ‘vcov’
    lsm.basis.merMod: no visible global function definition for ‘family’
    lsm.basis.merMod: no visible global function definition for
     ‘model.frame’
    lsm.basis.merMod: no visible binding for global variable ‘na.pass’
    lsm.basis.merMod: no visible global function definition for
     ‘model.matrix’
    lsm.basis.mlm: no visible global function definition for ‘coef’
    lsm.basis.nlme: no visible global function definition for ‘model.frame’
    lsm.basis.nlme: no visible binding for global variable ‘na.pass’
    lsm.basis.nlme: no visible global function definition for
     ‘model.matrix’
    lsm.basis.nls: no visible global function definition for ‘vcov’
    lsm.basis.nls: no visible global function definition for ‘deriv’
    lsm.basis.polr: no visible global function definition for ‘model.frame’
    lsm.basis.polr: no visible binding for global variable ‘na.pass’
    lsm.basis.polr: no visible global function definition for
     ‘model.matrix’
    lsm.basis.polr: no visible global function definition for ‘coef’
    lsm.basis.polr: no visible global function definition for ‘vcov’
    lsm.basis.polr: no visible global function definition for ‘terms’
    lsm.basis.rms: no visible global function definition for ‘coef’
    lsm.basis.rms: no visible global function definition for ‘vcov’
    lsm.basis.rms: no visible global function definition for ‘predict’
    lsm.basis.survreg: no visible global function definition for ‘vcov’
    lsm.basis.survreg: no visible global function definition for
     ‘model.frame’
    lsm.basis.survreg: no visible binding for global variable ‘na.pass’
    lsm.basis.survreg: no visible global function definition for
     ‘model.matrix’
    lsmip.default: no visible global function definition for ‘reformulate’
    lsmip.default: no visible global function definition for ‘predict’
    lsmip.default: no visible global function definition for ‘as.formula’
    lsmobj: no visible global function definition for ‘update’
    lstrends: no visible global function definition for ‘as.formula’
    modelparm.lsmwrap: no visible global function definition for ‘predict’
    modelparm.lsmwrap: no visible global function definition for ‘vcov’
    pairs.lsm.list: no visible global function definition for ‘pairs’
    plot.lsmobj: no visible global function definition for ‘update’
    poly.lsmc: no visible global function definition for ‘poly’
    recover.data.MCMCglmm: no visible global function definition for
     ‘update’
    recover.data.MCMCglmm: no visible global function definition for
     ‘delete.response’
    recover.data.MCMCglmm: no visible global function definition for
     ‘terms’
    recover.data.aovlist: no visible global function definition for ‘terms’
    recover.data.aovlist: no visible global function definition for
     ‘as.formula’
    recover.data.aovlist: no visible global function definition for
     ‘update’
    recover.data.aovlist: no visible global function definition for
     ‘delete.response’
    recover.data.call: no visible binding for global variable ‘na.omit’
    recover.data.call: no visible global function definition for
     ‘reformulate’
    recover.data.call: no visible global function definition for ‘update’
    recover.data.call: no visible global function definition for
     ‘complete.cases’
    recover.data.call: no visible global function definition for
     ‘delete.response’
    recover.data.carbayes: no visible global function definition for
     ‘model.frame’
    recover.data.carbayes: no visible global function definition for
     ‘delete.response’
    recover.data.carbayes: no visible global function definition for
     ‘terms’
    recover.data.clm: no visible global function definition for
     ‘delete.response’
    recover.data.clm: no visible global function definition for ‘terms’
    recover.data.clm: no visible global function definition for ‘update’
    recover.data.clm: no visible global function definition for
     ‘reformulate’
    recover.data.clmm: no visible global function definition for
     ‘delete.response’
    recover.data.clmm: no visible global function definition for ‘terms’
    recover.data.coxme: no visible global function definition for
     ‘delete.response’
    recover.data.coxme: no visible global function definition for ‘terms’
    recover.data.coxph: no visible global function definition for
     ‘delete.response’
    recover.data.coxph: no visible global function definition for ‘terms’
    recover.data.gee: no visible global function definition for
     ‘delete.response’
    recover.data.gee: no visible global function definition for ‘terms’
    recover.data.geeglm: no visible global function definition for
     ‘delete.response’
    recover.data.geeglm: no visible global function definition for ‘terms’
    recover.data.geese: no visible global function definition for ‘terms’
    recover.data.geese: no visible global function definition for
     ‘model.frame’
    recover.data.geese: no visible global function definition for
     ‘delete.response’
    recover.data.glmmadmb: no visible global function definition for
     ‘delete.response’
    recover.data.glmmadmb: no visible global function definition for
     ‘terms’
    recover.data.gls: no visible global function definition for
     ‘delete.response’
    recover.data.lm: no visible global function definition for
     ‘delete.response’
    recover.data.lm: no visible global function definition for ‘terms’
    recover.data.lme: no visible global function definition for
     ‘delete.response’
    recover.data.lme: no visible global function definition for ‘terms’
    recover.data.mcmc: no visible global function definition for
     ‘delete.response’
    recover.data.mcmc: no visible global function definition for ‘terms’
    recover.data.mer: no visible global function definition for
     ‘delete.response’
    recover.data.mer: no visible global function definition for ‘terms’
    recover.data.merMod: no visible global function definition for
     ‘delete.response’
    recover.data.merMod: no visible global function definition for ‘terms’
    recover.data.nlme: no visible global function definition for
     ‘delete.response’
    recover.data.nlme: no visible global function definition for ‘terms’
    recover.data.nls: no visible global function definition for ‘terms’
    recover.data.nls: no visible global function definition for
     ‘reformulate’
    recover.data.polr: no visible global function definition for
     ‘delete.response’
    recover.data.polr: no visible global function definition for ‘terms’
    recover.data.rms: no visible global function definition for
     ‘delete.response’
    recover.data.rms: no visible global function definition for ‘terms’
    recover.data.survreg: no visible global function definition for
     ‘delete.response’
    recover.data.survreg: no visible global function definition for ‘terms’
    ref.grid: no visible global function definition for ‘lm’
    ref.grid: no visible global function definition for ‘predict’
    regrid: no visible global function definition for ‘vcov’
    str.lsm.list: no visible global function definition for ‘str’
    summary.ref.grid: no visible global function definition for ‘cov2cor’
    summary.ref.grid: no visible global function definition for ‘vcov’
    test.ref.grid : <anonymous>: no visible global function definition for
     ‘pchisq’
    test.ref.grid : <anonymous>: no visible global function definition for
     ‘pf’
    Undefined global functions or variables:
     as.formula coef complete.cases confint cov cov2cor delete.response
     deriv family lm make.link model.frame model.matrix na.omit na.pass
     p.adjust p.adjust.methods pairs pchisq pf poly predict pt ptukey qf
     qt qtukey reformulate str terms uniroot update vcov
Flavors: r-devel-linux-x86_64-debian-clang, r-devel-linux-x86_64-debian-gcc, r-devel-linux-x86_64-fedora-clang, r-devel-linux-x86_64-fedora-gcc, r-devel-windows-ix86+x86_64