CRAN Package Check Results for Package lsmeans

Last updated on 2017-08-23 01:46:25.

Flavor Version Tinstall Tcheck Ttotal Status Flags
r-devel-linux-x86_64-debian-clang 2.26-3 6.79 82.64 89.43 NOTE
r-devel-linux-x86_64-debian-gcc 2.26-3 6.77 80.02 86.80 NOTE
r-devel-linux-x86_64-fedora-clang 2.26-3 186.07 NOTE
r-devel-linux-x86_64-fedora-gcc 2.26-3 176.07 NOTE
r-devel-windows-ix86+x86_64 2.26-3 15.00 155.00 170.00 NOTE
r-patched-linux-x86_64 2.26-3 7.03 81.96 89.00 NOTE
r-patched-solaris-x86 2.26-3 234.60 NOTE
r-release-linux-x86_64 2.26-3 6.63 82.76 89.40 NOTE
r-release-windows-ix86+x86_64 2.26-3 14.00 143.00 157.00 NOTE
r-release-osx-x86_64 2.26-3 NOTE
r-oldrel-windows-ix86+x86_64 2.26-3 12.00 120.00 132.00 NOTE
r-oldrel-osx-x86_64 2.26-3 NOTE

Check Details

Version: 2.26-3
Check: package dependencies
Result: NOTE
    Packages suggested but not available for checking: ‘glmmADMB’ ‘lme4.0’
Flavors: r-devel-linux-x86_64-debian-clang, r-devel-linux-x86_64-debian-gcc, r-devel-linux-x86_64-fedora-clang, r-devel-linux-x86_64-fedora-gcc, r-patched-linux-x86_64, r-patched-solaris-x86, r-release-linux-x86_64, r-release-osx-x86_64, r-oldrel-osx-x86_64

Version: 2.26-3
Check: package dependencies
Result: NOTE
    Package suggested but not available for checking: 'lme4.0'
Flavors: r-devel-windows-ix86+x86_64, r-release-windows-ix86+x86_64, r-oldrel-windows-ix86+x86_64