CRAN Package Check Results for Package lsmeans

Last updated on 2014-12-19 12:48:20.

Flavor Version Tinstall Tcheck Ttotal Status Flags
r-devel-linux-x86_64-debian-clang 2.13 4.29 87.77 92.06 NOTE
r-devel-linux-x86_64-debian-gcc 2.13 4.01 84.27 88.28 NOTE
r-devel-linux-x86_64-fedora-clang 2.13 215.63 NOTE
r-devel-linux-x86_64-fedora-gcc 2.13 193.74 NOTE
r-devel-osx-x86_64-clang 2.13 178.23 NOTE
r-devel-windows-ix86+x86_64 2.13 13.00 123.00 136.00 NOTE
r-patched-linux-x86_64 2.13 4.31 90.42 94.73 NOTE
r-patched-solaris-sparc 2.13 1034.30 NOTE
r-patched-solaris-x86 2.13 259.90 NOTE
r-release-linux-ix86 2.13 5.04 103.58 108.62 NOTE
r-release-linux-x86_64 2.13 4.31 89.95 94.26 NOTE
r-release-osx-x86_64-mavericks 2.13 NOTE
r-release-osx-x86_64-snowleopard 2.13 NOTE
r-release-windows-ix86+x86_64 2.13 13.00 129.00 142.00 NOTE
r-oldrel-windows-ix86+x86_64 2.13 13.00 128.00 141.00 NOTE

Check Details

Version: 2.13
Check: package dependencies
Result: NOTE
    Package which this enhances but not available for checking: ‘glmmADMB’
Flavors: r-devel-linux-x86_64-debian-clang, r-devel-linux-x86_64-debian-gcc, r-devel-linux-x86_64-fedora-clang, r-devel-linux-x86_64-fedora-gcc, r-devel-osx-x86_64-clang, r-devel-windows-ix86+x86_64, r-patched-linux-x86_64, r-patched-solaris-sparc, r-patched-solaris-x86, r-release-linux-ix86, r-release-linux-x86_64, r-release-osx-x86_64-mavericks, r-release-osx-x86_64-snowleopard, r-release-windows-ix86+x86_64, r-oldrel-windows-ix86+x86_64