CRAN Package Check Results for Package lsmeans

Last updated on 2016-07-26 05:49:02.

Flavor Version Tinstall Tcheck Ttotal Status Flags
r-devel-linux-x86_64-debian-clang 2.23-5 7.60 80.54 88.14 NOTE
r-devel-linux-x86_64-debian-gcc 2.23-5 8.84 77.43 86.27 NOTE
r-devel-linux-x86_64-fedora-clang 2.23-5 149.15 NOTE
r-devel-linux-x86_64-fedora-gcc 2.23-5 136.91 NOTE
r-devel-osx-x86_64-clang 2.23-5 114.40 NOTE
r-devel-windows-ix86+x86_64 2.23-5 22.00 127.00 149.00 NOTE
r-patched-linux-x86_64 2.23-5 7.71 74.50 82.21 NOTE
r-patched-solaris-sparc 2.23-5 776.40 NOTE
r-patched-solaris-x86 2.23-5 170.10 NOTE
r-release-linux-x86_64 2.23-5 7.62 78.39 86.01 NOTE
r-release-osx-x86_64-mavericks 2.23-5 NOTE
r-release-windows-ix86+x86_64 2.23-5 19.00 118.00 137.00 NOTE
r-oldrel-windows-ix86+x86_64 2.23-5 21.00 130.00 151.00 NOTE

Check Details

Version: 2.23-5
Check: package dependencies
Result: NOTE
    Packages suggested but not available for checking: ‘glmmADMB’ ‘lme4.0’
Flavors: r-devel-linux-x86_64-debian-clang, r-devel-linux-x86_64-debian-gcc, r-devel-linux-x86_64-fedora-clang, r-devel-linux-x86_64-fedora-gcc, r-devel-osx-x86_64-clang, r-devel-windows-ix86+x86_64, r-patched-linux-x86_64, r-patched-solaris-sparc, r-patched-solaris-x86, r-release-linux-x86_64, r-release-osx-x86_64-mavericks, r-release-windows-ix86+x86_64, r-oldrel-windows-ix86+x86_64