CRAN Package Check Results for Package lsmeans

Last updated on 2015-03-04 03:46:51.

Flavor Version Tinstall Tcheck Ttotal Status Flags
r-devel-linux-x86_64-debian-clang 2.15 3.33 66.22 69.56 NOTE
r-devel-linux-x86_64-debian-gcc 2.15 3.31 63.04 66.34 NOTE
r-devel-linux-x86_64-fedora-clang 2.15 145.36 NOTE
r-devel-linux-x86_64-fedora-gcc 2.15 137.96 NOTE
r-devel-osx-x86_64-clang 2.15 132.02 NOTE
r-devel-windows-ix86+x86_64 2.15 10.00 97.00 107.00 NOTE
r-patched-linux-x86_64 2.15 4.43 83.36 87.79 NOTE
r-patched-solaris-sparc 2.15 1060.60 NOTE
r-patched-solaris-x86 2.15 248.30 NOTE
r-release-linux-ix86 2.15 6.56 106.14 112.70 NOTE
r-release-linux-x86_64 2.15 4.37 83.68 88.05 NOTE
r-release-osx-x86_64-mavericks 2.15 NOTE
r-release-osx-x86_64-snowleopard 2.15 NOTE
r-release-windows-ix86+x86_64 2.15 20.00 178.00 198.00 NOTE
r-oldrel-windows-ix86+x86_64 2.15 12.00 125.00 137.00 NOTE

Check Details

Version: 2.15
Check: package dependencies
Result: NOTE
    Package which this enhances but not available for checking: ‘glmmADMB’
Flavors: r-devel-linux-x86_64-debian-clang, r-devel-linux-x86_64-debian-gcc, r-devel-linux-x86_64-fedora-clang, r-devel-linux-x86_64-fedora-gcc, r-devel-osx-x86_64-clang, r-devel-windows-ix86+x86_64, r-patched-linux-x86_64, r-patched-solaris-sparc, r-patched-solaris-x86, r-release-linux-ix86, r-release-linux-x86_64, r-release-osx-x86_64-mavericks, r-release-osx-x86_64-snowleopard, r-release-windows-ix86+x86_64, r-oldrel-windows-ix86+x86_64