CRAN Package Check Results for Package lsmeans

Last updated on 2018-04-21 23:48:23 CEST.

Flavor Version Tinstall Tcheck Ttotal Status Flags
r-devel-linux-x86_64-debian-clang 2.27-61 11.52 112.96 124.48 NOTE
r-devel-linux-x86_64-debian-gcc 2.27-61 8.76 86.60 95.36 NOTE
r-devel-linux-x86_64-fedora-clang 2.27-61 150.98 NOTE
r-devel-linux-x86_64-fedora-gcc 2.27-61 145.41 NOTE
r-devel-windows-ix86+x86_64 2.27-61 20.00 170.00 190.00 NOTE
r-devel-osx-x86_64 2.27-61 NOTE
r-patched-linux-x86_64 2.27-61 9.09 109.50 118.59 NOTE
r-patched-solaris-x86 2.27-61 212.50 NOTE
r-release-linux-x86_64 2.27-61 11.52 122.33 133.85 NOTE
r-release-windows-ix86+x86_64 2.27-61 17.00 128.00 145.00 OK
r-release-osx-x86_64 2.27-61 NOTE
r-oldrel-windows-ix86+x86_64 2.27-61 19.00 136.00 155.00 OK

Check Details

Version: 2.27-61
Check: package dependencies
Result: NOTE
    Package suggested but not available for checking: ‘glmmADMB’
Flavors: r-devel-linux-x86_64-debian-clang, r-devel-linux-x86_64-debian-gcc, r-devel-linux-x86_64-fedora-clang, r-devel-linux-x86_64-fedora-gcc, r-devel-windows-ix86+x86_64, r-devel-osx-x86_64, r-patched-linux-x86_64, r-patched-solaris-x86, r-release-linux-x86_64, r-release-osx-x86_64