CRAN Package Check Results for Package lsmeans

Last updated on 2015-05-05 10:49:13.

Flavor Version Tinstall Tcheck Ttotal Status Flags
r-devel-linux-x86_64-debian-clang 2.17 3.66 47.33 50.99 NOTE
r-devel-linux-x86_64-debian-gcc 2.17 3.70 46.67 50.37 NOTE
r-devel-linux-x86_64-fedora-clang 2.17 103.55 NOTE
r-devel-linux-x86_64-fedora-gcc 2.17 99.48 NOTE
r-devel-osx-x86_64-clang 2.17 98.33 NOTE
r-devel-windows-ix86+x86_64 2.17 9.00 76.00 85.00 NOTE
r-patched-linux-x86_64 2.17 3.61 45.97 49.58 NOTE
r-patched-solaris-sparc 2.17 525.10 NOTE
r-patched-solaris-x86 2.17 127.20 NOTE
r-release-linux-x86_64 2.17 3.62 48.17 51.78 NOTE
r-release-osx-x86_64-mavericks 2.17 NOTE
r-release-osx-x86_64-snowleopard 2.17 ERROR
r-release-windows-ix86+x86_64 2.17 13.00 100.00 113.00 NOTE
r-oldrel-windows-ix86+x86_64 2.17 15.00 131.00 146.00 NOTE

Check Details

Version: 2.17
Check: package dependencies
Result: NOTE
    Package which this enhances but not available for checking: ‘glmmADMB’
Flavors: r-devel-linux-x86_64-debian-clang, r-devel-linux-x86_64-debian-gcc, r-devel-linux-x86_64-fedora-clang, r-devel-linux-x86_64-fedora-gcc, r-devel-osx-x86_64-clang, r-devel-windows-ix86+x86_64, r-patched-linux-x86_64, r-patched-solaris-sparc, r-patched-solaris-x86, r-release-linux-x86_64, r-release-osx-x86_64-mavericks, r-release-windows-ix86+x86_64, r-oldrel-windows-ix86+x86_64

Version: 2.17
Check: package dependencies
Result: ERROR
    Package required but not available: ‘multcomp’
    
    Packages suggested but not available for checking:
     ‘car’ ‘mediation’ ‘multcompView’
    
    Packages which this enhances but not available for checking:
     ‘afex’ ‘glmmADMB’
    
    See section ‘The DESCRIPTION file’ in the ‘Writing R Extensions’
    manual.
Flavor: r-release-osx-x86_64-snowleopard