CRAN Package Check Results for Package lsmeans

Last updated on 2016-12-07 23:47:51.

Flavor Version Tinstall Tcheck Ttotal Status Flags
r-devel-linux-x86_64-debian-clang 2.25 6.80 82.54 89.35 NOTE
r-devel-linux-x86_64-debian-gcc 2.25 6.54 80.51 87.05 NOTE
r-devel-linux-x86_64-fedora-clang 2.25 179.90 NOTE --no-stop-on-test-error
r-devel-linux-x86_64-fedora-gcc 2.25 176.48 NOTE --no-stop-on-test-error
r-devel-macos-x86_64-clang 2.25 133.84 NOTE --no-stop-on-test-error
r-devel-windows-ix86+x86_64 2.25 19.00 134.00 153.00 NOTE
r-patched-linux-x86_64 2.25 6.15 71.28 77.43 NOTE
r-patched-solaris-sparc 2.25 846.60 NOTE
r-patched-solaris-x86 2.25 181.30 NOTE
r-release-linux-x86_64 2.25 6.02 71.10 77.13 NOTE
r-release-osx-x86_64-mavericks 2.25 NOTE
r-release-windows-ix86+x86_64 2.25 13.00 119.00 132.00 NOTE
r-oldrel-windows-ix86+x86_64 2.25 21.00 203.00 224.00 NOTE

Check Details

Version: 2.25
Check: package dependencies
Result: NOTE
    Packages suggested but not available for checking: ‘glmmADMB’ ‘lme4.0’
Flavors: r-devel-linux-x86_64-debian-clang, r-devel-linux-x86_64-debian-gcc, r-devel-windows-ix86+x86_64, r-patched-linux-x86_64, r-patched-solaris-sparc, r-patched-solaris-x86, r-release-linux-x86_64, r-release-osx-x86_64-mavericks, r-release-windows-ix86+x86_64, r-oldrel-windows-ix86+x86_64

Version: 2.25
Flags: --no-stop-on-test-error
Check: package dependencies
Result: NOTE
    Packages suggested but not available for checking: ‘glmmADMB’ ‘lme4.0’
Flavors: r-devel-linux-x86_64-fedora-clang, r-devel-linux-x86_64-fedora-gcc, r-devel-macos-x86_64-clang