CRAN Package Check Results for Package lsmeans

Last updated on 2014-09-18 08:49:54.

Flavor Version Tinstall Tcheck Ttotal Status Flags
r-devel-linux-x86_64-debian-clang 2.11 4.27 78.86 83.13 NOTE
r-devel-linux-x86_64-debian-gcc 2.11 4.04 78.25 82.29 NOTE
r-devel-linux-x86_64-fedora-clang 2.11 211.85 NOTE
r-devel-linux-x86_64-fedora-gcc 2.11 196.22 NOTE
r-devel-osx-x86_64-clang 2.11 156.48 NOTE
r-devel-windows-ix86+x86_64 2.11 12.00 118.00 130.00 NOTE
r-patched-linux-x86_64 2.11 4.22 85.68 89.90 OK
r-patched-solaris-sparc 2.11 1005.30 OK
r-patched-solaris-x86 2.11 249.30 OK
r-release-linux-ix86 2.11 5.10 105.44 110.55 OK
r-release-linux-x86_64 2.11 4.28 85.55 89.83 OK
r-release-osx-x86_64-mavericks 2.11 OK
r-release-osx-x86_64-snowleopard 2.11 OK
r-release-windows-ix86+x86_64 2.11 13.00 120.00 133.00 OK
r-oldrel-windows-ix86+x86_64 2.11 11.00 121.00 132.00 OK

Check Details

Version: 2.11
Check: R code for possible problems
Result: NOTE
    .old.lsmeans: no visible global function definition for
     ‘getCovariateFormula’
    .old.lsmeans: no visible global function definition for ‘isLMM’
    .old.lsmeans: no visible global function definition for ‘isGLMM’
    .old.lsmeans: no visible global function definition for ‘fixef’
    .old.lsmeans: no visible global function definition for ‘vcovAdj’
    lsm.basis.lme: no visible global function definition for ‘fixef’
    lsm.basis.mer: no visible global function definition for ‘isLMM’
    lsm.basis.mer: no visible global function definition for ‘isGLMM’
    lsm.basis.mer: no visible global function definition for ‘fixef’
    lsm.basis.merMod: no visible global function definition for ‘isLMM’
    lsm.basis.merMod: no visible global function definition for ‘isGLMM’
    lsm.basis.merMod: no visible global function definition for ‘fixef’
    lsmip.default : my.strip: no visible global function definition for
     ‘strip.default’
    lsmip.default: no visible global function definition for
     ‘trellis.par.get’
    lsmip.default: no visible global function definition for
     ‘trellis.par.set’
    recover.data.gls: no visible global function definition for
     ‘getCovariateFormula’
    recover.data.mer: no visible global function definition for ‘isLMM’
    recover.data.mer: no visible global function definition for ‘isGLMM’
    recover.data.merMod: no visible global function definition for ‘isLMM’
    recover.data.merMod: no visible global function definition for ‘isGLMM’
Flavors: r-devel-linux-x86_64-debian-clang, r-devel-linux-x86_64-debian-gcc, r-devel-linux-x86_64-fedora-clang, r-devel-linux-x86_64-fedora-gcc, r-devel-osx-x86_64-clang, r-devel-windows-ix86+x86_64