CRAN Package Check Results for Package lsmeans

Last updated on 2014-10-26 07:50:04.

Flavor Version Tinstall Tcheck Ttotal Status Flags
r-devel-linux-x86_64-debian-clang 2.12 4.16 82.08 86.23 NOTE
r-devel-linux-x86_64-debian-gcc 2.12 4.12 81.67 85.79 NOTE
r-devel-linux-x86_64-fedora-clang 2.12 210.40 NOTE
r-devel-linux-x86_64-fedora-gcc 2.12 194.57 NOTE
r-devel-osx-x86_64-clang 2.12 166.37 NOTE
r-devel-windows-ix86+x86_64 2.12 12.00 119.00 131.00 NOTE
r-patched-linux-x86_64 2.12 4.23 84.96 89.19 NOTE
r-patched-solaris-sparc 2.12 1002.00 NOTE
r-patched-solaris-x86 2.12 257.30 NOTE
r-release-linux-ix86 2.12 5.24 110.28 115.51 NOTE
r-release-linux-x86_64 2.12 4.34 88.06 92.40 NOTE
r-release-osx-x86_64-mavericks 2.12 NOTE
r-release-osx-x86_64-snowleopard 2.12 NOTE
r-release-windows-ix86+x86_64 2.12 13.00 132.00 145.00 NOTE
r-oldrel-windows-ix86+x86_64 2.12 11.00 121.00 132.00 NOTE

Check Details

Version: 2.12
Check: package dependencies
Result: NOTE
    Package which this enhances but not available for checking: ‘glmmADMB’
Flavors: r-devel-linux-x86_64-debian-clang, r-devel-linux-x86_64-debian-gcc, r-devel-linux-x86_64-fedora-clang, r-devel-linux-x86_64-fedora-gcc, r-devel-osx-x86_64-clang, r-devel-windows-ix86+x86_64, r-patched-linux-x86_64, r-patched-solaris-sparc, r-patched-solaris-x86, r-release-linux-ix86, r-release-linux-x86_64, r-release-osx-x86_64-mavericks, r-release-osx-x86_64-snowleopard, r-release-windows-ix86+x86_64, r-oldrel-windows-ix86+x86_64