CRAN Package Check Results for Package lsmeans

Last updated on 2018-06-23 15:53:31 CEST.

Flavor Version Tinstall Tcheck Ttotal Status Flags
r-devel-linux-x86_64-debian-clang 2.27-62 11.32 127.94 139.26 NOTE
r-devel-linux-x86_64-debian-gcc 2.27-62 9.58 98.56 108.14 NOTE
r-devel-linux-x86_64-fedora-clang 2.27-62 167.51 NOTE
r-devel-linux-x86_64-fedora-gcc 2.27-62 158.68 NOTE
r-devel-windows-ix86+x86_64 2.27-62 14.00 136.00 150.00 NOTE
r-patched-linux-x86_64 2.27-62 10.12 111.87 121.99 NOTE
r-patched-solaris-x86 2.27-62 199.90 NOTE
r-release-linux-x86_64 2.27-62 7.40 110.68 118.08 NOTE
r-release-windows-ix86+x86_64 2.27-62 24.00 122.00 146.00 NOTE
r-release-osx-x86_64 2.27-62 NOTE
r-oldrel-windows-ix86+x86_64 2.27-62 22.00 129.00 151.00 OK
r-oldrel-osx-x86_64 2.27-62 NOTE

Check Details

Version: 2.27-62
Check: package dependencies
Result: NOTE
    Package suggested but not available for checking: ‘glmmADMB’
Flavors: r-devel-linux-x86_64-debian-clang, r-devel-linux-x86_64-debian-gcc, r-devel-linux-x86_64-fedora-clang, r-devel-linux-x86_64-fedora-gcc, r-devel-windows-ix86+x86_64, r-patched-linux-x86_64, r-patched-solaris-x86, r-release-linux-x86_64, r-release-windows-ix86+x86_64, r-release-osx-x86_64, r-oldrel-osx-x86_64