CRAN Package Check Results for Package lsmeans

Last updated on 2017-03-27 18:49:54.

Flavor Version Tinstall Tcheck Ttotal Status Flags
r-devel-linux-x86_64-debian-clang 2.25-5 6.53 82.80 89.33 NOTE
r-devel-linux-x86_64-debian-gcc 2.25-5 6.45 81.18 87.63 NOTE
r-devel-linux-x86_64-fedora-clang 2.25-5 184.40 NOTE --no-stop-on-test-error
r-devel-linux-x86_64-fedora-gcc 2.25-5 172.68 NOTE --no-stop-on-test-error
r-devel-macos-x86_64-clang 2.25-5 133.44 NOTE --no-stop-on-test-error
r-devel-windows-ix86+x86_64 2.25-5 15.00 156.00 171.00 NOTE
r-patched-linux-x86_64 2.25-5 6.70 82.79 89.49 NOTE
r-patched-solaris-sparc 2.25-5 976.20 NOTE
r-patched-solaris-x86 2.25-5 227.10 NOTE
r-release-linux-x86_64 2.25-5 6.32 72.94 79.26 NOTE
r-release-osx-x86_64-mavericks 2.25-5 NOTE
r-release-windows-ix86+x86_64 2.25-5 19.00 140.00 159.00 NOTE
r-oldrel-windows-ix86+x86_64 2.25-5 15.00 147.00 162.00 NOTE

Check Details

Version: 2.25-5
Check: package dependencies
Result: NOTE
    Packages suggested but not available for checking: ‘glmmADMB’ ‘lme4.0’
Flavors: r-devel-linux-x86_64-debian-clang, r-devel-linux-x86_64-debian-gcc, r-patched-linux-x86_64, r-patched-solaris-sparc, r-patched-solaris-x86, r-release-linux-x86_64, r-release-osx-x86_64-mavericks

Version: 2.25-5
Flags: --no-stop-on-test-error
Check: package dependencies
Result: NOTE
    Packages suggested but not available for checking: ‘glmmADMB’ ‘lme4.0’
Flavors: r-devel-linux-x86_64-fedora-clang, r-devel-linux-x86_64-fedora-gcc, r-devel-macos-x86_64-clang

Version: 2.25-5
Check: package dependencies
Result: NOTE
    Package suggested but not available for checking: 'lme4.0'
Flavors: r-devel-windows-ix86+x86_64, r-release-windows-ix86+x86_64, r-oldrel-windows-ix86+x86_64