CRAN Package Check Results for Package lsmeans

Last updated on 2014-08-29 19:48:13.

Flavor Version Tinstall Tcheck Ttotal Status Flags
r-devel-linux-x86_64-debian-clang 2.11 4.18 79.84 84.02 NOTE
r-devel-linux-x86_64-debian-gcc 2.11 4.26 78.48 82.74 NOTE
r-devel-linux-x86_64-fedora-clang 2.11 215.76 NOTE
r-devel-linux-x86_64-fedora-gcc 2.11 199.58 NOTE
r-devel-osx-x86_64-clang 2.11 158.65 NOTE
r-devel-windows-ix86+x86_64 2.11 12.00 135.00 147.00 NOTE
r-patched-linux-x86_64 2.11 4.27 82.60 86.87 OK
r-patched-solaris-sparc 2.11 1005.30 OK
r-patched-solaris-x86 2.11 273.70 OK
r-release-linux-ix86 2.11 5.14 108.49 113.62 OK
r-release-linux-x86_64 2.11 5.90 86.07 91.97 OK
r-release-osx-x86_64-mavericks 2.11 OK
r-release-osx-x86_64-snowleopard 2.11 OK
r-release-windows-ix86+x86_64 2.11 11.00 124.00 135.00 OK
r-oldrel-windows-ix86+x86_64 2.11 14.00 117.00 131.00 OK

Check Details

Version: 2.11
Check: R code for possible problems
Result: NOTE
    .old.lsmeans: no visible global function definition for
     ‘getCovariateFormula’
    .old.lsmeans: no visible global function definition for ‘isLMM’
    .old.lsmeans: no visible global function definition for ‘isGLMM’
    .old.lsmeans: no visible global function definition for ‘fixef’
    .old.lsmeans: no visible global function definition for ‘vcovAdj’
    lsm.basis.lme: no visible global function definition for ‘fixef’
    lsm.basis.mer: no visible global function definition for ‘isLMM’
    lsm.basis.mer: no visible global function definition for ‘isGLMM’
    lsm.basis.mer: no visible global function definition for ‘fixef’
    lsm.basis.merMod: no visible global function definition for ‘isLMM’
    lsm.basis.merMod: no visible global function definition for ‘isGLMM’
    lsm.basis.merMod: no visible global function definition for ‘fixef’
    lsmip.default : my.strip: no visible global function definition for
     ‘strip.default’
    lsmip.default: no visible global function definition for
     ‘trellis.par.get’
    lsmip.default: no visible global function definition for
     ‘trellis.par.set’
    recover.data.gls: no visible global function definition for
     ‘getCovariateFormula’
    recover.data.mer: no visible global function definition for ‘isLMM’
    recover.data.mer: no visible global function definition for ‘isGLMM’
    recover.data.merMod: no visible global function definition for ‘isLMM’
    recover.data.merMod: no visible global function definition for ‘isGLMM’
Flavors: r-devel-linux-x86_64-debian-clang, r-devel-linux-x86_64-debian-gcc, r-devel-linux-x86_64-fedora-clang, r-devel-linux-x86_64-fedora-gcc, r-devel-osx-x86_64-clang, r-devel-windows-ix86+x86_64