CRAN Package Check Results for Package lsmeans

Last updated on 2018-02-23 06:54:57 CET.

Flavor Version Tinstall Tcheck Ttotal Status Flags
r-devel-linux-x86_64-debian-clang 2.27-61 10.04 99.00 109.04 NOTE
r-devel-linux-x86_64-debian-gcc 2.27-61 8.83 88.80 97.63 NOTE
r-devel-linux-x86_64-fedora-clang 2.27-61 154.26 NOTE
r-devel-linux-x86_64-fedora-gcc 2.27-61 148.56 NOTE
r-devel-windows-ix86+x86_64 2.27-61 13.00 174.00 187.00 NOTE
r-patched-linux-x86_64 2.27-61 8.94 124.59 133.53 NOTE
r-patched-solaris-x86 2.27-61 218.40 NOTE
r-release-linux-x86_64 2.27-61 11.22 124.00 135.22 NOTE
r-release-windows-ix86+x86_64 2.27-61 21.00 195.00 216.00 OK
r-release-osx-x86_64 2.27-61 NOTE
r-oldrel-windows-ix86+x86_64 2.27-61 15.00 131.00 146.00 OK
r-oldrel-osx-x86_64 2.27-61 NOTE

Check Details

Version: 2.27-61
Check: package dependencies
Result: NOTE
    Package suggested but not available for checking: ‘glmmADMB’
Flavors: r-devel-linux-x86_64-debian-clang, r-devel-linux-x86_64-debian-gcc, r-devel-linux-x86_64-fedora-clang, r-devel-linux-x86_64-fedora-gcc, r-devel-windows-ix86+x86_64, r-patched-linux-x86_64, r-patched-solaris-x86, r-release-linux-x86_64, r-release-osx-x86_64, r-oldrel-osx-x86_64