CRAN Package Check Results for Package lsmeans

Last updated on 2015-08-30 04:48:28.

Flavor Version Tinstall Tcheck Ttotal Status Flags
r-devel-linux-x86_64-debian-clang 2.20 4.28 48.94 53.22 NOTE
r-devel-linux-x86_64-debian-gcc 2.20 3.92 48.52 52.44 NOTE
r-devel-linux-x86_64-fedora-clang 2.20 94.84 NOTE
r-devel-linux-x86_64-fedora-gcc 2.20 59.87 NOTE
r-devel-osx-x86_64-clang 2.20 53.27 NOTE
r-devel-windows-ix86+x86_64 2.19 14.00 85.00 99.00 NOTE
r-patched-linux-x86_64 2.19 3.82 49.57 53.39 NOTE
r-patched-solaris-sparc 2.20 580.70 NOTE
r-patched-solaris-x86 2.20 112.70 NOTE
r-release-linux-x86_64 2.19 3.86 50.40 54.25 NOTE
r-release-osx-x86_64-mavericks 2.19 NOTE
r-release-windows-ix86+x86_64 2.19 13.00 81.00 94.00 NOTE
r-oldrel-windows-ix86+x86_64 2.20 16.00 84.00 100.00 ERROR

Check Details

Version: 2.20
Check: package dependencies
Result: NOTE
    Packages suggested but not available for checking: ‘glmmADMB’ ‘lme4.0’
Flavors: r-devel-linux-x86_64-debian-clang, r-devel-linux-x86_64-debian-gcc, r-devel-linux-x86_64-fedora-clang, r-devel-linux-x86_64-fedora-gcc, r-devel-osx-x86_64-clang, r-patched-solaris-sparc, r-patched-solaris-x86, r-oldrel-windows-ix86+x86_64

Version: 2.19
Check: package dependencies
Result: NOTE
    Packages suggested but not available for checking: 'glmmADMB' 'lme4.0'
Flavors: r-devel-windows-ix86+x86_64, r-patched-linux-x86_64, r-release-linux-x86_64, r-release-osx-x86_64-mavericks, r-release-windows-ix86+x86_64

Version: 2.20
Check: examples
Result: ERROR
    Running examples in 'lsmeans-Ex.R' failed
    The error most likely occurred in:
    
    > ### Name: summary
    > ### Title: Methods for 'ref.grid' objects
    > ### Aliases: summary summary.ref.grid str.ref.grid predict.ref.grid
    > ### print.ref.grid print.summary.ref.grid plot.lsmobj
    > ### plot.summary.ref.grid vcov.ref.grid regrid rbind rbind.ref.grid
    > ### as.mcmc as.mcmc.ref.grid [.ref.grid
    > ### Keywords: models htest
    >
    > ### ** Examples
    >
    > require(lsmeans)
    > warp.lm <- lm(breaks ~ wool * tension, data = warpbreaks)
    > warp.rg <- ref.grid(warp.lm)
    > str(warp.rg)
    'ref.grid' object with variables:
     wool = A, B
     tension = L, M, H
    >
    > summary(warp.rg)
     wool tension prediction SE df
     A L 44.55556 3.646761 48
     B L 28.22222 3.646761 48
     A M 24.00000 3.646761 48
     B M 28.77778 3.646761 48
     A H 24.55556 3.646761 48
     B H 18.77778 3.646761 48
    
    >
    > summary(warp.rg, by = "wool",
    + infer = c(TRUE, FALSE), level = .90, adjust = "sidak")
    wool = A:
     tension prediction SE df lower.CL upper.CL
     L 44.55556 3.646761 48 36.62029 52.49082
     M 24.00000 3.646761 48 16.06473 31.93527
     H 24.55556 3.646761 48 16.62029 32.49082
    
    wool = B:
     tension prediction SE df lower.CL upper.CL
     L 28.22222 3.646761 48 20.28695 36.15749
     M 28.77778 3.646761 48 20.84251 36.71305
     H 18.77778 3.646761 48 10.84251 26.71305
    
    Confidence level used: 0.9
    Conf-level adjustment: sidak method for 3 estimates
    >
    > # Do all pairwise comparisons within rows or within columns,
    > # all considered as one faily of tests:
    > w.t <- pairs(lsmeans(warp.rg, ~ wool | tension))
    > t.w <- pairs(lsmeans(warp.rg, ~ tension | wool))
    > rbind(w.t, t.w)
    Error in rbind(w.t, t.w) :
     no method for coercing this S4 class to a vector
    Execution halted
Flavor: r-oldrel-windows-ix86+x86_64