CRAN Package Check Results for Package lsmeans

Last updated on 2016-09-24 21:48:35.

Flavor Version Tinstall Tcheck Ttotal Status Flags
r-devel-linux-x86_64-debian-clang 2.23-5 6.22 63.93 70.15 NOTE
r-devel-linux-x86_64-debian-gcc 2.23-5 5.72 62.78 68.51 NOTE
r-devel-linux-x86_64-fedora-clang 2.23-5 144.36 NOTE
r-devel-linux-x86_64-fedora-gcc 2.23-5 136.73 NOTE
r-devel-macos-x86_64-clang 2.23-5 106.76 NOTE
r-devel-windows-ix86+x86_64 2.23-5 21.00 156.00 177.00 NOTE
r-patched-linux-x86_64 2.23-5 5.83 64.09 69.92 NOTE
r-patched-solaris-sparc 2.23-5 776.40 NOTE
r-patched-solaris-x86 2.23-5 169.80 NOTE
r-release-linux-x86_64 2.23-5 6.15 64.81 70.95 NOTE
r-release-osx-x86_64-mavericks 2.23-5 NOTE
r-release-windows-ix86+x86_64 2.23-5 14.00 114.00 128.00 NOTE
r-oldrel-windows-ix86+x86_64 2.23-5 22.00 175.00 197.00 NOTE

Check Details

Version: 2.23-5
Check: package dependencies
Result: NOTE
    Packages suggested but not available for checking: ‘glmmADMB’ ‘lme4.0’
Flavors: r-devel-linux-x86_64-debian-clang, r-devel-linux-x86_64-debian-gcc, r-devel-linux-x86_64-fedora-clang, r-devel-linux-x86_64-fedora-gcc, r-devel-macos-x86_64-clang, r-devel-windows-ix86+x86_64, r-patched-linux-x86_64, r-patched-solaris-sparc, r-patched-solaris-x86, r-release-linux-x86_64, r-release-osx-x86_64-mavericks, r-release-windows-ix86+x86_64, r-oldrel-windows-ix86+x86_64