CRAN Package Check Results for Package lsmeans

Last updated on 2017-01-22 23:48:28.

Flavor Version Tinstall Tcheck Ttotal Status Flags
r-devel-linux-x86_64-debian-clang 2.25 6.62 80.21 86.83 NOTE
r-devel-linux-x86_64-debian-gcc 2.25 6.66 80.99 87.65 NOTE
r-devel-linux-x86_64-fedora-clang 2.25 163.19 NOTE --no-stop-on-test-error
r-devel-linux-x86_64-fedora-gcc 2.25 162.24 NOTE --no-stop-on-test-error
r-devel-macos-x86_64-clang 2.25 131.74 NOTE --no-stop-on-test-error
r-devel-windows-ix86+x86_64 2.25 14.00 151.00 165.00 NOTE
r-patched-linux-x86_64 2.25 6.27 71.49 77.75 NOTE
r-patched-solaris-sparc 2.25 886.10 NOTE
r-patched-solaris-x86 2.25 195.50 NOTE
r-release-linux-x86_64 2.25 6.76 70.53 77.28 NOTE
r-release-osx-x86_64-mavericks 2.25 NOTE
r-release-windows-ix86+x86_64 2.25 25.00 176.00 201.00 NOTE
r-oldrel-windows-ix86+x86_64 2.25 31.00 305.00 336.00 NOTE

Check Details

Version: 2.25
Check: package dependencies
Result: NOTE
    Packages suggested but not available for checking: ‘glmmADMB’ ‘lme4.0’
Flavors: r-devel-linux-x86_64-debian-clang, r-devel-linux-x86_64-debian-gcc, r-patched-linux-x86_64, r-patched-solaris-sparc, r-patched-solaris-x86, r-release-linux-x86_64, r-release-osx-x86_64-mavericks

Version: 2.25
Flags: --no-stop-on-test-error
Check: package dependencies
Result: NOTE
    Packages suggested but not available for checking: ‘glmmADMB’ ‘lme4.0’
Flavors: r-devel-linux-x86_64-fedora-clang, r-devel-linux-x86_64-fedora-gcc, r-devel-macos-x86_64-clang

Version: 2.25
Check: package dependencies
Result: NOTE
    Package suggested but not available for checking: 'lme4.0'
Flavors: r-devel-windows-ix86+x86_64, r-release-windows-ix86+x86_64, r-oldrel-windows-ix86+x86_64