CRAN Package Check Results for Package lsmeans

Last updated on 2016-05-05 20:47:57.

Flavor Version Tinstall Tcheck Ttotal Status Flags
r-devel-linux-x86_64-debian-gcc 2.23 6.69 68.17 74.87 NOTE
r-devel-linux-x86_64-fedora-clang 2.23 144.76 NOTE
r-devel-linux-x86_64-fedora-gcc 2.23 135.10 NOTE
r-devel-osx-x86_64-clang 2.23 154.72 NOTE
r-devel-windows-ix86+x86_64 2.23 14.00 123.00 137.00 NOTE
r-patched-linux-x86_64 2.23 6.13 67.15 73.28 NOTE
r-patched-solaris-sparc 2.23 577.10 NOTE
r-patched-solaris-x86 2.23 173.60 NOTE
r-release-linux-x86_64 2.23 6.40 67.23 73.64 NOTE
r-release-osx-x86_64-mavericks 2.23 NOTE
r-release-windows-ix86+x86_64 2.23 14.00 123.00 137.00 NOTE
r-oldrel-windows-ix86+x86_64 2.23 23.00 182.00 205.00 NOTE

Check Details

Version: 2.23
Check: package dependencies
Result: NOTE
    Packages suggested but not available for checking: ‘glmmADMB’ ‘lme4.0’
Flavors: r-devel-linux-x86_64-debian-gcc, r-devel-linux-x86_64-fedora-clang, r-devel-linux-x86_64-fedora-gcc, r-devel-osx-x86_64-clang, r-devel-windows-ix86+x86_64, r-patched-linux-x86_64, r-patched-solaris-sparc, r-patched-solaris-x86, r-release-linux-x86_64, r-release-osx-x86_64-mavericks, r-release-windows-ix86+x86_64, r-oldrel-windows-ix86+x86_64