CRAN Package Check Results for Package lsmeans

Last updated on 2017-10-19 00:52:44.

Flavor Version Tinstall Tcheck Ttotal Status Flags
r-devel-linux-x86_64-debian-clang 2.27-2 7.19 85.03 92.22 NOTE
r-devel-linux-x86_64-debian-gcc 2.27-2 8.55 87.53 96.08 NOTE
r-devel-linux-x86_64-fedora-clang 2.27-2 187.67 NOTE
r-devel-linux-x86_64-fedora-gcc 2.27-2 185.74 NOTE
r-devel-windows-ix86+x86_64 2.27-2 14.00 146.00 160.00 NOTE
r-patched-linux-x86_64 2.27-2 7.01 82.17 89.18 NOTE
r-patched-solaris-x86 2.27-2 233.30 NOTE
r-release-linux-x86_64 2.27-2 7.35 85.08 92.43 NOTE
r-release-windows-ix86+x86_64 2.27-2 23.00 188.00 211.00 NOTE
r-release-osx-x86_64 2.27-2 NOTE
r-oldrel-windows-ix86+x86_64 2.27-2 20.00 169.00 189.00 NOTE
r-oldrel-osx-x86_64 2.27-2 NOTE

Check Details

Version: 2.27-2
Check: package dependencies
Result: NOTE
    Packages suggested but not available for checking: ‘glmmADMB’ ‘lme4.0’
Flavors: r-devel-linux-x86_64-debian-clang, r-devel-linux-x86_64-debian-gcc, r-devel-linux-x86_64-fedora-clang, r-devel-linux-x86_64-fedora-gcc, r-patched-linux-x86_64, r-patched-solaris-x86, r-release-linux-x86_64, r-release-osx-x86_64, r-oldrel-osx-x86_64

Version: 2.27-2
Check: package dependencies
Result: NOTE
    Package suggested but not available for checking: 'lme4.0'
Flavors: r-devel-windows-ix86+x86_64, r-release-windows-ix86+x86_64, r-oldrel-windows-ix86+x86_64