CRAN Package Check Results for Package lsmeans

Last updated on 2015-01-29 12:48:07.

Flavor Version Tinstall Tcheck Ttotal Status Flags
r-devel-linux-x86_64-debian-clang 2.14 4.09 69.61 73.70 NOTE
r-devel-linux-x86_64-debian-gcc 2.14 3.65 68.62 72.27 NOTE
r-devel-linux-x86_64-fedora-clang 2.14 191.82 NOTE
r-devel-linux-x86_64-fedora-gcc 2.14 181.16 NOTE
r-devel-osx-x86_64-clang 2.14 161.80 NOTE
r-devel-windows-ix86+x86_64 2.14 13.00 98.00 111.00 NOTE
r-patched-linux-x86_64 2.14 4.36 79.84 84.20 NOTE
r-patched-solaris-sparc 2.14 946.60 NOTE
r-patched-solaris-x86 2.14 242.70 NOTE
r-release-linux-ix86 2.14 5.02 94.38 99.40 NOTE
r-release-linux-x86_64 2.14 4.32 81.20 85.52 NOTE
r-release-osx-x86_64-mavericks 2.14 NOTE
r-release-osx-x86_64-snowleopard 2.14 NOTE
r-release-windows-ix86+x86_64 2.14 13.00 131.00 144.00 NOTE
r-oldrel-windows-ix86+x86_64 2.14 13.00 121.00 134.00 NOTE

Check Details

Version: 2.14
Check: package dependencies
Result: NOTE
    Package which this enhances but not available for checking: ‘glmmADMB’
Flavors: r-devel-linux-x86_64-debian-clang, r-devel-linux-x86_64-debian-gcc, r-devel-linux-x86_64-fedora-clang, r-devel-linux-x86_64-fedora-gcc, r-devel-osx-x86_64-clang, r-devel-windows-ix86+x86_64, r-patched-linux-x86_64, r-patched-solaris-sparc, r-patched-solaris-x86, r-release-linux-ix86, r-release-linux-x86_64, r-release-osx-x86_64-mavericks, r-release-osx-x86_64-snowleopard, r-release-windows-ix86+x86_64, r-oldrel-windows-ix86+x86_64