CRAN Package Check Results for Package lsmeans

Last updated on 2014-04-17 20:47:37.

Flavor Version Tinstall Tcheck Ttotal Status Flags
r-devel-linux-x86_64-debian-clang 2.00-5 4.65 83.62 88.27 OK
r-devel-linux-x86_64-debian-gcc 2.00-5 4.40 83.19 87.59 OK
r-devel-linux-x86_64-fedora-clang 2.00-5 115.19 OK
r-devel-linux-x86_64-fedora-gcc 2.00-5 112.24 OK
r-devel-macosx-x86_64-clang 2.00-5 149.58 OK
r-devel-macosx-x86_64-gcc 2.00-5 ERROR
r-devel-windows-ix86+x86_64 2.00-5 10.00 114.00 124.00 OK
r-patched-linux-x86_64 2.00-5 4.39 84.05 88.44 OK
r-patched-solaris-sparc 2.00-5 992.50 OK
r-patched-solaris-x86 2.00-5 205.50 OK
r-release-linux-ix86 2.00-5 10.00 139.00 149.00 OK
r-release-linux-x86_64 2.00-5 4.36 83.85 88.21 OK
r-release-macosx-x86_64 2.00-5 ERROR
r-release-windows-ix86+x86_64 2.00-5 10.00 115.00 125.00 OK
r-oldrel-windows-ix86+x86_64 2.00-5 12.00 109.00 121.00 OK

Check Details

Version: 2.00-5
Check: package dependencies
Result: ERROR
    Package required but not available: ‘multcomp’
    
    Package suggested but not available for checking: ‘multcompView’
    
    See the information on DESCRIPTION files in the chapter ‘Creating R
    packages’ of the ‘Writing R Extensions’ manual.
Flavor: r-devel-macosx-x86_64-gcc

Version: 2.00-5
Check: package dependencies
Result: ERROR
    Package required but not available: ‘multcomp’
    
    See the information on DESCRIPTION files in the chapter ‘Creating R
    packages’ of the ‘Writing R Extensions’ manual.
Flavor: r-release-macosx-x86_64