CRAN Package Check Results for Package lsmeans

Last updated on 2014-11-27 03:47:46.

Flavor Version Tinstall Tcheck Ttotal Status Flags
r-devel-linux-x86_64-debian-clang 2.13 4.73 88.42 93.15 NOTE
r-devel-linux-x86_64-debian-gcc 2.13 4.05 86.04 90.08 NOTE
r-devel-linux-x86_64-fedora-clang 2.13 208.27 NOTE
r-devel-linux-x86_64-fedora-gcc 2.13 226.35 NOTE
r-devel-osx-x86_64-clang 2.13 172.81 NOTE
r-devel-windows-ix86+x86_64 2.13 12.00 123.00 135.00 NOTE
r-patched-linux-x86_64 2.13 4.32 88.74 93.05 NOTE
r-patched-solaris-sparc 2.13 1034.30 NOTE
r-patched-solaris-x86 2.13 259.20 NOTE
r-release-linux-ix86 2.13 4.98 103.60 108.58 NOTE
r-release-linux-x86_64 2.13 4.28 89.65 93.93 NOTE
r-release-osx-x86_64-mavericks 2.13 NOTE
r-release-osx-x86_64-snowleopard 2.13 NOTE
r-release-windows-ix86+x86_64 2.13 12.00 125.00 137.00 NOTE
r-oldrel-windows-ix86+x86_64 2.13 13.00 123.00 136.00 NOTE

Check Details

Version: 2.13
Check: package dependencies
Result: NOTE
    Package which this enhances but not available for checking: ‘glmmADMB’
Flavors: r-devel-linux-x86_64-debian-clang, r-devel-linux-x86_64-debian-gcc, r-devel-linux-x86_64-fedora-clang, r-devel-linux-x86_64-fedora-gcc, r-devel-osx-x86_64-clang, r-devel-windows-ix86+x86_64, r-patched-linux-x86_64, r-patched-solaris-sparc, r-patched-solaris-x86, r-release-linux-ix86, r-release-linux-x86_64, r-release-osx-x86_64-mavericks, r-release-osx-x86_64-snowleopard, r-release-windows-ix86+x86_64, r-oldrel-windows-ix86+x86_64