CRAN Package Check Results for Package lsmeans

Last updated on 2016-06-30 21:46:46.

Flavor Version Tinstall Tcheck Ttotal Status Flags
r-devel-linux-x86_64-debian-gcc 2.23 7.06 72.96 80.02 NOTE
r-devel-linux-x86_64-fedora-clang 2.23 140.66 NOTE
r-devel-linux-x86_64-fedora-gcc 2.23 134.23 NOTE
r-devel-osx-x86_64-clang 2.23 112.60 NOTE
r-devel-windows-ix86+x86_64 2.23 16.00 128.00 144.00 NOTE
r-patched-linux-x86_64 2.23 7.72 77.20 84.92 NOTE
r-patched-solaris-sparc 2.23 822.60 NOTE
r-patched-solaris-x86 2.23 172.90 NOTE
r-release-linux-x86_64 2.23 7.30 71.34 78.64 NOTE
r-release-osx-x86_64-mavericks 2.23 NOTE
r-release-windows-ix86+x86_64 2.23 20.00 130.00 150.00 NOTE
r-oldrel-windows-ix86+x86_64 2.23 22.00 154.00 176.00 NOTE

Check Details

Version: 2.23
Check: package dependencies
Result: NOTE
    Packages suggested but not available for checking: ‘glmmADMB’ ‘lme4.0’
Flavors: r-devel-linux-x86_64-debian-gcc, r-devel-linux-x86_64-fedora-clang, r-devel-linux-x86_64-fedora-gcc, r-devel-osx-x86_64-clang, r-devel-windows-ix86+x86_64, r-patched-linux-x86_64, r-patched-solaris-sparc, r-patched-solaris-x86, r-release-linux-x86_64, r-release-osx-x86_64-mavericks, r-release-windows-ix86+x86_64, r-oldrel-windows-ix86+x86_64