CRAN Package Check Results for Package lspls

Last updated on 2015-03-06 03:46:38.

Flavor Version Tinstall Tcheck Ttotal Status Flags
r-devel-linux-x86_64-debian-clang 0.2-1 0.62 10.41 11.03 NOTE
r-devel-linux-x86_64-debian-gcc 0.2-1 0.59 10.68 11.27 NOTE
r-devel-linux-x86_64-fedora-clang 0.2-1 21.70 NOTE
r-devel-linux-x86_64-fedora-gcc 0.2-1 19.87 NOTE
r-devel-osx-x86_64-clang 0.2-1 26.10 NOTE
r-devel-windows-ix86+x86_64 0.2-1 3.00 19.00 22.00 NOTE
r-patched-linux-x86_64 0.2-1 0.66 11.40 12.06 NOTE
r-patched-solaris-sparc 0.2-1 139.60 NOTE
r-patched-solaris-x86 0.2-1 34.80 NOTE
r-release-linux-ix86 0.2-1 0.94 19.09 20.03 NOTE
r-release-linux-x86_64 0.2-1 0.72 11.32 12.04 NOTE
r-release-osx-x86_64-mavericks 0.2-1 NOTE
r-release-osx-x86_64-snowleopard 0.2-1 WARN
r-release-windows-ix86+x86_64 0.2-1 3.00 22.00 25.00 NOTE
r-oldrel-windows-ix86+x86_64 0.2-1 3.00 33.00 36.00 OK

Check Details

Version: 0.2-1
Check: R code for possible problems
Result: NOTE
    lsplsCv: no visible global function definition for ‘cvsegments’
    orthlspls.fit: no visible binding for global variable ‘oscorespls.fit’
    orthlsplsCv: no visible binding for global variable ‘oscorespls.fit’
Flavors: r-devel-linux-x86_64-debian-clang, r-devel-linux-x86_64-debian-gcc, r-devel-linux-x86_64-fedora-clang, r-devel-linux-x86_64-fedora-gcc, r-devel-osx-x86_64-clang, r-devel-windows-ix86+x86_64, r-patched-linux-x86_64, r-patched-solaris-sparc, r-patched-solaris-x86, r-release-linux-ix86, r-release-linux-x86_64, r-release-osx-x86_64-mavericks, r-release-windows-ix86+x86_64

Version: 0.2-1
Check: examples
Result: WARN
    checking a package with encoding 'latin1' in an ASCII locale
    
     OK
Flavor: r-release-osx-x86_64-snowleopard