CRAN Package Check Results for Package lspls

Last updated on 2014-08-22 18:48:35.

Flavor Version Tinstall Tcheck Ttotal Status Flags
r-devel-linux-x86_64-debian-clang 0.2-1 0.65 11.06 11.72 NOTE
r-devel-linux-x86_64-debian-gcc 0.2-1 0.63 10.62 11.25 OK
r-devel-linux-x86_64-fedora-clang 0.2-1 23.94 NOTE
r-devel-linux-x86_64-fedora-gcc 0.2-1 21.75 NOTE
r-devel-osx-x86_64-clang 0.2-1 25.17 NOTE
r-devel-windows-ix86+x86_64 0.2-1 2.00 19.00 21.00 OK
r-patched-linux-x86_64 0.2-1 0.64 10.63 11.26 OK
r-patched-solaris-sparc 0.2-1 127.40 OK
r-patched-solaris-x86 0.2-1 34.80 OK
r-release-linux-ix86 0.2-1 0.97 17.06 18.03 OK
r-release-linux-x86_64 0.2-1 0.67 10.99 11.66 OK
r-release-osx-x86_64-mavericks 0.2-1 OK
r-release-osx-x86_64-snowleopard 0.2-1 WARN
r-release-windows-ix86+x86_64 0.2-1 3.00 18.00 21.00 OK
r-oldrel-windows-ix86+x86_64 0.2-1 3.00 21.00 24.00 OK

Check Details

Version: 0.2-1
Check: R code for possible problems
Result: NOTE
    lsplsCv: no visible global function definition for ‘cvsegments’
    orthlspls.fit: no visible binding for global variable ‘oscorespls.fit’
    orthlsplsCv: no visible binding for global variable ‘oscorespls.fit’
Flavors: r-devel-linux-x86_64-debian-clang, r-devel-linux-x86_64-fedora-clang, r-devel-linux-x86_64-fedora-gcc, r-devel-osx-x86_64-clang

Version: 0.2-1
Check: examples
Result: WARN
    checking a package with encoding 'latin1' in an ASCII locale
    
     OK
Flavor: r-release-osx-x86_64-snowleopard