CRAN Package Check Results for Package lspls

Last updated on 2014-07-29 11:49:49.

Flavor Version Tinstall Tcheck Ttotal Status Flags
r-devel-linux-x86_64-debian-clang 0.2-1 0.65 10.74 11.38 OK
r-devel-linux-x86_64-debian-gcc 0.2-1 0.68 10.72 11.40 OK
r-devel-linux-x86_64-fedora-clang 0.2-1 23.59 OK
r-devel-linux-x86_64-fedora-gcc 0.2-1 21.69 OK
r-devel-osx-x86_64-clang 0.2-1 25.76 OK
r-devel-windows-ix86+x86_64 0.2-1 3.00 20.00 23.00 OK
r-patched-linux-x86_64 0.2-1 0.63 10.72 11.34 OK
r-patched-solaris-sparc 0.2-1 131.50 OK
r-patched-solaris-x86 0.2-1 33.80 OK
r-release-linux-ix86 0.2-1 0.98 16.84 17.82 OK
r-release-linux-x86_64 0.2-1 0.68 10.97 11.65 OK
r-release-osx-x86_64-mavericks 0.2-1 OK
r-release-osx-x86_64-snowleopard 0.2-1 WARN
r-release-windows-ix86+x86_64 0.2-1 3.00 18.00 21.00 OK
r-oldrel-windows-ix86+x86_64 0.2-1 3.00 21.00 24.00 OK

Check Details

Version: 0.2-1
Check: examples
Result: WARNING
    checking a package with encoding 'latin1' in an ASCII locale
    
     OK
Flavor: r-release-osx-x86_64-snowleopard