CRAN Package Check Results for Package lspls

Last updated on 2015-01-28 15:47:12.

Flavor Version Tinstall Tcheck Ttotal Status Flags
r-devel-linux-x86_64-debian-clang 0.2-1 0.68 10.44 11.12 NOTE
r-devel-linux-x86_64-debian-gcc 0.2-1 0.61 10.31 10.92 NOTE
r-devel-linux-x86_64-fedora-clang 0.2-1 25.65 NOTE
r-devel-linux-x86_64-fedora-gcc 0.2-1 24.21 NOTE
r-devel-osx-x86_64-clang 0.2-1 27.54 NOTE
r-devel-windows-ix86+x86_64 0.2-1 4.00 19.00 23.00 NOTE
r-patched-linux-x86_64 0.2-1 0.68 11.30 11.98 NOTE
r-patched-solaris-sparc 0.2-1 133.50 NOTE
r-patched-solaris-x86 0.2-1 35.70 NOTE
r-release-linux-ix86 0.2-1 0.95 16.94 17.89 NOTE
r-release-linux-x86_64 0.2-1 0.67 11.90 12.57 NOTE
r-release-osx-x86_64-mavericks 0.2-1 NOTE
r-release-osx-x86_64-snowleopard 0.2-1 WARN
r-release-windows-ix86+x86_64 0.2-1 3.00 20.00 23.00 NOTE
r-oldrel-windows-ix86+x86_64 0.2-1 3.00 34.00 37.00 OK

Check Details

Version: 0.2-1
Check: R code for possible problems
Result: NOTE
    lsplsCv: no visible global function definition for ‘cvsegments’
    orthlspls.fit: no visible binding for global variable ‘oscorespls.fit’
    orthlsplsCv: no visible binding for global variable ‘oscorespls.fit’
Flavors: r-devel-linux-x86_64-debian-clang, r-devel-linux-x86_64-debian-gcc, r-devel-linux-x86_64-fedora-clang, r-devel-linux-x86_64-fedora-gcc, r-devel-osx-x86_64-clang, r-devel-windows-ix86+x86_64, r-patched-linux-x86_64, r-patched-solaris-sparc, r-patched-solaris-x86, r-release-linux-ix86, r-release-linux-x86_64, r-release-osx-x86_64-mavericks, r-release-windows-ix86+x86_64

Version: 0.2-1
Check: examples
Result: WARN
    checking a package with encoding 'latin1' in an ASCII locale
    
     OK
Flavor: r-release-osx-x86_64-snowleopard