CRAN Package Check Results for Package lspls

Last updated on 2014-04-24 19:54:01.

Flavor Version Tinstall Tcheck Ttotal Status Flags
r-devel-linux-x86_64-debian-clang 0.2-1 0.67 11.40 12.07 OK
r-devel-linux-x86_64-debian-gcc 0.2-1 0.67 11.44 12.11 OK
r-devel-linux-x86_64-fedora-clang 0.2-1 23.09 OK
r-devel-linux-x86_64-fedora-gcc 0.2-1 23.08 OK
r-devel-osx-x86_64-clang 0.2-1 24.82 OK
r-devel-osx-x86_64-gcc 0.2-1 OK
r-devel-windows-ix86+x86_64 0.2-1 2.00 18.00 20.00 OK
r-patched-linux-x86_64 0.2-1 0.69 11.36 12.05 OK
r-patched-solaris-sparc 0.2-1 131.50 OK
r-patched-solaris-x86 0.2-1 33.40 OK
r-release-linux-ix86 0.2-1 1.00 24.00 25.00 OK
r-release-linux-x86_64 0.2-1 0.67 11.32 12.00 OK
r-release-osx-x86_64-mavericks 0.2-1 WARN
r-release-osx-x86_64-snowleopard 0.2-1 WARN
r-release-windows-ix86+x86_64 0.2-1 3.00 20.00 23.00 OK
r-oldrel-windows-ix86+x86_64 0.2-1 3.00 20.00 23.00 OK

Check Details

Version: 0.2-1
Check: PDF version of manual
Result: WARNING
    LaTeX errors when creating PDF version.
    This typically indicates Rd problems.
    LaTeX errors found:
    ! LaTeX Error: File `upquote.sty' not found.
    
    Type X to quit or <RETURN> to proceed,
    or enter new name. (Default extension: sty)
    
    5deba00b/Rd2.tex:8: ==> Fatal error occurred, no output PDF file produced!
Flavor: r-release-osx-x86_64-mavericks

Version: 0.2-1
Check: examples
Result: WARNING
    checking a package with encoding 'latin1' in an ASCII locale
    
     OK
Flavor: r-release-osx-x86_64-snowleopard