CRAN Package Check Results for Package lspls

Last updated on 2015-05-22 23:48:02.

Flavor Version Tinstall Tcheck Ttotal Status Flags
r-devel-linux-x86_64-debian-clang 0.2-1 0.64 10.57 11.22 NOTE
r-devel-linux-x86_64-debian-gcc 0.2-1 0.71 10.28 10.99 NOTE
r-devel-linux-x86_64-fedora-clang 0.2-1 21.28 NOTE
r-devel-linux-x86_64-fedora-gcc 0.2-1 19.54 NOTE
r-devel-osx-x86_64-clang 0.2-1 24.48 NOTE
r-devel-windows-ix86+x86_64 0.2-1 3.00 18.00 21.00 NOTE
r-patched-linux-x86_64 0.2-1 0.75 10.38 11.14 NOTE
r-patched-solaris-sparc 0.2-1 138.90 NOTE
r-patched-solaris-x86 0.2-1 29.90 NOTE
r-release-linux-x86_64 0.2-1 0.71 10.60 11.31 NOTE
r-release-osx-x86_64-mavericks 0.2-1 NOTE
r-release-osx-x86_64-snowleopard 0.2-1 NOTE
r-release-windows-ix86+x86_64 0.2-1 3.00 19.00 22.00 NOTE
r-oldrel-windows-ix86+x86_64 0.2-1 3.00 29.00 32.00 NOTE

Check Details

Version: 0.2-1
Check: R code for possible problems
Result: NOTE
    lsplsCv: no visible global function definition for ‘cvsegments’
    orthlspls.fit: no visible binding for global variable ‘oscorespls.fit’
    orthlsplsCv: no visible binding for global variable ‘oscorespls.fit’
Flavors: r-devel-linux-x86_64-debian-clang, r-devel-linux-x86_64-debian-gcc, r-devel-linux-x86_64-fedora-clang, r-devel-linux-x86_64-fedora-gcc, r-devel-osx-x86_64-clang, r-devel-windows-ix86+x86_64, r-patched-linux-x86_64, r-patched-solaris-sparc, r-patched-solaris-x86, r-release-linux-x86_64, r-release-osx-x86_64-mavericks, r-release-osx-x86_64-snowleopard, r-release-windows-ix86+x86_64, r-oldrel-windows-ix86+x86_64