CRAN Package Check Results for Package lspls

Last updated on 2014-11-23 09:50:15.

Flavor Version Tinstall Tcheck Ttotal Status Flags
r-devel-linux-x86_64-debian-clang 0.2-1 0.66 11.34 12.01 NOTE
r-devel-linux-x86_64-debian-gcc 0.2-1 0.65 11.24 11.89 NOTE
r-devel-linux-x86_64-fedora-clang 0.2-1 24.80 NOTE
r-devel-linux-x86_64-fedora-gcc 0.2-1 23.18 NOTE
r-devel-osx-x86_64-clang 0.2-1 26.78 NOTE
r-devel-windows-ix86+x86_64 0.2-1 3.00 19.00 22.00 NOTE
r-patched-linux-x86_64 0.2-1 0.68 11.37 12.04 NOTE
r-patched-solaris-sparc 0.2-1 133.90 NOTE
r-patched-solaris-x86 0.2-1 34.10 NOTE
r-release-linux-ix86 0.2-1 0.94 16.87 17.80 NOTE
r-release-linux-x86_64 0.2-1 0.67 11.18 11.84 NOTE
r-release-osx-x86_64-mavericks 0.2-1 OK
r-release-osx-x86_64-snowleopard 0.2-1 WARN
r-release-windows-ix86+x86_64 0.2-1 3.00 20.00 23.00 NOTE
r-oldrel-windows-ix86+x86_64 0.2-1 2.00 20.00 22.00 OK

Check Details

Version: 0.2-1
Check: R code for possible problems
Result: NOTE
    lsplsCv: no visible global function definition for ‘cvsegments’
    orthlspls.fit: no visible binding for global variable ‘oscorespls.fit’
    orthlsplsCv: no visible binding for global variable ‘oscorespls.fit’
Flavors: r-devel-linux-x86_64-debian-clang, r-devel-linux-x86_64-debian-gcc, r-devel-linux-x86_64-fedora-clang, r-devel-linux-x86_64-fedora-gcc, r-devel-osx-x86_64-clang, r-devel-windows-ix86+x86_64, r-patched-linux-x86_64, r-patched-solaris-sparc, r-patched-solaris-x86, r-release-linux-ix86, r-release-linux-x86_64, r-release-windows-ix86+x86_64

Version: 0.2-1
Check: examples
Result: WARN
    checking a package with encoding 'latin1' in an ASCII locale
    
     OK
Flavor: r-release-osx-x86_64-snowleopard