CRAN Package Check Results for Package lspls

Last updated on 2015-08-03 23:47:55.

Flavor Version Tinstall Tcheck Ttotal Status Flags
r-devel-linux-x86_64-debian-clang 0.2-1 0.64 10.17 10.80 NOTE
r-devel-linux-x86_64-debian-gcc 0.2-1 0.59 10.06 10.65 NOTE
r-devel-linux-x86_64-fedora-clang 0.2-1 20.53 NOTE
r-devel-linux-x86_64-fedora-gcc 0.2-1 19.23 NOTE
r-devel-osx-x86_64-clang 0.2-1 21.02 NOTE
r-devel-windows-ix86+x86_64 0.2-1 3.00 36.00 39.00 NOTE
r-patched-linux-x86_64 0.2-1 0.78 10.64 11.41 NOTE
r-patched-solaris-sparc 0.2-1 130.50 NOTE
r-patched-solaris-x86 0.2-1 30.20 NOTE
r-release-linux-x86_64 0.2-1 0.63 10.20 10.83 NOTE
r-release-osx-x86_64-mavericks 0.2-1 NOTE
r-release-windows-ix86+x86_64 0.2-1 5.00 30.00 35.00 NOTE
r-oldrel-windows-ix86+x86_64 0.2-1 5.00 23.00 28.00 NOTE

Check Details

Version: 0.2-1
Check: R code for possible problems
Result: NOTE
    MSEP.lsplsCv: no visible global function definition for
     ‘model.response’
    MSEP.lsplsCv: no visible global function definition for ‘model.frame’
    MSEP.lsplsCv: no visible global function definition for ‘sd’
    R2.lsplsCv: no visible global function definition for ‘model.response’
    R2.lsplsCv: no visible global function definition for ‘model.frame’
    R2.lsplsCv: no visible binding for global variable ‘var’
    loadingplot.lspls: no visible global function definition for ‘par’
    loadingplot.lspls: no visible global function definition for ‘n2mfrow’
    lspls: no visible global function definition for ‘terms’
    lspls: no visible global function definition for ‘model.response’
    lsplsCv: no visible global function definition for ‘terms’
    lsplsCv: no visible global function definition for ‘model.response’
    lsplsCv: no visible global function definition for ‘cvsegments’
    lsplsCv: no visible global function definition for ‘delete.response’
    orthlspls.fit: no visible binding for global variable ‘oscorespls.fit’
    orthlspls.fit: no visible global function definition for ‘lm.fit’
    orthlsplsCv : cvPredRest: no visible global function definition for
     ‘Quote’
    orthlsplsCv : cvPredRest: no visible global function definition for
     ‘lm.fit’
    orthlsplsCv: no visible global function definition for ‘Quote’
    orthlsplsCv: no visible binding for global variable ‘oscorespls.fit’
    orthlsplsCv: no visible global function definition for ‘lm.fit’
    plot.lsplsCv: no visible global function definition for ‘par’
    plot.lsplsCv: no visible global function definition for ‘n2mfrow’
    plot.lsplsCv: no visible global function definition for ‘text’
    plot.lsplsCv: no visible global function definition for ‘lines’
    plot.lsplsCv: no visible global function definition for ‘terms’
    plot.lsplsCv: no visible global function definition for ‘axis’
    plot.lsplsCv: no visible global function definition for ‘mtext’
    predict.lspls: no visible binding for global variable ‘na.pass’
    predict.lspls: no visible global function definition for
     ‘delete.response’
    predict.lspls: no visible global function definition for ‘terms’
    predict.lspls: no visible global function definition for ‘model.frame’
    predict.lspls: no visible global function definition for
     ‘.checkMFClasses’
    scoreplot.lspls: no visible global function definition for ‘par’
    Undefined global functions or variables:
     .checkMFClasses Quote axis cvsegments delete.response lines lm.fit
     model.frame model.response mtext n2mfrow na.pass oscorespls.fit par
     sd terms text var
    Consider adding
     importFrom("grDevices", "n2mfrow")
     importFrom("graphics", "axis", "lines", "mtext", "par", "text")
     importFrom("methods", "Quote")
     importFrom("stats", ".checkMFClasses", "delete.response", "lm.fit",
     "model.frame", "model.response", "na.pass", "sd", "terms",
     "var")
    to your NAMESPACE.
Flavors: r-devel-linux-x86_64-debian-clang, r-devel-linux-x86_64-debian-gcc, r-devel-linux-x86_64-fedora-clang, r-devel-linux-x86_64-fedora-gcc, r-devel-windows-ix86+x86_64

Version: 0.2-1
Check: R code for possible problems
Result: NOTE
    lsplsCv: no visible global function definition for ‘cvsegments’
    orthlspls.fit: no visible binding for global variable ‘oscorespls.fit’
    orthlsplsCv: no visible binding for global variable ‘oscorespls.fit’
    Undefined global functions or variables:
     cvsegments oscorespls.fit
Flavor: r-devel-osx-x86_64-clang

Version: 0.2-1
Check: R code for possible problems
Result: NOTE
    lsplsCv: no visible global function definition for ‘cvsegments’
    orthlspls.fit: no visible binding for global variable ‘oscorespls.fit’
    orthlsplsCv: no visible binding for global variable ‘oscorespls.fit’
Flavors: r-patched-linux-x86_64, r-patched-solaris-sparc, r-patched-solaris-x86, r-release-linux-x86_64, r-release-osx-x86_64-mavericks, r-release-windows-ix86+x86_64, r-oldrel-windows-ix86+x86_64