CRAN Package Check Results for Package lspls

Last updated on 2014-10-21 03:49:09.

Flavor Version Tinstall Tcheck Ttotal Status Flags
r-devel-linux-x86_64-debian-clang 0.2-1 0.66 11.42 12.08 NOTE
r-devel-linux-x86_64-debian-gcc 0.2-1 0.83 11.28 12.11 NOTE
r-devel-linux-x86_64-fedora-clang 0.2-1 23.88 NOTE
r-devel-linux-x86_64-fedora-gcc 0.2-1 22.33 NOTE
r-devel-osx-x86_64-clang 0.2-1 27.13 NOTE
r-devel-windows-ix86+x86_64 0.2-1 3.00 20.00 23.00 NOTE
r-patched-linux-x86_64 0.2-1 0.69 11.27 11.96 NOTE
r-patched-solaris-sparc 0.2-1 133.90 NOTE
r-patched-solaris-x86 0.2-1 34.30 NOTE
r-release-linux-ix86 0.2-1 1.01 17.20 18.21 OK
r-release-linux-x86_64 0.2-1 0.76 11.48 12.24 OK
r-release-osx-x86_64-mavericks 0.2-1 OK
r-release-osx-x86_64-snowleopard 0.2-1 WARN
r-release-windows-ix86+x86_64 0.2-1 3.00 20.00 23.00 OK
r-oldrel-windows-ix86+x86_64 0.2-1 3.00 21.00 24.00 OK

Check Details

Version: 0.2-1
Check: R code for possible problems
Result: NOTE
    lsplsCv: no visible global function definition for ‘cvsegments’
    orthlspls.fit: no visible binding for global variable ‘oscorespls.fit’
    orthlsplsCv: no visible binding for global variable ‘oscorespls.fit’
Flavors: r-devel-linux-x86_64-debian-clang, r-devel-linux-x86_64-debian-gcc, r-devel-linux-x86_64-fedora-clang, r-devel-linux-x86_64-fedora-gcc, r-devel-osx-x86_64-clang, r-devel-windows-ix86+x86_64, r-patched-linux-x86_64, r-patched-solaris-sparc, r-patched-solaris-x86

Version: 0.2-1
Check: examples
Result: WARN
    checking a package with encoding 'latin1' in an ASCII locale
    
     OK
Flavor: r-release-osx-x86_64-snowleopard