CRAN Package Check Results for Package lspls

Last updated on 2015-04-26 17:47:42.

Flavor Version Tinstall Tcheck Ttotal Status Flags
r-devel-linux-x86_64-debian-clang 0.2-1 0.62 10.64 11.26 NOTE
r-devel-linux-x86_64-debian-gcc 0.2-1 0.61 10.42 11.03 NOTE
r-devel-linux-x86_64-fedora-clang 0.2-1 20.73 NOTE
r-devel-linux-x86_64-fedora-gcc 0.2-1 20.19 NOTE
r-devel-osx-x86_64-clang 0.2-1 24.38 NOTE
r-devel-windows-ix86+x86_64 0.2-1 3.00 19.00 22.00 NOTE
r-patched-linux-x86_64 0.2-1 0.61 10.68 11.29 NOTE
r-patched-solaris-sparc 0.2-1 130.50 NOTE
r-patched-solaris-x86 0.2-1 29.80 NOTE
r-release-linux-x86_64 0.2-1 0.66 10.73 11.39 NOTE
r-release-osx-x86_64-mavericks 0.2-1 NOTE
r-release-osx-x86_64-snowleopard 0.2-1 NOTE
r-release-windows-ix86+x86_64 0.2-1 3.00 18.00 21.00 NOTE
r-oldrel-windows-ix86+x86_64 0.2-1 3.00 25.00 28.00 NOTE

Check Details

Version: 0.2-1
Check: R code for possible problems
Result: NOTE
    lsplsCv: no visible global function definition for ‘cvsegments’
    orthlspls.fit: no visible binding for global variable ‘oscorespls.fit’
    orthlsplsCv: no visible binding for global variable ‘oscorespls.fit’
Flavors: r-devel-linux-x86_64-fedora-clang, r-devel-linux-x86_64-fedora-gcc, r-devel-osx-x86_64-clang, r-devel-windows-ix86+x86_64, r-patched-solaris-sparc, r-patched-solaris-x86, r-release-osx-x86_64-mavericks, r-release-osx-x86_64-snowleopard, r-release-windows-ix86+x86_64, r-oldrel-windows-ix86+x86_64