CRAN Package Check Results for Package lspls

Last updated on 2014-09-22 08:49:21.

Flavor Version Tinstall Tcheck Ttotal Status Flags
r-devel-linux-x86_64-debian-clang 0.2-1 0.77 10.97 11.74 NOTE
r-devel-linux-x86_64-debian-gcc 0.2-1 0.62 10.57 11.20 NOTE
r-devel-linux-x86_64-fedora-clang 0.2-1 23.07 NOTE
r-devel-linux-x86_64-fedora-gcc 0.2-1 20.40 NOTE
r-devel-osx-x86_64-clang 0.2-1 26.78 NOTE
r-devel-windows-ix86+x86_64 0.2-1 2.00 18.00 20.00 NOTE
r-patched-linux-x86_64 0.2-1 0.65 11.20 11.86 OK
r-patched-solaris-sparc 0.2-1 127.40 OK
r-patched-solaris-x86 0.2-1 33.80 OK
r-release-linux-ix86 0.2-1 0.97 17.12 18.08 OK
r-release-linux-x86_64 0.2-1 0.68 11.25 11.93 OK
r-release-osx-x86_64-mavericks 0.2-1 OK
r-release-osx-x86_64-snowleopard 0.2-1 WARN
r-release-windows-ix86+x86_64 0.2-1 2.00 19.00 21.00 OK
r-oldrel-windows-ix86+x86_64 0.2-1 3.00 20.00 23.00 OK

Check Details

Version: 0.2-1
Check: R code for possible problems
Result: NOTE
    lsplsCv: no visible global function definition for ‘cvsegments’
    orthlspls.fit: no visible binding for global variable ‘oscorespls.fit’
    orthlsplsCv: no visible binding for global variable ‘oscorespls.fit’
Flavors: r-devel-linux-x86_64-debian-clang, r-devel-linux-x86_64-debian-gcc, r-devel-linux-x86_64-fedora-clang, r-devel-linux-x86_64-fedora-gcc, r-devel-osx-x86_64-clang, r-devel-windows-ix86+x86_64

Version: 0.2-1
Check: examples
Result: WARN
    checking a package with encoding 'latin1' in an ASCII locale
    
     OK
Flavor: r-release-osx-x86_64-snowleopard