CRAN Package Check Results for Package lsr

Last updated on 2016-12-10 18:49:35.

Flavor Version Tinstall Tcheck Ttotal Status Flags
r-devel-linux-x86_64-debian-clang 0.5 0.88 17.33 18.21 NOTE
r-devel-linux-x86_64-debian-gcc 0.5 0.90 17.50 18.40 NOTE
r-devel-linux-x86_64-fedora-clang 0.5 32.92 NOTE --no-stop-on-test-error
r-devel-linux-x86_64-fedora-gcc 0.5 32.48 NOTE --no-stop-on-test-error
r-devel-macos-x86_64-clang 0.5 27.67 NOTE --no-stop-on-test-error
r-devel-windows-ix86+x86_64 0.5 5.00 37.00 42.00 NOTE
r-patched-linux-x86_64 0.5 0.74 14.68 15.43 NOTE
r-patched-solaris-sparc 0.5 169.90 NOTE
r-patched-solaris-x86 0.5 33.90 NOTE
r-release-linux-x86_64 0.5 0.80 14.55 15.35 NOTE
r-release-osx-x86_64-mavericks 0.5 NOTE
r-release-windows-ix86+x86_64 0.5 3.00 34.00 37.00 NOTE
r-oldrel-windows-ix86+x86_64 0.5 3.00 30.00 33.00 OK

Check Details

Version: 0.5
Check: R code for possible problems
Result: NOTE
    aad: no visible global function definition for ‘is’
    associationTest: no visible global function definition for ‘is’
    associationTest: no visible global function definition for
     ‘model.frame’
    associationTest: no visible binding for global variable ‘na.pass’
    associationTest: no visible global function definition for ‘xtabs’
    associationTest: no visible global function definition for ‘chisq.test’
    bars : addOneErrorBar: no visible global function definition for
     ‘lines’
    bars: no visible global function definition for ‘is’
    bars: no visible global function definition for ‘model.frame’
    bars : <anonymous>: no visible global function definition for ‘is’
    bars: no visible global function definition for ‘aggregate’
    bars: no visible global function definition for ‘rainbow’
    bars: no visible global function definition for ‘par’
    bars: no visible global function definition for ‘barplot’
    bars: no visible global function definition for ‘legend’
    ciMean: no visible global function definition for ‘is’
    ciMean : computeCI: no visible global function definition for ‘qt’
    ciMean : computeCI: no visible global function definition for ‘sd’
    cohensD: no visible global function definition for ‘is’
    cohensD: no visible global function definition for ‘model.frame’
    cohensD: no visible global function definition for ‘sd’
    cohensD: no visible global function definition for ‘var’
    colCopy: no visible global function definition for ‘is’
    correlate : getCT: no visible global function definition for ‘cor.test’
    correlate: no visible global function definition for ‘p.adjust’
    cramersV: no visible global function definition for ‘chisq.test’
    etaSquared: no visible global function definition for ‘is’
    etaSquared: no visible global function definition for ‘lm’
    etaSquared: no visible global function definition for ‘drop1’
    etaSquared: no visible global function definition for ‘pf’
    expandFactors: no visible binding for global variable ‘na.pass’
    expandFactors: no visible global function definition for ‘model.matrix’
    expandFactors: no visible global function definition for ‘as.formula’
    goodnessOfFitTest: no visible global function definition for ‘is’
    goodnessOfFitTest: no visible global function definition for
     ‘chisq.test’
    importList: no visible global function definition for ‘is’
    independentSamplesTTest: no visible global function definition for ‘is’
    independentSamplesTTest: no visible global function definition for
     ‘model.frame’
    independentSamplesTTest: no visible binding for global variable
     ‘na.pass’
    independentSamplesTTest: no visible global function definition for
     ‘t.test’
    independentSamplesTTest: no visible global function definition for
     ‘aggregate’
    independentSamplesTTest: no visible binding for global variable ‘sd’
    longToWide: no visible global function definition for ‘reshape’
    maxFreq: no visible global function definition for ‘is’
    modeOf: no visible global function definition for ‘is’
    oneSampleTTest: no visible global function definition for ‘is’
    oneSampleTTest: no visible global function definition for ‘t.test’
    oneSampleTTest: no visible global function definition for ‘sd’
    pairedSamplesTTest: no visible global function definition for ‘is’
    pairedSamplesTTest: no visible global function definition for
     ‘as.formula’
    pairedSamplesTTest: no visible global function definition for
     ‘model.frame’
    pairedSamplesTTest: no visible binding for global variable ‘na.pass’
    pairedSamplesTTest: no visible global function definition for ‘t.test’
    pairedSamplesTTest: no visible binding for global variable ‘sd’
    pairedSamplesTTest: no visible global function definition for ‘sd’
    permuteLevels: no visible global function definition for ‘is’
    posthocPairwiseT: no visible global function definition for ‘is’
    posthocPairwiseT: no visible global function definition for
     ‘pairwise.t.test’
    quantileCut: no visible global function definition for ‘is’
    quantileCut: no visible global function definition for ‘quantile’
    rowCopy: no visible global function definition for ‘is’
    sortFrame: no visible global function definition for ‘is’
    sortFrame: no visible binding for global variable ‘is’
    standardCoefs: no visible global function definition for ‘is’
    standardCoefs: no visible global function definition for ‘model.matrix’
    standardCoefs: no visible global function definition for ‘sd’
    standardCoefs: no visible binding for global variable ‘sd’
    tFrame: no visible global function definition for ‘is’
    wideToLong: no visible global function definition for ‘reshape’
    Undefined global functions or variables:
     aggregate as.formula barplot chisq.test cor.test drop1 is legend
     lines lm model.frame model.matrix na.pass p.adjust pairwise.t.test
     par pf qt quantile rainbow reshape sd t.test var xtabs
    Consider adding
     importFrom("grDevices", "rainbow")
     importFrom("graphics", "barplot", "legend", "lines", "par")
     importFrom("methods", "is")
     importFrom("stats", "aggregate", "as.formula", "chisq.test",
     "cor.test", "drop1", "lm", "model.frame", "model.matrix",
     "na.pass", "p.adjust", "pairwise.t.test", "pf", "qt",
     "quantile", "reshape", "sd", "t.test", "var", "xtabs")
    to your NAMESPACE file (and ensure that your DESCRIPTION Imports field
    contains 'methods').
Flavors: r-devel-linux-x86_64-debian-clang, r-devel-linux-x86_64-debian-gcc, r-devel-windows-ix86+x86_64, r-patched-linux-x86_64, r-patched-solaris-sparc, r-patched-solaris-x86, r-release-linux-x86_64, r-release-osx-x86_64-mavericks, r-release-windows-ix86+x86_64

Version: 0.5
Flags: --no-stop-on-test-error
Check: R code for possible problems
Result: NOTE
    aad: no visible global function definition for ‘is’
    associationTest: no visible global function definition for ‘is’
    associationTest: no visible global function definition for
     ‘model.frame’
    associationTest: no visible binding for global variable ‘na.pass’
    associationTest: no visible global function definition for ‘xtabs’
    associationTest: no visible global function definition for ‘chisq.test’
    bars : addOneErrorBar: no visible global function definition for
     ‘lines’
    bars: no visible global function definition for ‘is’
    bars: no visible global function definition for ‘model.frame’
    bars : <anonymous>: no visible global function definition for ‘is’
    bars: no visible global function definition for ‘aggregate’
    bars: no visible global function definition for ‘rainbow’
    bars: no visible global function definition for ‘par’
    bars: no visible global function definition for ‘barplot’
    bars: no visible global function definition for ‘legend’
    ciMean: no visible global function definition for ‘is’
    ciMean : computeCI: no visible global function definition for ‘qt’
    ciMean : computeCI: no visible global function definition for ‘sd’
    cohensD: no visible global function definition for ‘is’
    cohensD: no visible global function definition for ‘model.frame’
    cohensD: no visible global function definition for ‘sd’
    cohensD: no visible global function definition for ‘var’
    colCopy: no visible global function definition for ‘is’
    correlate : getCT: no visible global function definition for ‘cor.test’
    correlate: no visible global function definition for ‘p.adjust’
    cramersV: no visible global function definition for ‘chisq.test’
    etaSquared: no visible global function definition for ‘is’
    etaSquared: no visible global function definition for ‘lm’
    etaSquared: no visible global function definition for ‘drop1’
    etaSquared: no visible global function definition for ‘pf’
    expandFactors: no visible binding for global variable ‘na.pass’
    expandFactors: no visible global function definition for ‘model.matrix’
    expandFactors: no visible global function definition for ‘as.formula’
    goodnessOfFitTest: no visible global function definition for ‘is’
    goodnessOfFitTest: no visible global function definition for
     ‘chisq.test’
    importList: no visible global function definition for ‘is’
    independentSamplesTTest: no visible global function definition for ‘is’
    independentSamplesTTest: no visible global function definition for
     ‘model.frame’
    independentSamplesTTest: no visible binding for global variable
     ‘na.pass’
    independentSamplesTTest: no visible global function definition for
     ‘t.test’
    independentSamplesTTest: no visible global function definition for
     ‘aggregate’
    independentSamplesTTest: no visible binding for global variable ‘sd’
    longToWide: no visible global function definition for ‘reshape’
    maxFreq: no visible global function definition for ‘is’
    modeOf: no visible global function definition for ‘is’
    oneSampleTTest: no visible global function definition for ‘is’
    oneSampleTTest: no visible global function definition for ‘t.test’
    oneSampleTTest: no visible global function definition for ‘sd’
    pairedSamplesTTest: no visible global function definition for ‘is’
    pairedSamplesTTest: no visible global function definition for
     ‘as.formula’
    pairedSamplesTTest: no visible global function definition for
     ‘model.frame’
    pairedSamplesTTest: no visible binding for global variable ‘na.pass’
    pairedSamplesTTest: no visible global function definition for ‘t.test’
    pairedSamplesTTest: no visible binding for global variable ‘sd’
    pairedSamplesTTest: no visible global function definition for ‘sd’
    permuteLevels: no visible global function definition for ‘is’
    posthocPairwiseT: no visible global function definition for ‘is’
    posthocPairwiseT: no visible global function definition for
     ‘pairwise.t.test’
    quantileCut: no visible global function definition for ‘is’
    quantileCut: no visible global function definition for ‘quantile’
    rowCopy: no visible global function definition for ‘is’
    sortFrame: no visible global function definition for ‘is’
    sortFrame: no visible binding for global variable ‘is’
    standardCoefs: no visible global function definition for ‘is’
    standardCoefs: no visible global function definition for ‘model.matrix’
    standardCoefs: no visible global function definition for ‘sd’
    standardCoefs: no visible binding for global variable ‘sd’
    tFrame: no visible global function definition for ‘is’
    wideToLong: no visible global function definition for ‘reshape’
    Undefined global functions or variables:
     aggregate as.formula barplot chisq.test cor.test drop1 is legend
     lines lm model.frame model.matrix na.pass p.adjust pairwise.t.test
     par pf qt quantile rainbow reshape sd t.test var xtabs
    Consider adding
     importFrom("grDevices", "rainbow")
     importFrom("graphics", "barplot", "legend", "lines", "par")
     importFrom("methods", "is")
     importFrom("stats", "aggregate", "as.formula", "chisq.test",
     "cor.test", "drop1", "lm", "model.frame", "model.matrix",
     "na.pass", "p.adjust", "pairwise.t.test", "pf", "qt",
     "quantile", "reshape", "sd", "t.test", "var", "xtabs")
    to your NAMESPACE file (and ensure that your DESCRIPTION Imports field
    contains 'methods').
Flavors: r-devel-linux-x86_64-fedora-clang, r-devel-linux-x86_64-fedora-gcc, r-devel-macos-x86_64-clang