CRAN Package Check Results for Package lsr

Last updated on 2015-06-30 06:47:03.

Flavor Version Tinstall Tcheck Ttotal Status Flags
r-devel-linux-x86_64-debian-clang 0.5 0.74 14.32 15.07 NOTE
r-devel-linux-x86_64-debian-gcc 0.5 0.88 13.57 14.45 NOTE
r-devel-linux-x86_64-fedora-clang 0.5 27.77 OK
r-devel-linux-x86_64-fedora-gcc 0.5 25.14 OK
r-devel-osx-x86_64-clang 0.5 28.59 OK
r-devel-windows-ix86+x86_64 0.5 6.00 34.00 40.00 OK
r-patched-linux-x86_64 0.5 0.78 14.43 15.21 OK
r-patched-solaris-sparc 0.5 201.50 OK
r-patched-solaris-x86 0.5 38.10 OK
r-release-linux-x86_64 0.5 0.75 14.54 15.30 OK
r-release-osx-x86_64-mavericks 0.5 OK
r-release-windows-ix86+x86_64 0.5 3.00 27.00 30.00 OK
r-oldrel-windows-ix86+x86_64 0.5 5.00 26.00 31.00 OK

Check Details

Version: 0.5
Check: R code for possible problems
Result: NOTE
    aad: no visible global function definition for ‘is’
    associationTest: no visible global function definition for ‘is’
    associationTest: no visible global function definition for
     ‘model.frame’
    associationTest: no visible binding for global variable ‘na.pass’
    associationTest: no visible global function definition for ‘xtabs’
    associationTest: no visible global function definition for ‘chisq.test’
    bars : addOneErrorBar: no visible global function definition for
     ‘lines’
    bars: no visible global function definition for ‘is’
    bars: no visible global function definition for ‘model.frame’
    bars : <anonymous>: no visible global function definition for ‘is’
    bars: no visible global function definition for ‘aggregate’
    bars: no visible global function definition for ‘rainbow’
    bars: no visible global function definition for ‘par’
    bars: no visible global function definition for ‘barplot’
    bars: no visible global function definition for ‘legend’
    ciMean: no visible global function definition for ‘is’
    ciMean : computeCI: no visible global function definition for ‘qt’
    ciMean : computeCI: no visible global function definition for ‘sd’
    cohensD: no visible global function definition for ‘is’
    cohensD: no visible global function definition for ‘model.frame’
    cohensD: no visible global function definition for ‘sd’
    cohensD: no visible global function definition for ‘var’
    colCopy: no visible global function definition for ‘is’
    correlate : getCT: no visible global function definition for ‘cor.test’
    correlate: no visible global function definition for ‘p.adjust’
    cramersV: no visible global function definition for ‘chisq.test’
    etaSquared: no visible global function definition for ‘is’
    etaSquared: no visible global function definition for ‘lm’
    etaSquared: no visible global function definition for ‘drop1’
    etaSquared: no visible global function definition for ‘pf’
    expandFactors: no visible binding for global variable ‘na.pass’
    expandFactors: no visible global function definition for ‘model.matrix’
    expandFactors: no visible global function definition for ‘as.formula’
    goodnessOfFitTest: no visible global function definition for ‘is’
    goodnessOfFitTest: no visible global function definition for
     ‘chisq.test’
    importList: no visible global function definition for ‘is’
    independentSamplesTTest: no visible global function definition for ‘is’
    independentSamplesTTest: no visible global function definition for
     ‘model.frame’
    independentSamplesTTest: no visible binding for global variable
     ‘na.pass’
    independentSamplesTTest: no visible global function definition for
     ‘t.test’
    independentSamplesTTest: no visible global function definition for
     ‘aggregate’
    independentSamplesTTest: no visible binding for global variable ‘sd’
    longToWide: no visible global function definition for ‘reshape’
    maxFreq: no visible global function definition for ‘is’
    modeOf: no visible global function definition for ‘is’
    oneSampleTTest: no visible global function definition for ‘is’
    oneSampleTTest: no visible global function definition for ‘t.test’
    oneSampleTTest: no visible global function definition for ‘sd’
    pairedSamplesTTest: no visible global function definition for ‘is’
    pairedSamplesTTest: no visible global function definition for
     ‘as.formula’
    pairedSamplesTTest: no visible global function definition for
     ‘model.frame’
    pairedSamplesTTest: no visible binding for global variable ‘na.pass’
    pairedSamplesTTest: no visible global function definition for ‘t.test’
    pairedSamplesTTest: no visible binding for global variable ‘sd’
    pairedSamplesTTest: no visible global function definition for ‘sd’
    permuteLevels: no visible global function definition for ‘is’
    posthocPairwiseT: no visible global function definition for ‘is’
    posthocPairwiseT: no visible global function definition for
     ‘pairwise.t.test’
    quantileCut: no visible global function definition for ‘is’
    quantileCut: no visible global function definition for ‘quantile’
    rowCopy: no visible global function definition for ‘is’
    sortFrame: no visible global function definition for ‘is’
    sortFrame: no visible binding for global variable ‘is’
    standardCoefs: no visible global function definition for ‘is’
    standardCoefs: no visible global function definition for ‘model.matrix’
    standardCoefs: no visible global function definition for ‘sd’
    standardCoefs: no visible binding for global variable ‘sd’
    tFrame: no visible global function definition for ‘is’
    wideToLong: no visible global function definition for ‘reshape’
Flavors: r-devel-linux-x86_64-debian-clang, r-devel-linux-x86_64-debian-gcc