CRAN Package Check Results for Package lss

Last updated on 2015-08-30 04:48:28.

Flavor Version Tinstall Tcheck Ttotal Status Flags
r-devel-linux-x86_64-debian-clang 0.52 2.66 38.71 41.37 NOTE
r-devel-linux-x86_64-debian-gcc 0.52 3.28 38.07 41.35 NOTE
r-devel-linux-x86_64-fedora-clang 0.52 84.39 NOTE
r-devel-linux-x86_64-fedora-gcc 0.52 84.65 NOTE
r-devel-osx-x86_64-clang 0.52 69.04 NOTE
r-devel-windows-ix86+x86_64 0.52 10.00 83.00 93.00 NOTE
r-patched-linux-x86_64 0.52 2.82 41.08 43.90 NOTE
r-patched-solaris-sparc 0.52 261.60 NOTE
r-patched-solaris-x86 0.52 51.80 NOTE
r-release-linux-x86_64 0.52 2.85 41.15 44.00 NOTE
r-release-osx-x86_64-mavericks 0.52 NOTE
r-release-windows-ix86+x86_64 0.52 10.00 92.00 102.00 NOTE
r-oldrel-windows-ix86+x86_64 0.52 14.00 104.00 118.00 NOTE

Check Details

Version: 0.52
Check: S3 generic/method consistency
Result: NOTE
    Found the following apparent S3 methods exported but not registered:
     print.lss
    See section ‘Registering S3 methods’ in the ‘Writing R Extensions’
    manual.
Flavors: r-devel-linux-x86_64-debian-clang, r-devel-linux-x86_64-debian-gcc, r-devel-linux-x86_64-fedora-clang, r-devel-linux-x86_64-fedora-gcc, r-devel-osx-x86_64-clang, r-patched-linux-x86_64, r-patched-solaris-sparc, r-patched-solaris-x86, r-release-linux-x86_64

Version: 0.52
Check: R code for possible problems
Result: NOTE
    lss: no visible binding for global variable ‘na.exclude’
    lss: no visible global function definition for ‘model.extract’
    lss: no visible binding for global variable ‘response’
    lss: no visible global function definition for ‘model.matrix’
    lss: no visible global function definition for ‘rexp’
    lss: no visible global function definition for ‘pnorm’
    lss.betag: no visible global function definition for ‘l1fit’
    Undefined global functions or variables:
     l1fit model.extract model.matrix na.exclude pnorm response rexp
    Consider adding
     importFrom("stats", "model.extract", "model.matrix", "na.exclude",
     "pnorm", "rexp")
    to your NAMESPACE.
Flavors: r-devel-linux-x86_64-debian-clang, r-devel-linux-x86_64-debian-gcc, r-devel-linux-x86_64-fedora-clang, r-devel-linux-x86_64-fedora-gcc, r-devel-windows-ix86+x86_64

Version: 0.52
Check: Rd line widths
Result: NOTE
    Rd file 'lss.Rd':
     \usage lines wider than 90 characters:
     lss(formula, data, subset, trace = FALSE, mcsize = 500, maxiter = 10, tolerance = 0.001, gehanonly = FALSE, cov = FALSE, na.action = na ... [TRUNCATED]
     \examples lines wider than 100 characters:
     fit1<-lss(cbind(log10(time),status) ~ age + t5,data=stan,subset=!is.na(t5), mcsize=100,trace=TRUE,gehanonly=FALSE,maxiter=10,tolerance= ... [TRUNCATED]
     fit2<-lss(cbind(log10(time),status) ~ age + I(age^2),data=stan,subset=!is.na(t5)&time>=100,mcsize=5,trace=TRUE, gehanonly=FALSE,cov=TRU ... [TRUNCATED]
    
    These lines will be truncated in the PDF manual.
Flavors: r-devel-linux-x86_64-debian-clang, r-devel-linux-x86_64-debian-gcc, r-devel-linux-x86_64-fedora-clang, r-devel-linux-x86_64-fedora-gcc, r-patched-linux-x86_64, r-release-linux-x86_64

Version: 0.52
Check: R code for possible problems
Result: NOTE
    lss: no visible binding for global variable ‘response’
    lss.betag: no visible global function definition for ‘l1fit’
    Undefined global functions or variables:
     l1fit response
Flavor: r-devel-osx-x86_64-clang

Version: 0.52
Check: R code for possible problems
Result: NOTE
    lss: no visible binding for global variable ‘response’
    lss.betag: no visible global function definition for ‘l1fit’
Flavors: r-patched-linux-x86_64, r-patched-solaris-sparc, r-patched-solaris-x86, r-release-linux-x86_64, r-release-osx-x86_64-mavericks, r-release-windows-ix86+x86_64, r-oldrel-windows-ix86+x86_64