CRAN Package Check Results for Package lss

Last updated on 2016-12-10 18:49:35.

Flavor Version Tinstall Tcheck Ttotal Status Flags
r-devel-linux-x86_64-debian-clang 0.52 2.58 39.02 41.59 NOTE
r-devel-linux-x86_64-debian-gcc 0.52 2.61 38.78 41.39 NOTE
r-devel-linux-x86_64-fedora-clang 0.52 93.88 NOTE --no-stop-on-test-error
r-devel-linux-x86_64-fedora-gcc 0.52 91.01 NOTE --no-stop-on-test-error
r-devel-macos-x86_64-clang 0.52 69.05 NOTE --no-stop-on-test-error
r-devel-windows-ix86+x86_64 0.52 6.00 95.00 101.00 NOTE
r-patched-linux-x86_64 0.52 2.25 34.86 37.11 NOTE
r-patched-solaris-sparc 0.52 508.50 NOTE
r-patched-solaris-x86 0.52 102.30 NOTE
r-release-linux-x86_64 0.52 2.30 35.38 37.68 NOTE
r-release-osx-x86_64-mavericks 0.52 NOTE
r-release-windows-ix86+x86_64 0.52 8.00 63.00 71.00 NOTE
r-oldrel-windows-ix86+x86_64 0.52 10.00 64.00 74.00 NOTE

Check Details

Version: 0.52
Check: S3 generic/method consistency
Result: NOTE
    Found the following apparent S3 methods exported but not registered:
     print.lss
    See section ‘Registering S3 methods’ in the ‘Writing R Extensions’
    manual.
Flavors: r-devel-linux-x86_64-debian-clang, r-devel-linux-x86_64-debian-gcc, r-patched-linux-x86_64, r-patched-solaris-sparc, r-patched-solaris-x86, r-release-linux-x86_64

Version: 0.52
Check: R code for possible problems
Result: NOTE
    lss: no visible binding for global variable ‘na.exclude’
    lss: no visible global function definition for ‘model.extract’
    lss: no visible binding for global variable ‘response’
    lss: no visible global function definition for ‘model.matrix’
    lss: no visible global function definition for ‘rexp’
    lss: no visible global function definition for ‘pnorm’
    lss.betag: no visible global function definition for ‘l1fit’
    Undefined global functions or variables:
     l1fit model.extract model.matrix na.exclude pnorm response rexp
    Consider adding
     importFrom("stats", "model.extract", "model.matrix", "na.exclude",
     "pnorm", "rexp")
    to your NAMESPACE file.
Flavors: r-devel-linux-x86_64-debian-clang, r-devel-linux-x86_64-debian-gcc, r-devel-windows-ix86+x86_64, r-patched-linux-x86_64, r-patched-solaris-sparc, r-patched-solaris-x86, r-release-linux-x86_64, r-release-osx-x86_64-mavericks, r-release-windows-ix86+x86_64

Version: 0.52
Check: Rd line widths
Result: NOTE
    Rd file 'lss.Rd':
     \usage lines wider than 90 characters:
     lss(formula, data, subset, trace = FALSE, mcsize = 500, maxiter = 10, tolerance = 0.001, gehanonly = FALSE, cov = FALSE, na.action = na ... [TRUNCATED]
     \examples lines wider than 100 characters:
     fit1<-lss(cbind(log10(time),status) ~ age + t5,data=stan,subset=!is.na(t5), mcsize=100,trace=TRUE,gehanonly=FALSE,maxiter=10,tolerance= ... [TRUNCATED]
     fit2<-lss(cbind(log10(time),status) ~ age + I(age^2),data=stan,subset=!is.na(t5)&time>=100,mcsize=5,trace=TRUE, gehanonly=FALSE,cov=TRU ... [TRUNCATED]
    
    These lines will be truncated in the PDF manual.
Flavors: r-devel-linux-x86_64-debian-clang, r-devel-linux-x86_64-debian-gcc, r-patched-linux-x86_64, r-release-linux-x86_64

Version: 0.52
Flags: --no-stop-on-test-error
Check: S3 generic/method consistency
Result: NOTE
    Found the following apparent S3 methods exported but not registered:
     print.lss
    See section ‘Registering S3 methods’ in the ‘Writing R Extensions’
    manual.
Flavors: r-devel-linux-x86_64-fedora-clang, r-devel-linux-x86_64-fedora-gcc, r-devel-macos-x86_64-clang

Version: 0.52
Flags: --no-stop-on-test-error
Check: R code for possible problems
Result: NOTE
    lss: no visible binding for global variable ‘na.exclude’
    lss: no visible global function definition for ‘model.extract’
    lss: no visible binding for global variable ‘response’
    lss: no visible global function definition for ‘model.matrix’
    lss: no visible global function definition for ‘rexp’
    lss: no visible global function definition for ‘pnorm’
    lss.betag: no visible global function definition for ‘l1fit’
    Undefined global functions or variables:
     l1fit model.extract model.matrix na.exclude pnorm response rexp
    Consider adding
     importFrom("stats", "model.extract", "model.matrix", "na.exclude",
     "pnorm", "rexp")
    to your NAMESPACE file.
Flavors: r-devel-linux-x86_64-fedora-clang, r-devel-linux-x86_64-fedora-gcc, r-devel-macos-x86_64-clang

Version: 0.52
Flags: --no-stop-on-test-error
Check: Rd line widths
Result: NOTE
    Rd file 'lss.Rd':
     \usage lines wider than 90 characters:
     lss(formula, data, subset, trace = FALSE, mcsize = 500, maxiter = 10, tolerance = 0.001, gehanonly = FALSE, cov = FALSE, na.action = na ... [TRUNCATED]
     \examples lines wider than 100 characters:
     fit1<-lss(cbind(log10(time),status) ~ age + t5,data=stan,subset=!is.na(t5), mcsize=100,trace=TRUE,gehanonly=FALSE,maxiter=10,tolerance= ... [TRUNCATED]
     fit2<-lss(cbind(log10(time),status) ~ age + I(age^2),data=stan,subset=!is.na(t5)&time>=100,mcsize=5,trace=TRUE, gehanonly=FALSE,cov=TRU ... [TRUNCATED]
    
    These lines will be truncated in the PDF manual.
Flavors: r-devel-linux-x86_64-fedora-clang, r-devel-linux-x86_64-fedora-gcc

Version: 0.52
Check: R code for possible problems
Result: NOTE
    lss: no visible binding for global variable 'response'
    lss.betag: no visible global function definition for 'l1fit'
Flavor: r-oldrel-windows-ix86+x86_64