CRAN Package Check Results for Package lss

Last updated on 2014-07-24 05:48:28.

Flavor Version Tinstall Tcheck Ttotal Status Flags
r-devel-linux-x86_64-debian-clang 0.52 0.89 21.69 22.58 NOTE
r-devel-linux-x86_64-debian-gcc 0.52 0.88 20.44 21.33 NOTE
r-devel-linux-x86_64-fedora-clang 0.52 46.25 NOTE
r-devel-linux-x86_64-fedora-gcc 0.52 41.37 NOTE
r-devel-osx-x86_64-clang 0.52 41.00 NOTE
r-devel-windows-ix86+x86_64 0.52 3.00 32.00 35.00 NOTE
r-patched-linux-x86_64 0.52 0.91 19.99 20.90 NOTE
r-patched-solaris-sparc 0.52 277.10 NOTE
r-patched-solaris-x86 0.52 59.60 NOTE
r-release-linux-ix86 0.52 1.21 28.49 29.70 NOTE
r-release-linux-x86_64 0.52 1.02 20.52 21.55 NOTE
r-release-osx-x86_64-mavericks 0.52 NOTE
r-release-osx-x86_64-snowleopard 0.52 NOTE
r-release-windows-ix86+x86_64 0.52 3.00 33.00 36.00 NOTE
r-oldrel-windows-ix86+x86_64 0.52 3.00 33.00 36.00 NOTE

Check Details

Version: 0.52
Check: R code for possible problems
Result: NOTE
    lss: no visible binding for global variable ‘response’
    lss.betag: no visible global function definition for ‘l1fit’
Flavors: r-devel-linux-x86_64-debian-clang, r-devel-linux-x86_64-debian-gcc, r-devel-linux-x86_64-fedora-clang, r-devel-linux-x86_64-fedora-gcc, r-devel-osx-x86_64-clang, r-devel-windows-ix86+x86_64, r-patched-linux-x86_64, r-patched-solaris-sparc, r-patched-solaris-x86, r-release-linux-ix86, r-release-linux-x86_64, r-release-osx-x86_64-mavericks, r-release-osx-x86_64-snowleopard, r-release-windows-ix86+x86_64, r-oldrel-windows-ix86+x86_64

Version: 0.52
Check: Rd line widths
Result: NOTE
    Rd file 'lss.Rd':
     \usage lines wider than 90 characters:
     lss(formula, data, subset, trace = FALSE, mcsize = 500, maxiter = 10, tolerance = 0.001, gehanonly = FALSE, cov = FALSE, na.action = na ... [TRUNCATED]
     \examples lines wider than 100 characters:
     fit1<-lss(cbind(log10(time),status) ~ age + t5,data=stan,subset=!is.na(t5), mcsize=100,trace=TRUE,gehanonly=FALSE,maxiter=10,tolerance= ... [TRUNCATED]
     fit2<-lss(cbind(log10(time),status) ~ age + I(age^2),data=stan,subset=!is.na(t5)&time>=100,mcsize=5,trace=TRUE, gehanonly=FALSE,cov=TRU ... [TRUNCATED]
    
    These lines will be truncated in the PDF manual.
Flavors: r-devel-linux-x86_64-fedora-clang, r-devel-linux-x86_64-fedora-gcc