CRAN Package Check Results for Package ltm

Last updated on 2015-01-31 04:47:57.

Flavor Version Tinstall Tcheck Ttotal Status Flags
r-devel-linux-x86_64-debian-clang 1.0-0 4.10 64.87 68.97 NOTE
r-devel-linux-x86_64-debian-gcc 1.0-0 3.30 63.02 66.32 NOTE
r-devel-linux-x86_64-fedora-clang 1.0-0 169.64 NOTE
r-devel-linux-x86_64-fedora-gcc 1.0-0 164.08 NOTE
r-devel-osx-x86_64-clang 1.0-0 141.72 NOTE
r-devel-windows-ix86+x86_64 1.0-0 10.00 88.00 98.00 NOTE
r-patched-linux-x86_64 1.0-0 4.34 77.93 82.27 NOTE
r-patched-solaris-sparc 1.0-0 952.50 NOTE
r-patched-solaris-x86 1.0-0 220.70 NOTE
r-release-linux-ix86 1.0-0 4.98 91.42 96.40 NOTE
r-release-linux-x86_64 1.0-0 4.71 78.02 82.74 NOTE
r-release-osx-x86_64-mavericks 1.0-0 NOTE
r-release-osx-x86_64-snowleopard 1.0-0 OK
r-release-windows-ix86+x86_64 1.0-0 12.00 114.00 126.00 NOTE
r-oldrel-windows-ix86+x86_64 1.0-0 13.00 104.00 117.00 OK

Check Details

Version: 1.0-0
Check: S3 generic/method consistency
Result: NOTE
    Found the following apparent S3 methods exported but not registered:
     summary.gpcm summary.grm summary.ltm summary.rasch summary.tpm
    See section ‘Registering S3 methods’ in the ‘Writing R Extensions’
    manual.
Flavors: r-devel-linux-x86_64-debian-clang, r-devel-linux-x86_64-debian-gcc, r-devel-linux-x86_64-fedora-clang, r-devel-linux-x86_64-fedora-gcc, r-devel-osx-x86_64-clang

Version: 1.0-0
Check: R code for possible problems
Result: NOTE
    gauher: no visible binding for global variable ‘gh’
    vcov.gpcm: no visible global function definition for ‘ginv’
    vcov.grm: no visible global function definition for ‘ginv’
Flavors: r-devel-linux-x86_64-debian-clang, r-devel-linux-x86_64-debian-gcc, r-devel-linux-x86_64-fedora-clang, r-devel-linux-x86_64-fedora-gcc, r-devel-osx-x86_64-clang, r-devel-windows-ix86+x86_64, r-patched-linux-x86_64, r-patched-solaris-sparc, r-patched-solaris-x86, r-release-linux-ix86, r-release-linux-x86_64, r-release-osx-x86_64-mavericks, r-release-windows-ix86+x86_64