CRAN Package Check Results for Package ltm

Last updated on 2014-12-19 23:46:59.

Flavor Version Tinstall Tcheck Ttotal Status Flags
r-devel-linux-x86_64-debian-clang 1.0-0 4.20 76.55 80.75 NOTE
r-devel-linux-x86_64-debian-gcc 1.0-0 4.46 73.30 77.76 NOTE
r-devel-linux-x86_64-fedora-clang 1.0-0 180.12 NOTE
r-devel-linux-x86_64-fedora-gcc 1.0-0 159.78 NOTE
r-devel-osx-x86_64-clang 1.0-0 142.53 NOTE
r-devel-windows-ix86+x86_64 1.0-0 14.00 106.00 120.00 NOTE
r-patched-linux-x86_64 1.0-0 4.41 78.23 82.64 NOTE
r-patched-solaris-sparc 1.0-0 964.60 NOTE
r-patched-solaris-x86 1.0-0 212.50 NOTE
r-release-linux-ix86 1.0-0 5.06 91.43 96.49 NOTE
r-release-linux-x86_64 1.0-0 4.33 78.56 82.89 NOTE
r-release-osx-x86_64-mavericks 1.0-0 OK
r-release-osx-x86_64-snowleopard 1.0-0 OK
r-release-windows-ix86+x86_64 1.0-0 14.00 117.00 131.00 NOTE
r-oldrel-windows-ix86+x86_64 1.0-0 12.00 105.00 117.00 OK

Check Details

Version: 1.0-0
Check: R code for possible problems
Result: NOTE
    gauher: no visible binding for global variable ‘gh’
    vcov.gpcm: no visible global function definition for ‘ginv’
    vcov.grm: no visible global function definition for ‘ginv’
Flavors: r-devel-linux-x86_64-debian-clang, r-devel-linux-x86_64-debian-gcc, r-devel-linux-x86_64-fedora-clang, r-devel-linux-x86_64-fedora-gcc, r-devel-osx-x86_64-clang, r-devel-windows-ix86+x86_64, r-patched-linux-x86_64, r-patched-solaris-sparc, r-patched-solaris-x86, r-release-linux-ix86, r-release-linux-x86_64, r-release-windows-ix86+x86_64