CRAN Package Check Results for Package ltm

Last updated on 2015-03-06 14:47:00.

Flavor Version Tinstall Tcheck Ttotal Status Flags
r-devel-linux-x86_64-debian-clang 1.0-0 3.41 66.87 70.28 NOTE
r-devel-linux-x86_64-debian-gcc 1.0-0 3.62 64.86 68.49 NOTE
r-devel-linux-x86_64-fedora-clang 1.0-0 137.03 NOTE
r-devel-linux-x86_64-fedora-gcc 1.0-0 135.97 NOTE
r-devel-osx-x86_64-clang 1.0-0 127.17 NOTE
r-devel-windows-ix86+x86_64 1.0-0 9.00 97.00 106.00 NOTE
r-patched-linux-x86_64 1.0-0 4.82 80.03 84.85 NOTE
r-patched-solaris-sparc 1.0-0 988.10 NOTE
r-patched-solaris-x86 1.0-0 214.20 NOTE
r-release-linux-ix86 1.0-0 5.36 97.99 103.35 NOTE
r-release-linux-x86_64 1.0-0 4.75 78.79 83.54 NOTE
r-release-osx-x86_64-mavericks 1.0-0 NOTE
r-release-osx-x86_64-snowleopard 1.0-0 OK
r-release-windows-ix86+x86_64 1.0-0 12.00 113.00 125.00 NOTE
r-oldrel-windows-ix86+x86_64 1.0-0 12.00 116.00 128.00 OK

Check Details

Version: 1.0-0
Check: S3 generic/method consistency
Result: NOTE
    Found the following apparent S3 methods exported but not registered:
     summary.gpcm summary.grm summary.ltm summary.rasch summary.tpm
    See section ‘Registering S3 methods’ in the ‘Writing R Extensions’
    manual.
Flavors: r-devel-linux-x86_64-debian-clang, r-devel-linux-x86_64-debian-gcc, r-devel-linux-x86_64-fedora-clang, r-devel-linux-x86_64-fedora-gcc, r-devel-osx-x86_64-clang

Version: 1.0-0
Check: R code for possible problems
Result: NOTE
    gauher: no visible binding for global variable ‘gh’
    vcov.gpcm: no visible global function definition for ‘ginv’
    vcov.grm: no visible global function definition for ‘ginv’
Flavors: r-devel-linux-x86_64-debian-clang, r-devel-linux-x86_64-debian-gcc, r-devel-linux-x86_64-fedora-clang, r-devel-linux-x86_64-fedora-gcc, r-devel-osx-x86_64-clang, r-devel-windows-ix86+x86_64, r-patched-linux-x86_64, r-patched-solaris-sparc, r-patched-solaris-x86, r-release-linux-ix86, r-release-linux-x86_64, r-release-osx-x86_64-mavericks, r-release-windows-ix86+x86_64