CRAN Package Check Results for Package ltm

Last updated on 2015-05-06 17:47:56.

Flavor Version Tinstall Tcheck Ttotal Status Flags
r-devel-linux-x86_64-debian-clang 1.0-0 3.50 66.01 69.51 NOTE
r-devel-linux-x86_64-debian-gcc 1.0-0 3.26 65.06 68.32 NOTE
r-devel-linux-x86_64-fedora-clang 1.0-0 139.85 NOTE
r-devel-linux-x86_64-fedora-gcc 1.0-0 131.41 NOTE
r-devel-osx-x86_64-clang 1.0-0 113.41 NOTE
r-devel-windows-ix86+x86_64 1.0-0 14.00 125.00 139.00 NOTE
r-patched-linux-x86_64 1.0-0 3.50 65.79 69.29 NOTE
r-patched-solaris-sparc 1.0-0 842.60 NOTE
r-patched-solaris-x86 1.0-0 174.40 NOTE
r-release-linux-x86_64 1.0-0 3.27 67.80 71.07 NOTE
r-release-osx-x86_64-mavericks 1.0-0 NOTE
r-release-osx-x86_64-snowleopard 1.0-0 NOTE
r-release-windows-ix86+x86_64 1.0-0 8.00 97.00 105.00 NOTE
r-oldrel-windows-ix86+x86_64 1.0-0 14.00 141.00 155.00 NOTE

Check Details

Version: 1.0-0
Check: S3 generic/method consistency
Result: NOTE
    Found the following apparent S3 methods exported but not registered:
     summary.gpcm summary.grm summary.ltm summary.rasch summary.tpm
    See section ‘Registering S3 methods’ in the ‘Writing R Extensions’
    manual.
Flavors: r-devel-linux-x86_64-debian-clang, r-devel-linux-x86_64-debian-gcc, r-devel-linux-x86_64-fedora-clang, r-devel-linux-x86_64-fedora-gcc, r-devel-osx-x86_64-clang, r-patched-linux-x86_64, r-patched-solaris-x86, r-release-linux-x86_64

Version: 1.0-0
Check: R code for possible problems
Result: NOTE
    gauher: no visible binding for global variable ‘gh’
    vcov.gpcm: no visible global function definition for ‘ginv’
    vcov.grm: no visible global function definition for ‘ginv’
Flavors: r-devel-linux-x86_64-debian-clang, r-devel-linux-x86_64-debian-gcc, r-devel-linux-x86_64-fedora-clang, r-devel-linux-x86_64-fedora-gcc, r-devel-osx-x86_64-clang, r-devel-windows-ix86+x86_64, r-patched-linux-x86_64, r-patched-solaris-sparc, r-patched-solaris-x86, r-release-linux-x86_64, r-release-osx-x86_64-mavericks, r-release-windows-ix86+x86_64, r-oldrel-windows-ix86+x86_64

Version: 1.0-0
Check: dependencies in R code
Result: NOTE
    Error: package ‘stats’ required by ‘sfsmisc’ could not be found
    Call sequence:
    7: stop(gettextf("package %s required by %s could not be found",
     sQuote(pkg), sQuote(pkgname)), call. = FALSE, domain = NA)
    6: .getRequiredPackages2(pkgInfo, quietly = quietly)
    5: library(pkg, character.only = TRUE, logical.return = TRUE, lib.loc = lib.loc)
    4: .getRequiredPackages2(pkgInfo, quietly = quietly)
    3: library(pkg, character.only = TRUE, logical.return = TRUE, lib.loc = lib.loc)
    2: .getRequiredPackages2(pkgInfo, quietly = quietly)
    1: library(package, lib.loc = lib.loc, character.only = TRUE, verbose = FALSE)
    Execution halted
    * checking S3 generic/method consistency ...* elapsed time (check, wall clock): 1:00
Flavor: r-release-osx-x86_64-snowleopard