CRAN Package Check Results for Package ltm

Last updated on 2014-08-21 19:48:49.

Flavor Version Tinstall Tcheck Ttotal Status Flags
r-devel-linux-x86_64-debian-clang 1.0-0 4.33 75.32 79.65 OK
r-devel-linux-x86_64-debian-gcc 1.0-0 4.22 74.90 79.13 OK
r-devel-linux-x86_64-fedora-clang 1.0-0 190.41 NOTE
r-devel-linux-x86_64-fedora-gcc 1.0-0 166.53 NOTE
r-devel-osx-x86_64-clang 1.0-0 140.82 NOTE
r-devel-windows-ix86+x86_64 1.0-0 12.00 106.00 118.00 OK
r-patched-linux-x86_64 1.0-0 4.38 78.13 82.51 OK
r-patched-solaris-sparc 1.0-0 955.30 OK
r-patched-solaris-x86 1.0-0 216.60 OK
r-release-linux-ix86 1.0-0 5.38 96.04 101.42 OK
r-release-linux-x86_64 1.0-0 4.44 78.12 82.56 OK
r-release-osx-x86_64-mavericks 1.0-0 OK
r-release-osx-x86_64-snowleopard 1.0-0 OK
r-release-windows-ix86+x86_64 1.0-0 11.00 110.00 121.00 OK
r-oldrel-windows-ix86+x86_64 1.0-0 12.00 102.00 114.00 OK

Check Details

Version: 1.0-0
Check: R code for possible problems
Result: NOTE
    gauher: no visible binding for global variable ‘gh’
    vcov.gpcm: no visible global function definition for ‘ginv’
    vcov.grm: no visible global function definition for ‘ginv’
Flavors: r-devel-linux-x86_64-fedora-clang, r-devel-linux-x86_64-fedora-gcc, r-devel-osx-x86_64-clang