CRAN Package Check Results for Package ltm

Last updated on 2014-04-23 20:47:15.

Flavor Version Tinstall Tcheck Ttotal Status Flags
r-devel-linux-x86_64-debian-clang 1.0-0 4.64 80.36 85.00 OK
r-devel-linux-x86_64-debian-gcc 1.0-0 4.65 80.63 85.28 OK
r-devel-linux-x86_64-fedora-clang 1.0-0 186.31 OK
r-devel-linux-x86_64-fedora-gcc 1.0-0 180.43 OK
r-devel-osx-x86_64-clang 1.0-0 131.76 OK
r-devel-osx-x86_64-gcc 1.0-0 OK
r-devel-windows-ix86+x86_64 1.0-0 12.00 105.00 117.00 OK
r-patched-linux-x86_64 1.0-0 4.54 80.88 85.42 OK
r-patched-solaris-sparc 1.0-0 970.50 OK
r-patched-solaris-x86 1.0-0 222.70 OK
r-release-linux-ix86 1.0-0 7.00 123.00 130.00 OK
r-release-linux-x86_64 1.0-0 4.54 81.12 85.65 OK
r-release-osx-x86_64-mavericks 1.0-0 WARN
r-release-osx-x86_64-snowleopard 1.0-0 OK
r-release-windows-ix86+x86_64 1.0-0 13.00 106.00 119.00 OK
r-oldrel-windows-ix86+x86_64 1.0-0 10.00 108.00 118.00 OK

Check Details

Version: 1.0-0
Check: PDF version of manual
Result: WARNING
    LaTeX errors when creating PDF version.
    This typically indicates Rd problems.
    LaTeX errors found:
    ! LaTeX Error: File `upquote.sty' not found.
    
    Type X to quit or <RETURN> to proceed,
    or enter new name. (Default extension: sty)
    
    3f845ec/Rd2.tex:8: ==> Fatal error occurred, no output PDF file produced!
Flavor: r-release-osx-x86_64-mavericks