CRAN Package Check Results for Package ltm

Last updated on 2014-11-24 09:48:16.

Flavor Version Tinstall Tcheck Ttotal Status Flags
r-devel-linux-x86_64-debian-clang 1.0-0 4.55 75.84 80.40 NOTE
r-devel-linux-x86_64-debian-gcc 1.0-0 4.06 73.76 77.83 NOTE
r-devel-linux-x86_64-fedora-clang 1.0-0 177.80 NOTE
r-devel-linux-x86_64-fedora-gcc 1.0-0 168.60 NOTE
r-devel-osx-x86_64-clang 1.0-0 141.09 NOTE
r-devel-windows-ix86+x86_64 1.0-0 14.00 101.00 115.00 NOTE
r-patched-linux-x86_64 1.0-0 4.39 76.96 81.34 NOTE
r-patched-solaris-sparc 1.0-0 964.60 NOTE
r-patched-solaris-x86 1.0-0 214.70 NOTE
r-release-linux-ix86 1.0-0 5.20 90.83 96.03 NOTE
r-release-linux-x86_64 1.0-0 4.35 77.98 82.34 NOTE
r-release-osx-x86_64-mavericks 1.0-0 OK
r-release-osx-x86_64-snowleopard 1.0-0 OK
r-release-windows-ix86+x86_64 1.0-0 13.00 113.00 126.00 NOTE
r-oldrel-windows-ix86+x86_64 1.0-0 12.00 105.00 117.00 OK

Check Details

Version: 1.0-0
Check: R code for possible problems
Result: NOTE
    gauher: no visible binding for global variable ‘gh’
    vcov.gpcm: no visible global function definition for ‘ginv’
    vcov.grm: no visible global function definition for ‘ginv’
Flavors: r-devel-linux-x86_64-debian-clang, r-devel-linux-x86_64-debian-gcc, r-devel-linux-x86_64-fedora-clang, r-devel-linux-x86_64-fedora-gcc, r-devel-osx-x86_64-clang, r-devel-windows-ix86+x86_64, r-patched-linux-x86_64, r-patched-solaris-sparc, r-patched-solaris-x86, r-release-linux-ix86, r-release-linux-x86_64, r-release-windows-ix86+x86_64