CRAN Package Check Results for Package ltm

Last updated on 2014-10-24 19:47:43.

Flavor Version Tinstall Tcheck Ttotal Status Flags
r-devel-linux-x86_64-debian-clang 1.0-0 4.19 75.70 79.89 NOTE
r-devel-linux-x86_64-debian-gcc 1.0-0 4.14 76.03 80.18 NOTE
r-devel-linux-x86_64-fedora-clang 1.0-0 178.12 NOTE
r-devel-linux-x86_64-fedora-gcc 1.0-0 167.13 NOTE
r-devel-osx-x86_64-clang 1.0-0 139.85 NOTE
r-devel-windows-ix86+x86_64 1.0-0 12.00 107.00 119.00 NOTE
r-patched-linux-x86_64 1.0-0 4.37 78.74 83.11 NOTE
r-patched-solaris-sparc 1.0-0 964.60 NOTE
r-patched-solaris-x86 1.0-0 217.40 NOTE
r-release-linux-ix86 1.0-0 5.37 96.76 102.13 OK
r-release-linux-x86_64 1.0-0 4.45 78.66 83.11 OK
r-release-osx-x86_64-mavericks 1.0-0 OK
r-release-osx-x86_64-snowleopard 1.0-0 OK
r-release-windows-ix86+x86_64 1.0-0 13.00 109.00 122.00 OK
r-oldrel-windows-ix86+x86_64 1.0-0 12.00 109.00 121.00 OK

Check Details

Version: 1.0-0
Check: R code for possible problems
Result: NOTE
    gauher: no visible binding for global variable ‘gh’
    vcov.gpcm: no visible global function definition for ‘ginv’
    vcov.grm: no visible global function definition for ‘ginv’
Flavors: r-devel-linux-x86_64-debian-clang, r-devel-linux-x86_64-debian-gcc, r-devel-linux-x86_64-fedora-clang, r-devel-linux-x86_64-fedora-gcc, r-devel-osx-x86_64-clang, r-devel-windows-ix86+x86_64, r-patched-linux-x86_64, r-patched-solaris-sparc, r-patched-solaris-x86