CRAN Package Check Results for Package ltsa

Last updated on 2017-10-20 06:48:53.

Flavor Version Tinstall Tcheck Ttotal Status Flags
r-devel-linux-x86_64-debian-clang 1.4.6 2.16 17.55 19.72 NOTE
r-devel-linux-x86_64-debian-gcc 1.4.6 2.14 19.13 21.28 NOTE
r-devel-linux-x86_64-fedora-clang 1.4.6 34.69 NOTE
r-devel-linux-x86_64-fedora-gcc 1.4.6 33.80 NOTE
r-devel-windows-ix86+x86_64 1.4.6 20.00 39.00 59.00 OK
r-patched-linux-x86_64 1.4.6 1.90 18.08 19.98 NOTE
r-patched-solaris-x86 1.4.6 43.50 OK
r-release-linux-x86_64 1.4.6 1.98 17.47 19.44 NOTE
r-release-windows-ix86+x86_64 1.4.6 14.00 41.00 55.00 OK
r-release-osx-x86_64 1.4.6 OK
r-oldrel-windows-ix86+x86_64 1.4.6 10.00 37.00 47.00 OK
r-oldrel-osx-x86_64 1.4.6 OK

Check Details

Version: 1.4.6
Check: compiled code
Result: NOTE
    File ‘ltsa/libs/ltsa.so’:
     Found no calls to: ‘R_registerRoutines’, ‘R_useDynamicSymbols’
    
    It is good practice to register native routines and to disable symbol
    search.
    
    See ‘Writing portable packages’ in the ‘Writing R Extensions’ manual.
Flavors: r-devel-linux-x86_64-debian-clang, r-devel-linux-x86_64-debian-gcc, r-devel-linux-x86_64-fedora-clang, r-devel-linux-x86_64-fedora-gcc, r-patched-linux-x86_64, r-release-linux-x86_64