CRAN Package Check Results for Package ltsa

Last updated on 2018-04-23 10:50:17 CEST.

Flavor Version Tinstall Tcheck Ttotal Status Flags
r-devel-linux-x86_64-debian-clang 1.4.6 3.45 23.57 27.02 NOTE
r-devel-linux-x86_64-debian-gcc 1.4.6 2.05 20.07 22.12 NOTE
r-devel-linux-x86_64-fedora-clang 1.4.6 35.65 NOTE
r-devel-linux-x86_64-fedora-gcc 1.4.6 33.48 NOTE
r-devel-windows-ix86+x86_64 1.4.6 23.00 43.00 66.00 OK
r-devel-osx-x86_64 1.4.6 OK
r-patched-linux-x86_64 1.4.6 3.38 25.58 28.96 NOTE
r-patched-solaris-x86 1.4.6 51.90 OK
r-release-linux-x86_64 1.4.6 2.53 25.72 28.25 NOTE
r-release-windows-ix86+x86_64 1.4.6 14.00 41.00 55.00 OK
r-release-osx-x86_64 1.4.6 OK
r-oldrel-windows-ix86+x86_64 1.4.6 10.00 37.00 47.00 OK

Check Details

Version: 1.4.6
Check: compiled code
Result: NOTE
    File ‘ltsa/libs/ltsa.so’:
     Found no calls to: ‘R_registerRoutines’, ‘R_useDynamicSymbols’
    
    It is good practice to register native routines and to disable symbol
    search.
    
    See ‘Writing portable packages’ in the ‘Writing R Extensions’ manual.
Flavors: r-devel-linux-x86_64-debian-clang, r-devel-linux-x86_64-debian-gcc, r-devel-linux-x86_64-fedora-clang, r-devel-linux-x86_64-fedora-gcc, r-patched-linux-x86_64, r-release-linux-x86_64