CRAN Package Check Results for Package ltsa

Last updated on 2017-12-11 19:48:20 CET.

Flavor Version Tinstall Tcheck Ttotal Status Flags
r-devel-linux-x86_64-debian-clang 1.4.6 2.32 22.09 24.41 NOTE
r-devel-linux-x86_64-debian-gcc 1.4.6 2.01 19.22 21.23 NOTE
r-devel-linux-x86_64-fedora-clang 1.4.6 32.20 NOTE
r-devel-linux-x86_64-fedora-gcc 1.4.6 31.99 NOTE
r-devel-windows-ix86+x86_64 1.4.6 21.00 40.00 61.00 OK
r-patched-linux-x86_64 1.4.6 2.21 24.93 27.14 NOTE
r-patched-solaris-x86 1.4.6 43.40 OK
r-release-linux-x86_64 1.4.6 2.06 24.98 27.04 NOTE
r-release-windows-ix86+x86_64 1.4.6 14.00 41.00 55.00 OK
r-release-osx-x86_64 1.4.6 OK
r-oldrel-windows-ix86+x86_64 1.4.6 10.00 37.00 47.00 OK
r-oldrel-osx-x86_64 1.4.6 OK

Check Details

Version: 1.4.6
Check: compiled code
Result: NOTE
    File ‘ltsa/libs/ltsa.so’:
     Found no calls to: ‘R_registerRoutines’, ‘R_useDynamicSymbols’
    
    It is good practice to register native routines and to disable symbol
    search.
    
    See ‘Writing portable packages’ in the ‘Writing R Extensions’ manual.
Flavors: r-devel-linux-x86_64-debian-clang, r-devel-linux-x86_64-debian-gcc, r-devel-linux-x86_64-fedora-clang, r-devel-linux-x86_64-fedora-gcc, r-patched-linux-x86_64, r-release-linux-x86_64