CRAN Package Check Results for Package ltsa

Last updated on 2018-06-25 11:52:40 CEST.

Flavor Version Tinstall Tcheck Ttotal Status Flags
r-devel-linux-x86_64-debian-clang 1.4.6 3.06 24.50 27.56 NOTE
r-devel-linux-x86_64-debian-gcc 1.4.6 2.64 20.57 23.21 NOTE
r-devel-linux-x86_64-fedora-clang 1.4.6 37.11 NOTE
r-devel-linux-x86_64-fedora-gcc 1.4.6 34.07 NOTE
r-devel-windows-ix86+x86_64 1.4.6 23.00 46.00 69.00 OK
r-patched-linux-x86_64 1.4.6 3.40 25.87 29.27 NOTE
r-patched-solaris-x86 1.4.6 49.20 OK
r-release-linux-x86_64 1.4.6 2.95 25.64 28.59 NOTE
r-release-windows-ix86+x86_64 1.4.6 23.00 43.00 66.00 OK
r-release-osx-x86_64 1.4.6 OK
r-oldrel-windows-ix86+x86_64 1.4.6 14.00 41.00 55.00 OK
r-oldrel-osx-x86_64 1.4.6 OK

Check Details

Version: 1.4.6
Check: compiled code
Result: NOTE
    File ‘ltsa/libs/ltsa.so’:
     Found no calls to: ‘R_registerRoutines’, ‘R_useDynamicSymbols’
    
    It is good practice to register native routines and to disable symbol
    search.
    
    See ‘Writing portable packages’ in the ‘Writing R Extensions’ manual.
Flavors: r-devel-linux-x86_64-debian-clang, r-devel-linux-x86_64-debian-gcc, r-devel-linux-x86_64-fedora-clang, r-devel-linux-x86_64-fedora-gcc, r-patched-linux-x86_64, r-release-linux-x86_64