CRAN Package Check Results for Package ltsa

Last updated on 2017-08-22 04:46:57.

Flavor Version Tinstall Tcheck Ttotal Status Flags
r-devel-linux-x86_64-debian-clang 1.4.6 2.32 18.15 20.47 NOTE
r-devel-linux-x86_64-debian-gcc 1.4.6 2.07 17.91 19.97 NOTE
r-devel-linux-x86_64-fedora-clang 1.4.6 36.28 NOTE
r-devel-linux-x86_64-fedora-gcc 1.4.6 33.18 NOTE
r-devel-windows-ix86+x86_64 1.4.6 15.00 41.00 56.00 OK
r-patched-linux-x86_64 1.4.6 1.89 17.81 19.69 NOTE
r-patched-solaris-x86 1.4.6 44.00 OK
r-release-linux-x86_64 1.4.6 1.88 17.83 19.70 NOTE
r-release-windows-ix86+x86_64 1.4.6 14.00 41.00 55.00 OK
r-release-osx-x86_64 1.4.6 OK
r-oldrel-windows-ix86+x86_64 1.4.6 10.00 37.00 47.00 OK
r-oldrel-osx-x86_64 1.4.6 OK

Check Details

Version: 1.4.6
Check: compiled code
Result: NOTE
    File ‘ltsa/libs/ltsa.so’:
     Found no calls to: ‘R_registerRoutines’, ‘R_useDynamicSymbols’
    
    It is good practice to register native routines and to disable symbol
    search.
    
    See ‘Writing portable packages’ in the ‘Writing R Extensions’ manual.
Flavors: r-devel-linux-x86_64-debian-clang, r-devel-linux-x86_64-debian-gcc, r-devel-linux-x86_64-fedora-clang, r-devel-linux-x86_64-fedora-gcc, r-patched-linux-x86_64, r-release-linux-x86_64