CRAN Package Check Results for Package ltsa

Last updated on 2017-02-26 19:53:53.

Flavor Version Tinstall Tcheck Ttotal Status Flags
r-devel-linux-x86_64-debian-clang 1.4.6 2.39 17.63 20.01 NOTE
r-devel-linux-x86_64-debian-gcc 1.4.6 1.87 17.01 18.88 NOTE
r-devel-linux-x86_64-fedora-clang 1.4.6 34.30 NOTE --no-stop-on-test-error
r-devel-linux-x86_64-fedora-gcc 1.4.6 31.34 NOTE --no-stop-on-test-error
r-devel-macos-x86_64-clang 1.4.6 27.33 NOTE --no-stop-on-test-error
r-devel-windows-ix86+x86_64 1.4.6 16.00 101.00 117.00 OK
r-patched-linux-x86_64 1.4.6 1.74 14.33 16.06 OK
r-patched-solaris-sparc 1.4.6 175.80 OK
r-patched-solaris-x86 1.4.6 34.50 OK
r-release-linux-x86_64 1.4.6 1.89 14.33 16.23 OK
r-release-osx-x86_64-mavericks 1.4.6 OK
r-release-windows-ix86+x86_64 1.4.6 10.00 37.00 47.00 OK
r-oldrel-windows-ix86+x86_64 1.4.6 16.00 37.00 53.00 OK

Check Details

Version: 1.4.6
Check: compiled code
Result: NOTE
    File ‘ltsa/libs/ltsa.so’:
     Found no calls to: ‘R_registerRoutines’, ‘R_useDynamicSymbols’
    
    It is good practice to register native routines and to disable symbol
    search.
    
    See ‘Writing portable packages’ in the ‘Writing R Extensions’ manual.
Flavors: r-devel-linux-x86_64-debian-clang, r-devel-linux-x86_64-debian-gcc

Version: 1.4.6
Flags: --no-stop-on-test-error
Check: compiled code
Result: NOTE
    File ‘ltsa/libs/ltsa.so’:
     Found no calls to: ‘R_registerRoutines’, ‘R_useDynamicSymbols’
    
    It is good practice to register native routines and to disable symbol
    search.
    
    See ‘Writing portable packages’ in the ‘Writing R Extensions’ manual.
Flavors: r-devel-linux-x86_64-fedora-clang, r-devel-linux-x86_64-fedora-gcc, r-devel-macos-x86_64-clang