CRAN Package Check Results for Package ltsa

Last updated on 2017-06-24 09:55:25.

Flavor Version Tinstall Tcheck Ttotal Status Flags
r-devel-linux-x86_64-debian-clang 1.4.6 2.30 17.66 19.96 NOTE
r-devel-linux-x86_64-debian-gcc 1.4.6 2.78 17.35 20.13 NOTE
r-devel-linux-x86_64-fedora-clang 1.4.6 33.64 NOTE
r-devel-linux-x86_64-fedora-gcc 1.4.6 31.80 NOTE
r-devel-windows-ix86+x86_64 1.4.6 14.00 67.00 81.00 OK
r-patched-linux-x86_64 1.4.6 1.79 17.11 18.90 NOTE
r-patched-solaris-sparc 1.4.6 200.00 OK
r-patched-solaris-x86 1.4.6 43.80 OK
r-release-linux-x86_64 1.4.6 1.95 17.96 19.91 NOTE
r-release-windows-ix86+x86_64 1.4.6 16.00 42.00 58.00 OK
r-release-osx-x86_64 1.4.6 OK
r-oldrel-windows-ix86+x86_64 1.4.6 10.00 37.00 47.00 OK
r-oldrel-osx-x86_64 1.4.6 OK

Check Details

Version: 1.4.6
Check: compiled code
Result: NOTE
    File ‘ltsa/libs/ltsa.so’:
     Found no calls to: ‘R_registerRoutines’, ‘R_useDynamicSymbols’
    
    It is good practice to register native routines and to disable symbol
    search.
    
    See ‘Writing portable packages’ in the ‘Writing R Extensions’ manual.
Flavors: r-devel-linux-x86_64-debian-clang, r-devel-linux-x86_64-debian-gcc, r-devel-linux-x86_64-fedora-clang, r-devel-linux-x86_64-fedora-gcc, r-patched-linux-x86_64, r-release-linux-x86_64