CRAN Package Check Results for Package ltsa

Last updated on 2015-07-02 11:48:23.

Flavor Version Tinstall Tcheck Ttotal Status Flags
r-devel-linux-x86_64-debian-clang 1.4.4 1.62 14.03 15.65 NOTE
r-devel-linux-x86_64-debian-gcc 1.4.4 1.60 13.60 15.20 NOTE
r-devel-linux-x86_64-fedora-clang 1.4.4 29.60 NOTE
r-devel-linux-x86_64-fedora-gcc 1.4.4 27.80 NOTE
r-devel-osx-x86_64-clang 1.4.4 27.37 OK
r-devel-windows-ix86+x86_64 1.4.4 24.00 41.00 65.00 OK
r-patched-linux-x86_64 1.4.4 1.62 13.87 15.49 OK
r-patched-solaris-sparc 1.4.4 191.00 OK
r-patched-solaris-x86 1.4.4 37.40 OK
r-release-linux-x86_64 1.4.4 1.64 14.25 15.89 OK
r-release-osx-x86_64-mavericks 1.4.4 OK
r-release-windows-ix86+x86_64 1.4.4 15.00 32.00 47.00 OK
r-oldrel-windows-ix86+x86_64 1.4.4 23.00 30.00 53.00 OK

Check Details

Version: 1.4.4
Check: R code for possible problems
Result: NOTE
    DHSimulate: no visible binding for global variable ‘rnorm’
    DHSimulate: no visible global function definition for ‘fft’
    DLSimulate: no visible binding for global variable ‘rnorm’
    PredictionVariance: no visible global function definition for
     ‘ARMAtoMA’
    PredictionVariance: no visible global function definition for
     ‘toeplitz’
    SimGLP: no visible global function definition for ‘convolve’
    TrenchForecast: no visible global function definition for ‘toeplitz’
    TrenchInverse: no visible global function definition for ‘toeplitz’
    TrenchMean: no visible global function definition for ‘toeplitz’
    is.toeplitz: no visible global function definition for ‘toeplitz’
Flavors: r-devel-linux-x86_64-debian-clang, r-devel-linux-x86_64-debian-gcc, r-devel-linux-x86_64-fedora-gcc

Version: 1.4.4
Check: R code for possible problems
Result: NOTE
    DHSimulate: no visible binding for global variable ‘rnorm’
    DHSimulate: no visible global function definition for ‘fft’
    DLSimulate: no visible binding for global variable ‘rnorm’
    PredictionVariance: no visible global function definition for
     ‘ARMAtoMA’
    PredictionVariance: no visible global function definition for
     ‘toeplitz’
    SimGLP: no visible global function definition for ‘convolve’
    TrenchForecast: no visible global function definition for ‘toeplitz’
    TrenchInverse: no visible global function definition for ‘toeplitz’
    TrenchMean: no visible global function definition for ‘toeplitz’
    is.toeplitz: no visible global function definition for ‘toeplitz’
    Undefined global functions or variables:
     ARMAtoMA convolve fft rnorm toeplitz
Flavor: r-devel-linux-x86_64-fedora-clang