CRAN Package Check Results for Package ltsa

Last updated on 2022-10-07 23:52:38 CEST.

Flavor Version Tinstall Tcheck Ttotal Status Flags
r-devel-linux-x86_64-debian-clang 1.4.6 5.57 32.60 38.17 OK
r-devel-linux-x86_64-debian-gcc 1.4.6 3.95 24.96 28.91 NOTE
r-devel-linux-x86_64-fedora-clang 1.4.6 58.62 NOTE
r-devel-linux-x86_64-fedora-gcc 1.4.6 59.93 NOTE
r-devel-windows-x86_64 1.4.6 30.00 61.00 91.00 OK
r-patched-linux-x86_64 1.4.6 5.24 30.82 36.06 OK
r-release-linux-x86_64 1.4.6 4.58 30.96 35.54 OK
r-release-macos-arm64 1.4.6 18.00 OK
r-release-macos-x86_64 1.4.6 28.00 OK
r-release-windows-x86_64 1.4.6 16.00 66.00 82.00 OK
r-oldrel-macos-arm64 1.4.6 23.00 OK
r-oldrel-macos-x86_64 1.4.6 35.00 OK
r-oldrel-windows-ix86+x86_64 1.4.6 18.00 41.00 59.00 OK

Check Details

Version: 1.4.6
Check: compilation flags used
Result: NOTE
    Compilation used the following non-portable flag(s):
     ‘-Wstrict-prototypes’
Flavor: r-devel-linux-x86_64-debian-gcc

Version: 1.4.6
Check: compiled code
Result: NOTE
    File ‘ltsa/libs/ltsa.so’:
     Found no calls to: ‘R_registerRoutines’, ‘R_useDynamicSymbols’
    
    It is good practice to register native routines and to disable symbol
    search.
    
    See ‘Writing portable packages’ in the ‘Writing R Extensions’ manual.
Flavors: r-devel-linux-x86_64-fedora-clang, r-devel-linux-x86_64-fedora-gcc