CRAN Package Check Results for Package lubridate

Last updated on 2016-08-25 11:48:57.

Flavor Version Tinstall Tcheck Ttotal Status Flags
r-devel-linux-x86_64-debian-clang 1.5.6 3.47 38.54 42.01 OK
r-devel-linux-x86_64-debian-gcc 1.5.6 3.22 38.47 41.69 OK
r-devel-linux-x86_64-fedora-clang 1.5.6 77.63 OK
r-devel-linux-x86_64-fedora-gcc 1.5.6 72.84 OK
r-devel-osx-x86_64-clang 1.5.6 67.13 OK
r-devel-windows-ix86+x86_64 1.5.6 18.00 83.00 101.00 OK
r-patched-linux-x86_64 1.5.6 2.95 37.59 40.55 OK
r-patched-solaris-sparc 1.5.6 467.00 ERROR
r-patched-solaris-x86 1.5.6 92.80 ERROR
r-release-linux-x86_64 1.5.6 3.14 37.48 40.62 OK
r-release-osx-x86_64-mavericks 1.5.6 OK
r-release-windows-ix86+x86_64 1.5.6 14.00 92.00 106.00 OK
r-oldrel-windows-ix86+x86_64 1.5.6 13.00 79.00 92.00 OK

Check Details

Version: 1.5.6
Check: tests
Result: ERROR
    Running the tests in ‘tests/testthat.R’ failed.
    Last 13 lines of output:
     1: expect_equal(interval(t1, t2), new("Interval", 18316800, start = as.POSIXct("2007-01-01",
     tz = "UTC"), tzone = "UTC")) at testthat/test-intervals.R:86
     2: compare(object, expected, ...)
     3: interval(t1, t2)
     4: as.POSIXct(start, tz = tzone)
     5: as.POSIXct.POSIXlt(start, tz = tzone)
    
     testthat results ================================================================
     OK: 1803 SKIPPED: 0 FAILED: 1
     1. Error: interval handles POSIXlt inputs (@test-intervals.R#86)
    
     Error: testthat unit tests failed
     Execution halted
Flavors: r-patched-solaris-sparc, r-patched-solaris-x86