CRAN Package Check Results for Package lubridate

Last updated on 2016-09-30 12:50:25.

Flavor Version Tinstall Tcheck Ttotal Status Flags
r-devel-linux-x86_64-debian-clang 1.6.0 3.66 41.70 45.36 OK
r-devel-linux-x86_64-debian-gcc 1.6.0 3.54 41.54 45.08 OK
r-devel-linux-x86_64-fedora-clang 1.6.0 81.75 OK
r-devel-linux-x86_64-fedora-gcc 1.6.0 75.48 OK
r-devel-macos-x86_64-clang 1.6.0 65.26 OK
r-devel-windows-ix86+x86_64 1.6.0 11.00 129.00 140.00 OK
r-patched-linux-x86_64 1.6.0 3.33 39.63 42.96 OK
r-patched-solaris-sparc 1.6.0 455.90 ERROR
r-patched-solaris-x86 1.6.0 95.60 ERROR
r-release-linux-x86_64 1.6.0 3.29 40.73 44.02 OK
r-release-osx-x86_64-mavericks 1.6.0 OK
r-release-windows-ix86+x86_64 1.6.0 11.00 149.00 160.00 OK
r-oldrel-windows-ix86+x86_64 1.6.0 26.00 133.00 159.00 OK

Check Details

Version: 1.6.0
Check: tests
Result: ERROR
    Running the tests in ‘tests/testthat.R’ failed.
    Last 13 lines of output:
     1: expect_equal(interval(t1, t2), new("Interval", 18316800, start = as.POSIXct("2007-01-01",
     tz = "UTC"), tzone = "UTC")) at testthat/test-intervals.R:86
     2: compare(object, expected, ...)
     3: interval(t1, t2)
     4: as.POSIXct(start, tz = tzone)
     5: as.POSIXct.POSIXlt(start, tz = tzone)
    
     testthat results ================================================================
     OK: 2152 SKIPPED: 0 FAILED: 1
     1. Error: interval handles POSIXlt inputs (@test-intervals.R#86)
    
     Error: testthat unit tests failed
     Execution halted
Flavors: r-patched-solaris-sparc, r-patched-solaris-x86