CRAN Package Check Results for Package lubridate

Last updated on 2016-12-09 07:48:35.

Flavor Version Tinstall Tcheck Ttotal Status Flags
r-devel-linux-x86_64-debian-clang 1.6.0 3.45 44.39 47.83 OK
r-devel-linux-x86_64-debian-gcc 1.6.0 3.50 43.89 47.39 OK
r-devel-linux-x86_64-fedora-clang 1.6.0 96.76 OK --no-stop-on-test-error
r-devel-linux-x86_64-fedora-gcc 1.6.0 92.35 OK --no-stop-on-test-error
r-devel-macos-x86_64-clang 1.6.0 76.34 OK --no-stop-on-test-error
r-devel-windows-ix86+x86_64 1.6.0 13.00 102.00 115.00 OK
r-patched-linux-x86_64 1.6.0 3.28 39.93 43.20 OK
r-patched-solaris-sparc 1.6.0 464.80 ERROR
r-patched-solaris-x86 1.6.0 96.30 ERROR
r-release-linux-x86_64 1.6.0 3.28 39.56 42.84 OK
r-release-osx-x86_64-mavericks 1.6.0 OK
r-release-windows-ix86+x86_64 1.6.0 11.00 159.00 170.00 OK
r-oldrel-windows-ix86+x86_64 1.6.0 19.00 140.00 159.00 OK

Check Details

Version: 1.6.0
Check: tests
Result: ERROR
     Running ‘testthat.R’ [103s/103s]
    Running the tests in ‘tests/testthat.R’ failed.
    Last 13 lines of output:
     1: expect_equal(interval(t1, t2), new("Interval", 18316800, start = as.POSIXct("2007-01-01",
     tz = "UTC"), tzone = "UTC")) at testthat/test-intervals.R:86
     2: compare(object, expected, ...)
     3: interval(t1, t2)
     4: as.POSIXct(start, tz = tzone)
     5: as.POSIXct.POSIXlt(start, tz = tzone)
    
     testthat results ================================================================
     OK: 2152 SKIPPED: 0 FAILED: 1
     1. Error: interval handles POSIXlt inputs (@test-intervals.R#86)
    
     Error: testthat unit tests failed
     Execution halted
Flavor: r-patched-solaris-sparc

Version: 1.6.0
Check: tests
Result: ERROR
     Running ‘testthat.R’ [20s/26s]
    Running the tests in ‘tests/testthat.R’ failed.
    Last 13 lines of output:
     1: expect_equal(interval(t1, t2), new("Interval", 18316800, start = as.POSIXct("2007-01-01",
     tz = "UTC"), tzone = "UTC")) at testthat/test-intervals.R:86
     2: compare(object, expected, ...)
     3: interval(t1, t2)
     4: as.POSIXct(start, tz = tzone)
     5: as.POSIXct.POSIXlt(start, tz = tzone)
    
     testthat results ================================================================
     OK: 2152 SKIPPED: 0 FAILED: 1
     1. Error: interval handles POSIXlt inputs (@test-intervals.R#86)
    
     Error: testthat unit tests failed
     Execution halted
Flavor: r-patched-solaris-x86