CRAN Package Check Results for Package lubridate

Last updated on 2017-05-23 08:49:04.

Flavor Version Tinstall Tcheck Ttotal Status Flags
r-devel-linux-x86_64-debian-clang 1.6.0 3.38 45.23 48.61 NOTE
r-devel-linux-x86_64-debian-gcc 1.6.0 3.35 43.43 46.78 NOTE
r-devel-linux-x86_64-fedora-clang 1.6.0 88.12 NOTE --no-stop-on-test-error
r-devel-linux-x86_64-fedora-gcc 1.6.0 85.23 NOTE --no-stop-on-test-error
r-devel-windows-ix86+x86_64 1.6.0 19.00 116.00 135.00 OK
r-patched-linux-x86_64 1.6.0 3.43 42.32 45.75 NOTE
r-patched-solaris-sparc 1.6.0 515.20 ERROR
r-patched-solaris-x86 1.6.0 111.90 ERROR --no-stop-on-test-error
r-release-linux-x86_64 1.6.0 3.44 42.96 46.40 NOTE
r-release-windows-ix86+x86_64 1.6.0 14.00 160.00 174.00 OK
r-release-osx-x86_64 1.6.0 NOTE
r-oldrel-windows-ix86+x86_64 1.6.0 18.00 144.00 162.00 OK
r-oldrel-osx-x86_64 1.6.0 OK

Check Details

Version: 1.6.0
Check: package dependencies
Result: NOTE
    Package which this enhances but not available for checking: ‘its’
Flavors: r-devel-linux-x86_64-debian-clang, r-devel-linux-x86_64-debian-gcc, r-patched-linux-x86_64, r-patched-solaris-sparc, r-release-linux-x86_64, r-release-osx-x86_64

Version: 1.6.0
Check: compiled code
Result: NOTE
    File ‘lubridate/libs/lubridate.so’:
     Found no calls to: ‘R_registerRoutines’, ‘R_useDynamicSymbols’
    
    It is good practice to register native routines and to disable symbol
    search.
    
    See ‘Writing portable packages’ in the ‘Writing R Extensions’ manual.
Flavors: r-devel-linux-x86_64-debian-clang, r-devel-linux-x86_64-debian-gcc, r-patched-linux-x86_64, r-release-linux-x86_64

Version: 1.6.0
Flags: --no-stop-on-test-error
Check: package dependencies
Result: NOTE
    Package which this enhances but not available for checking: ‘its’
Flavors: r-devel-linux-x86_64-fedora-clang, r-devel-linux-x86_64-fedora-gcc, r-patched-solaris-x86

Version: 1.6.0
Flags: --no-stop-on-test-error
Check: compiled code
Result: NOTE
    File ‘lubridate/libs/lubridate.so’:
     Found no calls to: ‘R_registerRoutines’, ‘R_useDynamicSymbols’
    
    It is good practice to register native routines and to disable symbol
    search.
    
    See ‘Writing portable packages’ in the ‘Writing R Extensions’ manual.
Flavors: r-devel-linux-x86_64-fedora-clang, r-devel-linux-x86_64-fedora-gcc

Version: 1.6.0
Check: tests
Result: ERROR
     Running ‘testthat.R’ [114s/114s]
    Running the tests in ‘tests/testthat.R’ failed.
    Complete output:
     > if (packageVersion("testthat") >= "0.7.1.99") {
     + library(testthat)
     + test_check("lubridate")
     + }
     Loading required package: lubridate
    
     Attaching package: 'lubridate'
    
     The following object is masked from 'package:base':
    
     date
    
     1. Error: interval handles POSIXlt inputs (@test-intervals.R#86) ---------------
     invalid 'tz' value
     1: expect_equal(interval(t1, t2), new("Interval", 18316800, start = as.POSIXct("2007-01-01",
     tz = "UTC"), tzone = "UTC")) at testthat/test-intervals.R:86
     2: compare(object, expected, ...)
     3: interval(t1, t2)
     4: as.POSIXct(start, tz = tzone)
     5: as.POSIXct.POSIXlt(start, tz = tzone)
    
     testthat results ================================================================
     OK: 2152 SKIPPED: 0 FAILED: 1
     1. Error: interval handles POSIXlt inputs (@test-intervals.R#86)
    
     Error: testthat unit tests failed
     Execution halted
Flavor: r-patched-solaris-sparc

Version: 1.6.0
Flags: --no-stop-on-test-error
Check: tests
Result: ERROR
     Running ‘testthat.R’ [22s/27s]
    Running the tests in ‘tests/testthat.R’ failed.
    Complete output:
     > if (packageVersion("testthat") >= "0.7.1.99") {
     + library(testthat)
     + test_check("lubridate")
     + }
     Loading required package: lubridate
    
     Attaching package: 'lubridate'
    
     The following object is masked from 'package:base':
    
     date
    
     1. Error: interval handles POSIXlt inputs (@test-intervals.R#86) ---------------
     invalid 'tz' value
     1: expect_equal(interval(t1, t2), new("Interval", 18316800, start = as.POSIXct("2007-01-01",
     tz = "UTC"), tzone = "UTC")) at testthat/test-intervals.R:86
     2: compare(object, expected, ...)
     3: interval(t1, t2)
     4: as.POSIXct(start, tz = tzone)
     5: as.POSIXct.POSIXlt(start, tz = tzone)
    
     testthat results ================================================================
     OK: 2152 SKIPPED: 0 FAILED: 1
     1. Error: interval handles POSIXlt inputs (@test-intervals.R#86)
    
     Error: testthat unit tests failed
     Execution halted
Flavor: r-patched-solaris-x86