CRAN Package Check Results for Package lubridate

Last updated on 2014-07-24 17:49:03.

Flavor Version Tinstall Tcheck Ttotal Status Flags
r-devel-linux-x86_64-debian-clang 1.3.3 4.17 43.76 47.94 NOTE
r-devel-linux-x86_64-debian-gcc 1.3.3 3.78 44.53 48.30 NOTE
r-devel-linux-x86_64-fedora-clang 1.3.3 107.55 NOTE
r-devel-linux-x86_64-fedora-gcc 1.3.3 99.48 NOTE
r-devel-osx-x86_64-clang 1.3.3 86.59 NOTE
r-devel-windows-ix86+x86_64 1.3.3 12.00 93.00 105.00 NOTE
r-patched-linux-x86_64 1.3.3 4.35 45.02 49.37 NOTE
r-patched-solaris-sparc 1.3.3 526.90 NOTE
r-patched-solaris-x86 1.3.3 127.10 NOTE
r-release-linux-ix86 1.3.3 4.92 56.05 60.97 NOTE
r-release-linux-x86_64 1.3.3 4.06 46.22 50.28 NOTE
r-release-osx-x86_64-mavericks 1.3.3 NOTE
r-release-osx-x86_64-snowleopard 1.3.3 OK
r-release-windows-ix86+x86_64 1.3.3 11.00 95.00 106.00 NOTE
r-oldrel-windows-ix86+x86_64 1.3.3 11.00 94.00 105.00 NOTE

Memtest notes: UBSAN

Check Details

Version: 1.3.3
Check: dependencies in R code
Result: NOTE
    Missing or unexported object: ‘fts::dates.fts’
    See the information on DESCRIPTION files in the chapter ‘Creating R
    packages’ of the ‘Writing R Extensions’ manual.
Flavors: r-devel-linux-x86_64-debian-clang, r-devel-linux-x86_64-debian-gcc, r-devel-linux-x86_64-fedora-clang, r-devel-linux-x86_64-fedora-gcc, r-devel-osx-x86_64-clang, r-devel-windows-ix86+x86_64, r-patched-linux-x86_64, r-patched-solaris-sparc, r-patched-solaris-x86, r-release-linux-ix86, r-release-linux-x86_64, r-release-osx-x86_64-mavericks, r-release-windows-ix86+x86_64, r-oldrel-windows-ix86+x86_64