CRAN Package Check Results for Package lubridate

Last updated on 2015-04-26 17:47:42.

Flavor Version Tinstall Tcheck Ttotal Status Flags
r-devel-linux-x86_64-debian-clang 1.3.3 3.28 39.42 42.70 NOTE
r-devel-linux-x86_64-debian-gcc 1.3.3 3.16 37.82 40.98 NOTE
r-devel-linux-x86_64-fedora-clang 1.3.3 83.33 NOTE
r-devel-linux-x86_64-fedora-gcc 1.3.3 79.28 NOTE
r-devel-osx-x86_64-clang 1.3.3 76.67 NOTE
r-devel-windows-ix86+x86_64 1.3.3 12.00 84.00 96.00 NOTE
r-patched-linux-x86_64 1.3.3 3.20 37.86 41.07 NOTE
r-patched-solaris-sparc 1.3.3 528.40 NOTE
r-patched-solaris-x86 1.3.3 103.80 NOTE
r-release-linux-x86_64 1.3.3 3.17 37.63 40.80 NOTE
r-release-osx-x86_64-mavericks 1.3.3 NOTE
r-release-osx-x86_64-snowleopard 1.3.3 ERROR
r-release-windows-ix86+x86_64 1.3.3 15.00 88.00 103.00 NOTE
r-oldrel-windows-ix86+x86_64 1.3.3 11.00 87.00 98.00 NOTE

Memtest notes: UBSAN-gcc UBSAN

Check Details

Version: 1.3.3
Check: dependencies in R code
Result: NOTE
    Missing or unexported object: ‘fts::dates.fts’
Flavors: r-devel-linux-x86_64-fedora-clang, r-devel-linux-x86_64-fedora-gcc, r-devel-osx-x86_64-clang, r-devel-windows-ix86+x86_64, r-patched-solaris-sparc, r-patched-solaris-x86, r-release-osx-x86_64-mavericks, r-release-windows-ix86+x86_64, r-oldrel-windows-ix86+x86_64

Version: 1.3.3
Check: S3 generic/method consistency
Result: NOTE
    Found the following apparent S3 methods exported but not registered:
     pretty.day pretty.hour pretty.min pretty.month pretty.point
     pretty.sec pretty.unit pretty.year
    See section ‘Registering S3 methods’ in the ‘Writing R Extensions’
    manual.
Flavors: r-devel-linux-x86_64-fedora-clang, r-devel-linux-x86_64-fedora-gcc, r-devel-osx-x86_64-clang, r-patched-solaris-x86

Version: 1.3.3
Check: package dependencies
Result: ERROR
    Package suggested but not available for checking: ‘knitr’
    
    Packages which this enhances but not available for checking:
     ‘zoo’ ‘xts’ ‘its’ ‘fts’ ‘tseries’
    
    VignetteBuilder package required for checking but installed: ‘knitr’
    
    See section ‘The DESCRIPTION file’ in the ‘Writing R Extensions’
    manual.
Flavor: r-release-osx-x86_64-snowleopard