CRAN Package Check Results for Package lubridate

Last updated on 2016-07-26 05:49:02.

Flavor Version Tinstall Tcheck Ttotal Status Flags
r-devel-linux-x86_64-debian-clang 1.5.6 4.27 43.75 48.02 OK
r-devel-linux-x86_64-debian-gcc 1.5.6 4.69 44.12 48.81 OK
r-devel-linux-x86_64-fedora-clang 1.5.6 79.27 OK
r-devel-linux-x86_64-fedora-gcc 1.5.6 73.67 OK
r-devel-osx-x86_64-clang 1.5.6 66.88 OK
r-devel-windows-ix86+x86_64 1.5.6 14.00 132.00 146.00 OK
r-patched-linux-x86_64 1.5.6 3.59 44.08 47.67 OK
r-patched-solaris-sparc 1.5.6 467.00 ERROR
r-patched-solaris-x86 1.5.6 93.40 ERROR
r-release-linux-x86_64 1.5.6 3.72 43.74 47.46 OK
r-release-osx-x86_64-mavericks 1.5.6 OK
r-release-windows-ix86+x86_64 1.5.6 14.00 130.00 144.00 OK
r-oldrel-windows-ix86+x86_64 1.5.6 18.00 141.00 159.00 OK

Check Details

Version: 1.5.6
Check: tests
Result: ERROR
    Running the tests in ‘tests/testthat.R’ failed.
    Last 13 lines of output:
     1: expect_equal(interval(t1, t2), new("Interval", 18316800, start = as.POSIXct("2007-01-01",
     tz = "UTC"), tzone = "UTC")) at testthat/test-intervals.R:86
     2: compare(object, expected, ...)
     3: interval(t1, t2)
     4: as.POSIXct(start, tz = tzone)
     5: as.POSIXct.POSIXlt(start, tz = tzone)
    
     testthat results ================================================================
     OK: 1803 SKIPPED: 0 FAILED: 1
     1. Error: interval handles POSIXlt inputs (@test-intervals.R#86)
    
     Error: testthat unit tests failed
     Execution halted
Flavors: r-patched-solaris-sparc, r-patched-solaris-x86