CRAN Package Check Results for Package lubridate

Last updated on 2015-07-29 19:49:56.

Flavor Version Tinstall Tcheck Ttotal Status Flags
r-devel-linux-x86_64-debian-clang 1.3.3 3.28 36.92 40.20 NOTE
r-devel-linux-x86_64-debian-gcc 1.3.3 3.12 37.06 40.17 NOTE
r-devel-linux-x86_64-fedora-clang 1.3.3 80.82 NOTE
r-devel-linux-x86_64-fedora-gcc 1.3.3 74.91 NOTE
r-devel-osx-x86_64-clang 1.3.3 66.59 NOTE
r-devel-windows-ix86+x86_64 1.3.3 22.00 80.00 102.00 NOTE
r-patched-linux-x86_64 1.3.3 3.31 37.92 41.24 NOTE
r-patched-solaris-sparc 1.3.3 503.80 NOTE
r-patched-solaris-x86 1.3.3 105.70 NOTE
r-release-linux-x86_64 1.3.3 3.42 36.28 39.70 NOTE
r-release-osx-x86_64-mavericks 1.3.3 NOTE
r-release-windows-ix86+x86_64 1.3.3 19.00 78.00 97.00 NOTE
r-oldrel-windows-ix86+x86_64 1.3.3 20.00 96.00 116.00 NOTE

Memtest notes: UBSAN-gcc UBSAN

Check Details

Version: 1.3.3
Check: dependencies in R code
Result: NOTE
    Missing or unexported object: ‘fts::dates.fts’
Flavors: r-devel-linux-x86_64-debian-clang, r-devel-linux-x86_64-debian-gcc, r-devel-linux-x86_64-fedora-clang, r-devel-linux-x86_64-fedora-gcc, r-devel-osx-x86_64-clang, r-devel-windows-ix86+x86_64, r-patched-linux-x86_64, r-patched-solaris-sparc, r-patched-solaris-x86, r-release-linux-x86_64, r-release-osx-x86_64-mavericks, r-release-windows-ix86+x86_64, r-oldrel-windows-ix86+x86_64

Version: 1.3.3
Check: S3 generic/method consistency
Result: NOTE
    Found the following apparent S3 methods exported but not registered:
     pretty.day pretty.hour pretty.min pretty.month pretty.point
     pretty.sec pretty.unit pretty.year
    See section ‘Registering S3 methods’ in the ‘Writing R Extensions’
    manual.
Flavors: r-devel-linux-x86_64-debian-clang, r-devel-linux-x86_64-debian-gcc, r-devel-linux-x86_64-fedora-clang, r-devel-linux-x86_64-fedora-gcc, r-devel-osx-x86_64-clang, r-patched-linux-x86_64, r-patched-solaris-sparc, r-patched-solaris-x86, r-release-linux-x86_64

Version: 1.3.3
Check: R code for possible problems
Result: NOTE
    add_period_to_date: no visible global function definition for ‘update’
    check_period: no visible global function definition for ‘na.omit’
    compute_estimate: no visible global function definition for ‘na.omit’
    floor_date: no visible global function definition for ‘update’
    force_tz: no visible global function definition for ‘update’
    format.Duration: no visible global function definition for ‘na.omit’
    make_difftime: no visible global function definition for ‘na.omit’
    olson_time_zones: no visible global function definition for
     ‘read.delim’
    period: no visible global function definition for ‘setNames’
    update.Date: no visible global function definition for ‘update’
    Undefined global functions or variables:
     na.omit read.delim setNames update
    Consider adding
     importFrom("stats", "na.omit", "setNames", "update")
     importFrom("utils", "read.delim")
    to your NAMESPACE.
Flavors: r-devel-linux-x86_64-debian-clang, r-devel-linux-x86_64-debian-gcc, r-devel-linux-x86_64-fedora-clang, r-devel-linux-x86_64-fedora-gcc, r-devel-windows-ix86+x86_64