CRAN Package Check Results for Package lubridate

Last updated on 2018-01-18 06:47:02 CET.

Flavor Version Tinstall Tcheck Ttotal Status Flags
r-devel-linux-x86_64-debian-clang 1.7.1 24.49 75.53 100.02 ERROR
r-devel-linux-x86_64-debian-gcc 1.7.1 23.60 68.03 91.63 ERROR
r-devel-linux-x86_64-fedora-clang 1.7.1 134.62 ERROR
r-devel-linux-x86_64-fedora-gcc 1.7.1 133.01 ERROR
r-devel-windows-ix86+x86_64 1.7.1 96.00 157.00 253.00 WARN
r-patched-linux-x86_64 1.7.1 28.12 104.44 132.56 OK
r-patched-solaris-x86 1.7.1 1143.50 OK
r-release-linux-x86_64 1.7.1 26.98 83.41 110.39 OK
r-release-windows-ix86+x86_64 1.7.1 66.00 130.00 196.00 OK
r-release-osx-x86_64 1.7.1 OK
r-oldrel-windows-ix86+x86_64 1.7.1 90.00 121.00 211.00 OK
r-oldrel-osx-x86_64 1.7.1 OK

Additional issues

clang-UBSAN

Check Details

Version: 1.7.1
Check: use of S3 registration
Result: WARN
    Registered S3 method from a standard package overwritten by 'lubridate':
     method from
     c.POSIXct base
Flavors: r-devel-linux-x86_64-debian-clang, r-devel-linux-x86_64-debian-gcc, r-devel-linux-x86_64-fedora-clang, r-devel-linux-x86_64-fedora-gcc, r-devel-windows-ix86+x86_64, r-devel-windows-ix86+x86_64

Version: 1.7.1
Check: tests
Result: ERROR
     Running ‘testthat.R’ [24s/24s]
    Running the tests in ‘tests/testthat.R’ failed.
    Complete output:
     > if (packageVersion("testthat") >= "0.7.1.99") {
     + library(testthat)
     + test_check("lubridate")
     + }
     Loading required package: lubridate
    
     Attaching package: 'lubridate'
    
     The following object is masked from 'package:base':
    
     date
    
     ── 1. Failure: interval handles POSIXlt inputs (@test-intervals.R#88) ─────────
     unclass(interval(t1, t2)) not equal to unclass(...).
     Attributes: < Component "tzone": 1 string mismatch >
    
     ── 2. Failure: interval handles POSIXlt inputs (@test-intervals.R#95) ─────────
     unclass(interval(t1, t2)) not equal to unclass(...).
     Attributes: < Component "tzone": 1 string mismatch >
    
     ══ testthat results ═══════════════════════════════════════════════════════════
     OK: 2456 SKIPPED: 36 FAILED: 2
     1. Failure: interval handles POSIXlt inputs (@test-intervals.R#88)
     2. Failure: interval handles POSIXlt inputs (@test-intervals.R#95)
    
     Error: testthat unit tests failed
     Execution halted
Flavor: r-devel-linux-x86_64-debian-clang

Version: 1.7.1
Check: tests
Result: ERROR
     Running ‘testthat.R’ [24s/33s]
    Running the tests in ‘tests/testthat.R’ failed.
    Complete output:
     > if (packageVersion("testthat") >= "0.7.1.99") {
     + library(testthat)
     + test_check("lubridate")
     + }
     Loading required package: lubridate
    
     Attaching package: 'lubridate'
    
     The following object is masked from 'package:base':
    
     date
    
     ── 1. Failure: interval handles POSIXlt inputs (@test-intervals.R#88) ─────────
     unclass(interval(t1, t2)) not equal to unclass(...).
     Attributes: < Component "tzone": 1 string mismatch >
    
     ── 2. Failure: interval handles POSIXlt inputs (@test-intervals.R#95) ─────────
     unclass(interval(t1, t2)) not equal to unclass(...).
     Attributes: < Component "tzone": 1 string mismatch >
    
     ══ testthat results ═══════════════════════════════════════════════════════════
     OK: 2456 SKIPPED: 36 FAILED: 2
     1. Failure: interval handles POSIXlt inputs (@test-intervals.R#88)
     2. Failure: interval handles POSIXlt inputs (@test-intervals.R#95)
    
     Error: testthat unit tests failed
     Execution halted
Flavor: r-devel-linux-x86_64-debian-gcc

Version: 1.7.1
Check: tests
Result: ERROR
     Running ‘testthat.R’ [31s/36s]
    Running the tests in ‘tests/testthat.R’ failed.
    Complete output:
     > if (packageVersion("testthat") >= "0.7.1.99") {
     + library(testthat)
     + test_check("lubridate")
     + }
     Loading required package: lubridate
    
     Attaching package: 'lubridate'
    
     The following object is masked from 'package:base':
    
     date
    
     ── 1. Failure: interval handles POSIXlt inputs (@test-intervals.R#88) ─────────
     unclass(interval(t1, t2)) not equal to unclass(...).
     Attributes: < Component "tzone": 1 string mismatch >
    
     ── 2. Failure: interval handles POSIXlt inputs (@test-intervals.R#95) ─────────
     unclass(interval(t1, t2)) not equal to unclass(...).
     Attributes: < Component "tzone": 1 string mismatch >
    
     ══ testthat results ═══════════════════════════════════════════════════════════
     OK: 2456 SKIPPED: 36 FAILED: 2
     1. Failure: interval handles POSIXlt inputs (@test-intervals.R#88)
     2. Failure: interval handles POSIXlt inputs (@test-intervals.R#95)
    
     Error: testthat unit tests failed
     Execution halted
Flavors: r-devel-linux-x86_64-fedora-clang, r-devel-linux-x86_64-fedora-gcc