CRAN Package Check Results for Package lubridate

Last updated on 2015-05-30 23:46:59.

Flavor Version Tinstall Tcheck Ttotal Status Flags
r-devel-linux-x86_64-debian-clang 1.3.3 3.20 36.68 39.88 NOTE
r-devel-linux-x86_64-debian-gcc 1.3.3 3.13 36.06 39.18 NOTE
r-devel-linux-x86_64-fedora-clang 1.3.3 79.73 NOTE
r-devel-linux-x86_64-fedora-gcc 1.3.3 75.41 NOTE
r-devel-osx-x86_64-clang 1.3.3 74.97 NOTE
r-devel-windows-ix86+x86_64 1.3.3 12.00 77.00 89.00 NOTE
r-patched-linux-x86_64 1.3.3 3.14 36.49 39.63 NOTE
r-patched-solaris-sparc 1.3.3 528.70 NOTE
r-patched-solaris-x86 1.3.3 104.00 NOTE
r-release-linux-x86_64 1.3.3 3.24 36.63 39.87 NOTE
r-release-osx-x86_64-mavericks 1.3.3 NOTE
r-release-osx-x86_64-snowleopard 1.3.3 ERROR
r-release-windows-ix86+x86_64 1.3.3 12.00 78.00 90.00 NOTE
r-oldrel-windows-ix86+x86_64 1.3.3 16.00 100.00 116.00 NOTE

Memtest notes: UBSAN-gcc UBSAN

Check Details

Version: 1.3.3
Check: dependencies in R code
Result: NOTE
    Missing or unexported object: ‘fts::dates.fts’
Flavors: r-devel-linux-x86_64-debian-clang, r-devel-linux-x86_64-debian-gcc, r-devel-linux-x86_64-fedora-clang, r-devel-linux-x86_64-fedora-gcc, r-devel-osx-x86_64-clang, r-devel-windows-ix86+x86_64, r-patched-linux-x86_64, r-patched-solaris-sparc, r-patched-solaris-x86, r-release-linux-x86_64, r-release-osx-x86_64-mavericks, r-release-windows-ix86+x86_64, r-oldrel-windows-ix86+x86_64

Version: 1.3.3
Check: S3 generic/method consistency
Result: NOTE
    Found the following apparent S3 methods exported but not registered:
     pretty.day pretty.hour pretty.min pretty.month pretty.point
     pretty.sec pretty.unit pretty.year
    See section ‘Registering S3 methods’ in the ‘Writing R Extensions’
    manual.
Flavors: r-devel-linux-x86_64-debian-clang, r-devel-linux-x86_64-debian-gcc, r-devel-linux-x86_64-fedora-clang, r-devel-linux-x86_64-fedora-gcc, r-devel-osx-x86_64-clang, r-patched-linux-x86_64, r-patched-solaris-sparc, r-patched-solaris-x86, r-release-linux-x86_64

Version: 1.3.3
Check: package dependencies
Result: ERROR
    Package suggested but not available for checking: ‘knitr’
    
    Packages which this enhances but not available for checking:
     ‘zoo’ ‘xts’ ‘its’ ‘fts’ ‘tseries’
    
    VignetteBuilder package required for checking but installed: ‘knitr’
    
    See section ‘The DESCRIPTION file’ in the ‘Writing R Extensions’
    manual.
Flavor: r-release-osx-x86_64-snowleopard