CRAN Package Check Results for Package lubridate

Last updated on 2014-12-20 01:49:20.

Flavor Version Tinstall Tcheck Ttotal Status Flags
r-devel-linux-x86_64-debian-clang 1.3.3 3.73 43.36 47.09 NOTE
r-devel-linux-x86_64-debian-gcc 1.3.3 4.97 42.01 46.98 NOTE
r-devel-linux-x86_64-fedora-clang 1.3.3 104.84 NOTE
r-devel-linux-x86_64-fedora-gcc 1.3.3 93.30 NOTE
r-devel-osx-x86_64-clang 1.3.3 91.93 NOTE
r-devel-windows-ix86+x86_64 1.3.3 15.00 91.00 106.00 NOTE
r-patched-linux-x86_64 1.3.3 4.32 45.56 49.88 NOTE
r-patched-solaris-sparc 1.3.3 560.20 NOTE
r-patched-solaris-x86 1.3.3 123.20 NOTE
r-release-linux-ix86 1.3.3 4.77 55.00 59.77 NOTE
r-release-linux-x86_64 1.3.3 4.02 48.82 52.84 NOTE
r-release-osx-x86_64-mavericks 1.3.3 NOTE
r-release-osx-x86_64-snowleopard 1.3.3 OK
r-release-windows-ix86+x86_64 1.3.3 15.00 97.00 112.00 NOTE
r-oldrel-windows-ix86+x86_64 1.3.3 14.00 102.00 116.00 NOTE

Memtest notes: UBSAN-clang-trunk UBSAN-gcc UBSAN

Check Details

Version: 1.3.3
Check: dependencies in R code
Result: NOTE
    Missing or unexported object: ‘fts::dates.fts’
    See the information on DESCRIPTION files in the chapter ‘Creating R
    packages’ of the ‘Writing R Extensions’ manual.
Flavors: r-devel-linux-x86_64-debian-clang, r-devel-linux-x86_64-debian-gcc, r-devel-linux-x86_64-fedora-clang, r-devel-linux-x86_64-fedora-gcc, r-devel-osx-x86_64-clang, r-devel-windows-ix86+x86_64, r-patched-linux-x86_64, r-patched-solaris-sparc, r-patched-solaris-x86, r-release-linux-ix86, r-release-linux-x86_64, r-release-osx-x86_64-mavericks, r-release-windows-ix86+x86_64, r-oldrel-windows-ix86+x86_64