CRAN Package Check Results for Package lubridate

Last updated on 2021-10-22 09:53:09 CEST.

Flavor Version Tinstall Tcheck Ttotal Status Flags
r-devel-linux-x86_64-debian-clang 1.8.0 27.83 92.68 120.51 OK
r-devel-linux-x86_64-debian-gcc 1.8.0 21.59 69.46 91.05 OK
r-devel-linux-x86_64-fedora-clang 1.8.0 168.59 OK
r-devel-linux-x86_64-fedora-gcc 1.8.0 150.63 OK
r-devel-windows-x86_64 1.8.0 45.00 132.00 177.00 OK
r-devel-windows-x86_64-gcc10-UCRT 1.8.0 OK
r-patched-linux-x86_64 1.8.0 28.42 90.09 118.51 OK
r-patched-solaris-x86 1.8.0 175.40 OK
r-release-linux-x86_64 1.8.0 26.43 89.32 115.75 OK
r-release-macos-arm64 1.7.10 ERROR
r-release-macos-x86_64 1.8.0 OK
r-release-windows-ix86+x86_64 1.8.0 63.00 179.00 242.00 OK
r-oldrel-macos-x86_64 1.8.0 OK
r-oldrel-windows-ix86+x86_64 1.8.0 60.00 141.00 201.00 OK

Check Details

Version: 1.7.10
Check: tests
Result: ERROR
     Running ‘testthat.R’ [8s/10s]
    Running the tests in ‘tests/testthat.R’ failed.
    Last 13 lines of output:
    
     date, intersect, setdiff, union
    
     ══ Skipped tests ═══════════════════════════════════════════════════════════════
     • Fixm ymd_hms OSz parsing (2)
     • On CRAN (6)
    
     ══ Failed tests ════════════════════════════════════════════════════════════════
     ── Failure (test-round.R:347:3): round_date does not round dates that are already on a boundary ──
     round_date(as.Date("2012-09-27"), "day") not equal to as.Date("2012-09-27").
     Mean relative difference: 6.40574e-05
    
     [ FAIL 1 | WARN 0 | SKIP 8 | PASS 2678 ]
     Error: Test failures
     Execution halted
Flavor: r-release-macos-arm64