CRAN Package Check Results for Package lubridate

Last updated on 2017-06-27 04:48:12.

Flavor Version Tinstall Tcheck Ttotal Status Flags
r-devel-linux-x86_64-debian-clang 1.6.0 3.40 44.89 48.29 NOTE
r-devel-linux-x86_64-debian-gcc 1.6.0 3.51 43.03 46.54 NOTE
r-devel-linux-x86_64-fedora-clang 1.6.0 90.05 NOTE
r-devel-linux-x86_64-fedora-gcc 1.6.0 87.65 NOTE
r-devel-windows-ix86+x86_64 1.6.0 24.00 112.00 136.00 OK
r-patched-linux-x86_64 1.6.0 3.89 43.13 47.02 NOTE
r-patched-solaris-sparc 1.6.0 515.20 ERROR
r-patched-solaris-x86 1.6.0 111.10 ERROR
r-release-linux-x86_64 1.6.0 3.42 44.59 48.02 NOTE
r-release-windows-ix86+x86_64 1.6.0 14.00 166.00 180.00 OK
r-release-osx-x86_64 1.6.0 NOTE
r-oldrel-windows-ix86+x86_64 1.6.0 21.00 166.00 187.00 OK
r-oldrel-osx-x86_64 1.6.0 OK

Check Details

Version: 1.6.0
Check: package dependencies
Result: NOTE
    Package which this enhances but not available for checking: ‘its’
Flavors: r-devel-linux-x86_64-debian-clang, r-devel-linux-x86_64-debian-gcc, r-devel-linux-x86_64-fedora-clang, r-devel-linux-x86_64-fedora-gcc, r-patched-linux-x86_64, r-patched-solaris-sparc, r-patched-solaris-x86, r-release-linux-x86_64, r-release-osx-x86_64

Version: 1.6.0
Check: compiled code
Result: NOTE
    File ‘lubridate/libs/lubridate.so’:
     Found no calls to: ‘R_registerRoutines’, ‘R_useDynamicSymbols’
    
    It is good practice to register native routines and to disable symbol
    search.
    
    See ‘Writing portable packages’ in the ‘Writing R Extensions’ manual.
Flavors: r-devel-linux-x86_64-debian-clang, r-devel-linux-x86_64-debian-gcc, r-devel-linux-x86_64-fedora-clang, r-devel-linux-x86_64-fedora-gcc, r-patched-linux-x86_64, r-release-linux-x86_64

Version: 1.6.0
Check: tests
Result: ERROR
     Running ‘testthat.R’ [114s/114s]
    Running the tests in ‘tests/testthat.R’ failed.
    Complete output:
     > if (packageVersion("testthat") >= "0.7.1.99") {
     + library(testthat)
     + test_check("lubridate")
     + }
     Loading required package: lubridate
    
     Attaching package: 'lubridate'
    
     The following object is masked from 'package:base':
    
     date
    
     1. Error: interval handles POSIXlt inputs (@test-intervals.R#86) ---------------
     invalid 'tz' value
     1: expect_equal(interval(t1, t2), new("Interval", 18316800, start = as.POSIXct("2007-01-01",
     tz = "UTC"), tzone = "UTC")) at testthat/test-intervals.R:86
     2: compare(object, expected, ...)
     3: interval(t1, t2)
     4: as.POSIXct(start, tz = tzone)
     5: as.POSIXct.POSIXlt(start, tz = tzone)
    
     testthat results ================================================================
     OK: 2152 SKIPPED: 0 FAILED: 1
     1. Error: interval handles POSIXlt inputs (@test-intervals.R#86)
    
     Error: testthat unit tests failed
     Execution halted
Flavor: r-patched-solaris-sparc

Version: 1.6.0
Check: tests
Result: ERROR
     Running ‘testthat.R’ [23s/28s]
    Running the tests in ‘tests/testthat.R’ failed.
    Complete output:
     > if (packageVersion("testthat") >= "0.7.1.99") {
     + library(testthat)
     + test_check("lubridate")
     + }
     Loading required package: lubridate
    
     Attaching package: 'lubridate'
    
     The following object is masked from 'package:base':
    
     date
    
     1. Error: interval handles POSIXlt inputs (@test-intervals.R#86) ---------------
     invalid 'tz' value
     1: expect_equal(interval(t1, t2), new("Interval", 18316800, start = as.POSIXct("2007-01-01",
     tz = "UTC"), tzone = "UTC")) at testthat/test-intervals.R:86
     2: compare(object, expected, ...)
     3: interval(t1, t2)
     4: as.POSIXct(start, tz = tzone)
     5: as.POSIXct.POSIXlt(start, tz = tzone)
    
     testthat results ================================================================
     OK: 2152 SKIPPED: 0 FAILED: 1
     1. Error: interval handles POSIXlt inputs (@test-intervals.R#86)
    
     Error: testthat unit tests failed
     Execution halted
Flavor: r-patched-solaris-x86