CRAN Package Check Results for Package luca

Last updated on 2014-07-25 21:47:54.

Flavor Version Tinstall Tcheck Ttotal Status Flags
r-devel-linux-x86_64-debian-clang 1.0-5 1.10 20.53 21.63 NOTE
r-devel-linux-x86_64-debian-gcc 1.0-5 1.10 20.03 21.13 NOTE
r-devel-linux-x86_64-fedora-clang 1.0-5 44.38 NOTE
r-devel-linux-x86_64-fedora-gcc 1.0-5 43.09 NOTE
r-devel-osx-x86_64-clang 1.0-5 44.82 NOTE
r-devel-windows-ix86+x86_64 1.0-5 5.00 38.00 43.00 NOTE
r-patched-linux-x86_64 1.0-5 1.09 20.29 21.38 NOTE
r-patched-solaris-sparc 1.0-5 223.40 NOTE
r-patched-solaris-x86 1.0-5 53.60 NOTE
r-release-linux-ix86 1.0-5 1.63 27.93 29.56 NOTE
r-release-linux-x86_64 1.0-5 1.16 20.89 22.05 NOTE
r-release-osx-x86_64-mavericks 1.0-5 NOTE
r-release-osx-x86_64-snowleopard 1.0-5 NOTE
r-release-windows-ix86+x86_64 1.0-5 5.00 36.00 41.00 NOTE
r-oldrel-windows-ix86+x86_64 1.0-5 6.00 37.00 43.00 NOTE

Check Details

Version: 1.0-5
Check: dependencies in R code
Result: NOTE
    'library' or 'require' calls to packages already attached by Depends:
     ‘genetics’ ‘survival’
     Please remove these calls from your code.
    Packages in Depends field not imported from:
     ‘genetics’ ‘survival’
     These packages need to be imported from (in the NAMESPACE file)
     for when this namespace is loaded but not attached.
    See the information on DESCRIPTION files in the chapter ‘Creating R
    packages’ of the ‘Writing R Extensions’ manual.
Flavors: r-devel-linux-x86_64-debian-clang, r-devel-linux-x86_64-debian-gcc, r-devel-linux-x86_64-fedora-clang, r-devel-linux-x86_64-fedora-gcc, r-devel-osx-x86_64-clang, r-devel-windows-ix86+x86_64, r-patched-linux-x86_64, r-patched-solaris-sparc, r-patched-solaris-x86, r-release-linux-ix86, r-release-linux-x86_64, r-release-osx-x86_64-mavericks, r-release-windows-ix86+x86_64, r-oldrel-windows-ix86+x86_64

Version: 1.0-5
Check: dependencies in R code
Result: NOTE
    'library' or 'require' calls to packages already attached by Depends:
     'genetics' 'survival'
     Please remove these calls from your code.
    See the information on DESCRIPTION files in the chapter 'Creating R
    packages' of the 'Writing R Extensions' manual.
Flavor: r-release-osx-x86_64-snowleopard