CRAN Package Check Results for Package luca

Last updated on 2014-04-24 09:49:04.

Flavor Version Tinstall Tcheck Ttotal Status Flags
r-devel-linux-x86_64-debian-clang 1.0-5 1.30 21.70 23.00 NOTE
r-devel-linux-x86_64-debian-gcc 1.0-5 1.26 21.68 22.94 NOTE
r-devel-linux-x86_64-fedora-clang 1.0-5 46.11 NOTE
r-devel-linux-x86_64-fedora-gcc 1.0-5 43.32 NOTE
r-devel-osx-x86_64-clang 1.0-5 44.04 NOTE
r-devel-osx-x86_64-gcc 1.0-5 NOTE
r-devel-windows-ix86+x86_64 1.0-5 6.00 38.00 44.00 NOTE
r-patched-linux-x86_64 1.0-5 1.28 21.93 23.20 NOTE
r-patched-solaris-sparc 1.0-5 223.40 NOTE
r-patched-solaris-x86 1.0-5 55.70 NOTE
r-release-linux-ix86 1.0-5 2.00 39.00 41.00 NOTE
r-release-linux-x86_64 1.0-5 1.30 21.50 22.80 NOTE
r-release-osx-x86_64-mavericks 1.0-5 WARN
r-release-osx-x86_64-snowleopard 1.0-5 NOTE
r-release-windows-ix86+x86_64 1.0-5 5.00 39.00 44.00 NOTE
r-oldrel-windows-ix86+x86_64 1.0-5 6.00 40.00 46.00 NOTE

Check Details

Version: 1.0-5
Check: dependencies in R code
Result: NOTE
    'library' or 'require' calls to packages already attached by Depends:
     ‘genetics’ ‘survival’
     Please remove these calls from your code.
    Packages in Depends field not imported from:
     ‘genetics’ ‘survival’
     These packages need to be imported from (in the NAMESPACE file)
     for when this namespace is loaded but not attached.
    See the information on DESCRIPTION files in the chapter ‘Creating R
    packages’ of the ‘Writing R Extensions’ manual.
Flavors: r-devel-linux-x86_64-debian-clang, r-devel-linux-x86_64-debian-gcc, r-devel-linux-x86_64-fedora-clang, r-devel-linux-x86_64-fedora-gcc, r-devel-osx-x86_64-clang, r-devel-osx-x86_64-gcc, r-devel-windows-ix86+x86_64, r-patched-linux-x86_64, r-patched-solaris-sparc, r-patched-solaris-x86, r-release-linux-ix86, r-release-linux-x86_64, r-release-osx-x86_64-mavericks, r-release-windows-ix86+x86_64, r-oldrel-windows-ix86+x86_64

Version: 1.0-5
Check: PDF version of manual
Result: WARNING
    LaTeX errors when creating PDF version.
    This typically indicates Rd problems.
    LaTeX errors found:
    ! LaTeX Error: File `upquote.sty' not found.
    
    Type X to quit or <RETURN> to proceed,
    or enter new name. (Default extension: sty)
    
    7418f617/Rd2.tex:8: ==> Fatal error occurred, no output PDF file produced!
Flavor: r-release-osx-x86_64-mavericks

Version: 1.0-5
Check: dependencies in R code
Result: NOTE
    'library' or 'require' calls to packages already attached by Depends:
     'genetics' 'survival'
     Please remove these calls from your code.
    See the information on DESCRIPTION files in the chapter 'Creating R
    packages' of the 'Writing R Extensions' manual.
Flavor: r-release-osx-x86_64-snowleopard