CRAN Package Check Results for Package luca

Last updated on 2014-09-02 05:46:36.

Flavor Version Tinstall Tcheck Ttotal Status Flags
r-devel-linux-x86_64-debian-clang 1.0-5 1.06 19.60 20.66 NOTE
r-devel-linux-x86_64-debian-gcc 1.0-5 1.06 19.22 20.27 NOTE
r-devel-linux-x86_64-fedora-clang 1.0-5 43.23 NOTE
r-devel-linux-x86_64-fedora-gcc 1.0-5 40.95 NOTE
r-devel-osx-x86_64-clang 1.0-5 42.91 NOTE
r-devel-windows-ix86+x86_64 1.0-5 5.00 36.00 41.00 NOTE
r-patched-linux-x86_64 1.0-5 1.14 20.31 21.44 NOTE
r-patched-solaris-sparc 1.0-5 216.40 NOTE
r-patched-solaris-x86 1.0-5 53.60 NOTE
r-release-linux-ix86 1.0-5 1.67 27.94 29.61 NOTE
r-release-linux-x86_64 1.0-5 1.15 21.09 22.24 NOTE
r-release-osx-x86_64-mavericks 1.0-5 NOTE
r-release-osx-x86_64-snowleopard 1.0-5 NOTE
r-release-windows-ix86+x86_64 1.0-5 6.00 46.00 52.00 NOTE
r-oldrel-windows-ix86+x86_64 1.0-5 9.00 39.00 48.00 NOTE

Check Details

Version: 1.0-5
Check: dependencies in R code
Result: NOTE
    'library' or 'require' calls to packages already attached by Depends:
     ‘genetics’ ‘survival’
     Please remove these calls from your code.
    Packages in Depends field not imported from:
     ‘genetics’ ‘survival’
     These packages need to be imported from (in the NAMESPACE file)
     for when this namespace is loaded but not attached.
    See the information on DESCRIPTION files in the chapter ‘Creating R
    packages’ of the ‘Writing R Extensions’ manual.
Flavors: r-devel-linux-x86_64-debian-clang, r-devel-linux-x86_64-debian-gcc, r-devel-linux-x86_64-fedora-clang, r-devel-linux-x86_64-fedora-gcc, r-devel-osx-x86_64-clang, r-devel-windows-ix86+x86_64, r-patched-linux-x86_64, r-patched-solaris-sparc, r-patched-solaris-x86, r-release-linux-ix86, r-release-linux-x86_64, r-release-osx-x86_64-mavericks, r-release-windows-ix86+x86_64, r-oldrel-windows-ix86+x86_64

Version: 1.0-5
Check: R code for possible problems
Result: NOTE
    get.Z.HWP: no visible global function definition for ‘is.genotype’
    get.Z.HWP: no visible global function definition for ‘allele.count’
    get.lambda: no visible global function definition for ‘is.genotype’
    get.lambda: no visible global function definition for ‘heterozygote’
    luca: no visible global function definition for ‘is.genotype’
    luca: no visible global function definition for ‘genotype’
    luca: no visible global function definition for ‘Surv’
    luca: no visible global function definition for ‘coxph.fit’
    luca: no visible global function definition for ‘coxph.control’
Flavors: r-devel-linux-x86_64-debian-clang, r-devel-linux-x86_64-debian-gcc, r-devel-linux-x86_64-fedora-clang, r-devel-linux-x86_64-fedora-gcc, r-devel-osx-x86_64-clang, r-devel-windows-ix86+x86_64

Version: 1.0-5
Check: dependencies in R code
Result: NOTE
    'library' or 'require' calls to packages already attached by Depends:
     'genetics' 'survival'
     Please remove these calls from your code.
    See the information on DESCRIPTION files in the chapter 'Creating R
    packages' of the 'Writing R Extensions' manual.
Flavor: r-release-osx-x86_64-snowleopard