CRAN Package Check Results for Package lutz

Last updated on 2025-01-18 10:50:20 CET.

Flavor Version Tinstall Tcheck Ttotal Status Flags
r-devel-linux-x86_64-debian-clang 0.3.2 17.18 73.24 90.42 OK
r-devel-linux-x86_64-debian-gcc 0.3.2 16.87 54.29 71.16 OK
r-devel-linux-x86_64-fedora-clang 0.3.2 153.23 OK
r-devel-linux-x86_64-fedora-gcc 0.3.2 146.68 OK
r-devel-windows-x86_64 0.3.2 24.00 119.00 143.00 OK
r-patched-linux-x86_64 0.3.2 18.30 70.38 88.68 OK
r-release-linux-x86_64 0.3.2 17.08 70.05 87.13 OK
r-release-macos-arm64 0.3.2 52.00 NOTE
r-release-macos-x86_64 0.3.2 86.00 NOTE
r-release-windows-x86_64 0.3.2 23.00 120.00 143.00 NOTE
r-oldrel-macos-arm64 0.3.2 56.00 NOTE
r-oldrel-macos-x86_64 0.3.2 139.00 NOTE
r-oldrel-windows-x86_64 0.3.2 26.00 131.00 157.00 NOTE

Check Details

Version: 0.3.2
Check: installed package size
Result: NOTE installed size is 6.0Mb sub-directories of 1Mb or more: R 5.0Mb Flavors: r-release-macos-arm64, r-release-macos-x86_64, r-release-windows-x86_64, r-oldrel-macos-arm64, r-oldrel-macos-x86_64, r-oldrel-windows-x86_64