CRAN Package Check Results for Package lxb

Last updated on 2017-02-22 17:48:49.

Flavor Version Tinstall Tcheck Ttotal Status Flags
r-devel-linux-x86_64-debian-clang 1.5 1.06 10.31 11.37 NOTE
r-devel-linux-x86_64-debian-gcc 1.5 1.02 10.21 11.23 NOTE
r-devel-linux-x86_64-fedora-clang 1.5 17.81 NOTE --no-stop-on-test-error
r-devel-linux-x86_64-fedora-gcc 1.5 16.85 NOTE --no-stop-on-test-error
r-devel-macos-x86_64-clang 1.5 17.20 NOTE --no-stop-on-test-error
r-devel-windows-ix86+x86_64 1.5 7.00 34.00 41.00 OK
r-patched-linux-x86_64 1.5 0.89 8.27 9.16 OK
r-patched-solaris-sparc 1.5 87.00 OK
r-patched-solaris-x86 1.5 24.10 OK
r-release-linux-x86_64 1.5 0.89 8.09 8.98 OK
r-release-osx-x86_64-mavericks 1.5 OK
r-release-windows-ix86+x86_64 1.5 6.00 24.00 30.00 OK
r-oldrel-windows-ix86+x86_64 1.5 7.00 25.00 32.00 OK

Check Details

Version: 1.5
Check: compiled code
Result: NOTE
    File ‘lxb/libs/lxb.so’:
     Found no calls to: ‘R_registerRoutines’, ‘R_useDynamicSymbols’
    
    It is good practice to register native routines and to disable symbol
    search.
    
    See ‘Writing portable packages’ in the ‘Writing R Extensions’ manual.
Flavors: r-devel-linux-x86_64-debian-clang, r-devel-linux-x86_64-debian-gcc

Version: 1.5
Flags: --no-stop-on-test-error
Check: compiled code
Result: NOTE
    File ‘lxb/libs/lxb.so’:
     Found no calls to: ‘R_registerRoutines’, ‘R_useDynamicSymbols’
    
    It is good practice to register native routines and to disable symbol
    search.
    
    See ‘Writing portable packages’ in the ‘Writing R Extensions’ manual.
Flavors: r-devel-linux-x86_64-fedora-clang, r-devel-linux-x86_64-fedora-gcc, r-devel-macos-x86_64-clang