CRAN Package Check Results for Package lxb

Last updated on 2017-11-17 23:48:24.

Flavor Version Tinstall Tcheck Ttotal Status Flags
r-devel-linux-x86_64-debian-clang 1.5 0.99 10.38 11.37 NOTE
r-devel-linux-x86_64-debian-gcc 1.5 1.07 11.52 12.60 NOTE
r-devel-linux-x86_64-fedora-clang 1.5 18.46 NOTE
r-devel-linux-x86_64-fedora-gcc 1.5 17.54 NOTE
r-devel-windows-ix86+x86_64 1.5 11.00 26.00 37.00 OK
r-patched-linux-x86_64 1.5 1.05 10.50 11.55 NOTE
r-patched-solaris-x86 1.5 29.60 OK
r-release-linux-x86_64 1.5 1.06 10.61 11.67 NOTE
r-release-windows-ix86+x86_64 1.5 8.00 33.00 41.00 OK
r-release-osx-x86_64 1.5 OK
r-oldrel-windows-ix86+x86_64 1.5 6.00 24.00 30.00 OK
r-oldrel-osx-x86_64 1.5 OK

Additional issues

rchk

Check Details

Version: 1.5
Check: compiled code
Result: NOTE
    File ‘lxb/libs/lxb.so’:
     Found no calls to: ‘R_registerRoutines’, ‘R_useDynamicSymbols’
    
    It is good practice to register native routines and to disable symbol
    search.
    
    See ‘Writing portable packages’ in the ‘Writing R Extensions’ manual.
Flavors: r-devel-linux-x86_64-debian-clang, r-devel-linux-x86_64-debian-gcc, r-devel-linux-x86_64-fedora-clang, r-devel-linux-x86_64-fedora-gcc, r-patched-linux-x86_64, r-release-linux-x86_64