CRAN Package Check Results for Package lxb

Last updated on 2017-07-22 08:48:11.

Flavor Version Tinstall Tcheck Ttotal Status Flags
r-devel-linux-x86_64-debian-clang 1.5 1.08 16.38 17.47 NOTE
r-devel-linux-x86_64-debian-gcc 1.5 1.01 16.20 17.21 NOTE
r-devel-linux-x86_64-fedora-clang 1.5 19.21 NOTE
r-devel-linux-x86_64-fedora-gcc 1.5 17.76 NOTE
r-devel-windows-ix86+x86_64 1.5 7.00 30.00 37.00 OK
r-patched-linux-x86_64 1.5 1.12 16.32 17.43 NOTE
r-patched-solaris-x86 1.5 28.90 OK
r-release-linux-x86_64 1.5 1.16 16.14 17.30 NOTE
r-release-windows-ix86+x86_64 1.5 7.00 29.00 36.00 OK
r-release-osx-x86_64 1.5 OK
r-oldrel-windows-ix86+x86_64 1.5 6.00 24.00 30.00 OK
r-oldrel-osx-x86_64 1.5 OK

Additional issues

rchk

Check Details

Version: 1.5
Check: compiled code
Result: NOTE
    File ‘lxb/libs/lxb.so’:
     Found no calls to: ‘R_registerRoutines’, ‘R_useDynamicSymbols’
    
    It is good practice to register native routines and to disable symbol
    search.
    
    See ‘Writing portable packages’ in the ‘Writing R Extensions’ manual.
Flavors: r-devel-linux-x86_64-debian-clang, r-devel-linux-x86_64-debian-gcc, r-devel-linux-x86_64-fedora-clang, r-devel-linux-x86_64-fedora-gcc, r-patched-linux-x86_64, r-release-linux-x86_64