CRAN Package Check Results for Package lxb

Last updated on 2020-02-20 11:49:36 CET.

Flavor Version Tinstall Tcheck Ttotal Status Flags
r-devel-linux-x86_64-debian-clang 1.5 2.80 17.57 20.37 OK
r-devel-linux-x86_64-debian-gcc 1.5 2.01 14.15 16.16 OK
r-devel-linux-x86_64-fedora-clang 1.5 26.31 NOTE
r-devel-linux-x86_64-fedora-gcc 1.5 24.80 NOTE
r-devel-windows-ix86+x86_64 1.5 10.00 34.00 44.00 OK
r-devel-windows-ix86+x86_64-gcc8 1.5 15.00 49.00 64.00 WARN
r-patched-linux-x86_64 1.5 1.74 16.18 17.92 OK
r-patched-solaris-x86 1.5 37.40 OK
r-release-linux-x86_64 1.5 1.92 16.49 18.41 OK
r-release-windows-ix86+x86_64 1.5 10.00 43.00 53.00 OK
r-release-osx-x86_64 1.5 OK
r-oldrel-windows-ix86+x86_64 1.5 7.00 30.00 37.00 OK
r-oldrel-osx-x86_64 1.5 OK

Additional issues

rchk

Check Details

Version: 1.5
Check: compiled code
Result: NOTE
    File ‘lxb/libs/lxb.so’:
     Found no calls to: ‘R_registerRoutines’, ‘R_useDynamicSymbols’
    
    It is good practice to register native routines and to disable symbol
    search.
    
    See ‘Writing portable packages’ in the ‘Writing R Extensions’ manual.
Flavors: r-devel-linux-x86_64-fedora-clang, r-devel-linux-x86_64-fedora-gcc

Version: 1.5
Check: whether package can be installed
Result: WARN
    Found the following significant warnings:
     lxb.c:62:21: warning: '%d' directive writing between 1 and 11 bytes into a region of size 4 [-Wformat-overflow=]
Flavor: r-devel-windows-ix86+x86_64-gcc8