CRAN Package Check Results for Package lxb

Last updated on 2017-09-25 02:47:13.

Flavor Version Tinstall Tcheck Ttotal Status Flags
r-devel-linux-x86_64-debian-clang 1.5 1.09 10.74 11.83 NOTE
r-devel-linux-x86_64-debian-gcc 1.5 1.04 10.38 11.42 NOTE
r-devel-linux-x86_64-fedora-clang 1.5 19.42 NOTE
r-devel-linux-x86_64-fedora-gcc 1.5 18.23 NOTE
r-devel-windows-ix86+x86_64 1.5 11.00 29.00 40.00 OK
r-patched-linux-x86_64 1.5 0.98 10.57 11.55 NOTE
r-patched-solaris-x86 1.5 28.60 OK
r-release-linux-x86_64 1.5 1.06 10.63 11.69 NOTE
r-release-windows-ix86+x86_64 1.5 8.00 33.00 41.00 OK
r-release-osx-x86_64 1.5 OK
r-oldrel-windows-ix86+x86_64 1.5 6.00 24.00 30.00 OK
r-oldrel-osx-x86_64 1.5 OK

Additional issues

rchk

Check Details

Version: 1.5
Check: compiled code
Result: NOTE
    File ‘lxb/libs/lxb.so’:
     Found no calls to: ‘R_registerRoutines’, ‘R_useDynamicSymbols’
    
    It is good practice to register native routines and to disable symbol
    search.
    
    See ‘Writing portable packages’ in the ‘Writing R Extensions’ manual.
Flavors: r-devel-linux-x86_64-debian-clang, r-devel-linux-x86_64-debian-gcc, r-devel-linux-x86_64-fedora-clang, r-devel-linux-x86_64-fedora-gcc, r-patched-linux-x86_64, r-release-linux-x86_64