CRAN Package Check Results for Package lxb

Last updated on 2017-05-26 14:46:37.

Flavor Version Tinstall Tcheck Ttotal Status Flags
r-devel-linux-x86_64-debian-clang 1.5 1.08 10.67 11.74 NOTE
r-devel-linux-x86_64-debian-gcc 1.5 1.02 11.60 12.63 NOTE
r-devel-linux-x86_64-fedora-clang 1.5 18.74 NOTE
r-devel-linux-x86_64-fedora-gcc 1.5 17.44 NOTE
r-devel-windows-ix86+x86_64 1.5 14.00 30.00 44.00 OK
r-patched-linux-x86_64 1.5 1.08 10.81 11.89 NOTE
r-patched-solaris-sparc 1.5 110.60 OK
r-patched-solaris-x86 1.5 30.20 OK
r-release-linux-x86_64 1.5 1.03 10.48 11.51 NOTE
r-release-windows-ix86+x86_64 1.5 7.00 29.00 36.00 OK
r-release-osx-x86_64 1.5 OK
r-oldrel-windows-ix86+x86_64 1.5 6.00 24.00 30.00 OK
r-oldrel-osx-x86_64 1.5 OK

Additional issues

rchk

Check Details

Version: 1.5
Check: compiled code
Result: NOTE
    File ‘lxb/libs/lxb.so’:
     Found no calls to: ‘R_registerRoutines’, ‘R_useDynamicSymbols’
    
    It is good practice to register native routines and to disable symbol
    search.
    
    See ‘Writing portable packages’ in the ‘Writing R Extensions’ manual.
Flavors: r-devel-linux-x86_64-debian-clang, r-devel-linux-x86_64-debian-gcc, r-devel-linux-x86_64-fedora-clang, r-devel-linux-x86_64-fedora-gcc, r-patched-linux-x86_64, r-release-linux-x86_64