CRAN Package Check Results for Package lxb

Last updated on 2017-03-25 23:53:56.

Flavor Version Tinstall Tcheck Ttotal Status Flags
r-devel-linux-x86_64-debian-clang 1.5 1.12 10.48 11.61 NOTE
r-devel-linux-x86_64-debian-gcc 1.5 1.00 10.59 11.59 NOTE
r-devel-linux-x86_64-fedora-clang 1.5 19.71 NOTE --no-stop-on-test-error
r-devel-linux-x86_64-fedora-gcc 1.5 17.47 NOTE --no-stop-on-test-error
r-devel-macos-x86_64-clang 1.5 17.60 NOTE --no-stop-on-test-error
r-devel-windows-ix86+x86_64 1.5 7.00 27.00 34.00 OK
r-patched-linux-x86_64 1.5 0.97 10.93 11.90 NOTE
r-patched-solaris-sparc 1.5 110.60 OK
r-patched-solaris-x86 1.5 29.80 OK
r-release-linux-x86_64 1.5 0.85 8.13 8.98 OK
r-release-osx-x86_64-mavericks 1.5 OK
r-release-windows-ix86+x86_64 1.5 6.00 24.00 30.00 OK
r-oldrel-windows-ix86+x86_64 1.5 7.00 25.00 32.00 OK

Check Details

Version: 1.5
Check: compiled code
Result: NOTE
    File ‘lxb/libs/lxb.so’:
     Found no calls to: ‘R_registerRoutines’, ‘R_useDynamicSymbols’
    
    It is good practice to register native routines and to disable symbol
    search.
    
    See ‘Writing portable packages’ in the ‘Writing R Extensions’ manual.
Flavors: r-devel-linux-x86_64-debian-clang, r-devel-linux-x86_64-debian-gcc, r-patched-linux-x86_64

Version: 1.5
Flags: --no-stop-on-test-error
Check: compiled code
Result: NOTE
    File ‘lxb/libs/lxb.so’:
     Found no calls to: ‘R_registerRoutines’, ‘R_useDynamicSymbols’
    
    It is good practice to register native routines and to disable symbol
    search.
    
    See ‘Writing portable packages’ in the ‘Writing R Extensions’ manual.
Flavors: r-devel-linux-x86_64-fedora-clang, r-devel-linux-x86_64-fedora-gcc, r-devel-macos-x86_64-clang