CRAN Package Check Results for Package lxb

Last updated on 2018-05-22 01:46:42 CEST.

Flavor Version Tinstall Tcheck Ttotal Status Flags
r-devel-linux-x86_64-debian-clang 1.5 1.55 15.14 16.69 NOTE
r-devel-linux-x86_64-debian-gcc 1.5 1.13 13.25 14.38 NOTE
r-devel-linux-x86_64-fedora-clang 1.5 21.50 NOTE
r-devel-linux-x86_64-fedora-gcc 1.5 20.22 NOTE
r-devel-windows-ix86+x86_64 1.5 11.00 33.00 44.00 OK
r-patched-linux-x86_64 1.5 1.34 15.43 16.77 NOTE
r-patched-solaris-x86 1.5 34.50 OK
r-release-linux-x86_64 1.5 1.29 15.34 16.63 NOTE
r-release-windows-ix86+x86_64 1.5 9.00 31.00 40.00 OK
r-release-osx-x86_64 1.5 OK
r-oldrel-windows-ix86+x86_64 1.5 8.00 33.00 41.00 OK
r-oldrel-osx-x86_64 1.5 OK

Additional issues

rchk

Check Details

Version: 1.5
Check: compiled code
Result: NOTE
    File ‘lxb/libs/lxb.so’:
     Found no calls to: ‘R_registerRoutines’, ‘R_useDynamicSymbols’
    
    It is good practice to register native routines and to disable symbol
    search.
    
    See ‘Writing portable packages’ in the ‘Writing R Extensions’ manual.
Flavors: r-devel-linux-x86_64-debian-clang, r-devel-linux-x86_64-debian-gcc, r-devel-linux-x86_64-fedora-clang, r-devel-linux-x86_64-fedora-gcc, r-patched-linux-x86_64, r-release-linux-x86_64