CRAN Package Check Results for Package lxb

Last updated on 2018-01-18 04:47:54 CET.

Flavor Version Tinstall Tcheck Ttotal Status Flags
r-devel-linux-x86_64-debian-clang 1.5 1.30 14.71 16.01 NOTE
r-devel-linux-x86_64-debian-gcc 1.5 1.07 12.79 13.86 NOTE
r-devel-linux-x86_64-fedora-clang 1.5 19.96 NOTE
r-devel-linux-x86_64-fedora-gcc 1.5 19.39 NOTE
r-devel-windows-ix86+x86_64 1.5 8.00 47.00 55.00 OK
r-patched-linux-x86_64 1.5 1.04 14.50 15.54 NOTE
r-patched-solaris-x86 1.5 32.20 OK
r-release-linux-x86_64 1.5 1.28 14.54 15.82 NOTE
r-release-windows-ix86+x86_64 1.5 8.00 33.00 41.00 OK
r-release-osx-x86_64 1.5 OK
r-oldrel-windows-ix86+x86_64 1.5 6.00 24.00 30.00 OK
r-oldrel-osx-x86_64 1.5 OK

Additional issues

rchk

Check Details

Version: 1.5
Check: compiled code
Result: NOTE
    File ‘lxb/libs/lxb.so’:
     Found no calls to: ‘R_registerRoutines’, ‘R_useDynamicSymbols’
    
    It is good practice to register native routines and to disable symbol
    search.
    
    See ‘Writing portable packages’ in the ‘Writing R Extensions’ manual.
Flavors: r-devel-linux-x86_64-debian-clang, r-devel-linux-x86_64-debian-gcc, r-devel-linux-x86_64-fedora-clang, r-devel-linux-x86_64-fedora-gcc, r-patched-linux-x86_64, r-release-linux-x86_64