CRAN Package Check Results for Package lxb

Last updated on 2017-04-24 18:47:25.

Flavor Version Tinstall Tcheck Ttotal Status Flags
r-devel-linux-x86_64-debian-clang 1.5 1.14 10.39 11.54 NOTE
r-devel-linux-x86_64-debian-gcc 1.5 0.97 10.29 11.27 NOTE
r-devel-linux-x86_64-fedora-clang 1.5 20.19 NOTE --no-stop-on-test-error
r-devel-linux-x86_64-fedora-gcc 1.5 17.53 NOTE --no-stop-on-test-error
r-devel-windows-ix86+x86_64 1.5 OK
r-patched-linux-x86_64 1.5 1.06 10.24 11.30 NOTE
r-patched-solaris-sparc 1.5 110.60 OK
r-patched-solaris-x86 1.5 29.60 OK
r-release-linux-x86_64 1.5 1.08 10.25 11.34 NOTE
r-release-windows-ix86+x86_64 1.5 7.00 29.00 36.00 OK
r-release-osx-x86_64 1.5 OK
r-oldrel-windows-ix86+x86_64 1.5 6.00 24.00 30.00 OK
r-oldrel-osx-x86_64 1.5 OK

Check Details

Version: 1.5
Check: compiled code
Result: NOTE
    File ‘lxb/libs/lxb.so’:
     Found no calls to: ‘R_registerRoutines’, ‘R_useDynamicSymbols’
    
    It is good practice to register native routines and to disable symbol
    search.
    
    See ‘Writing portable packages’ in the ‘Writing R Extensions’ manual.
Flavors: r-devel-linux-x86_64-debian-clang, r-devel-linux-x86_64-debian-gcc, r-patched-linux-x86_64, r-release-linux-x86_64

Version: 1.5
Flags: --no-stop-on-test-error
Check: compiled code
Result: NOTE
    File ‘lxb/libs/lxb.so’:
     Found no calls to: ‘R_registerRoutines’, ‘R_useDynamicSymbols’
    
    It is good practice to register native routines and to disable symbol
    search.
    
    See ‘Writing portable packages’ in the ‘Writing R Extensions’ manual.
Flavors: r-devel-linux-x86_64-fedora-clang, r-devel-linux-x86_64-fedora-gcc