CRAN Package Check Results for Package lymphclon

Last updated on 2018-02-24 09:51:35 CET.

Flavor Version Tinstall Tcheck Ttotal Status Flags
r-devel-linux-x86_64-debian-clang 1.3.0 4.08 49.38 53.46 NOTE
r-devel-linux-x86_64-debian-gcc 1.3.0 3.47 39.65 43.12 NOTE
r-devel-linux-x86_64-fedora-clang 1.3.0 68.22 NOTE
r-devel-linux-x86_64-fedora-gcc 1.3.0 62.93 NOTE
r-devel-windows-ix86+x86_64 1.3.0 9.00 83.00 92.00 NOTE
r-patched-linux-x86_64 1.3.0 3.12 49.68 52.80 NOTE
r-patched-solaris-x86 1.3.0 109.00 NOTE
r-release-linux-x86_64 1.3.0 3.01 49.28 52.29 NOTE
r-release-windows-ix86+x86_64 1.3.0 11.00 81.00 92.00 NOTE
r-release-osx-x86_64 1.3.0 NOTE
r-oldrel-windows-ix86+x86_64 1.3.0 6.00 73.00 79.00 NOTE
r-oldrel-osx-x86_64 1.3.0 NOTE

Check Details

Version: 1.3.0
Check: R code for possible problems
Result: NOTE
    generate.clonal.data : pcr.rpareto.func: no visible global function
     definition for ‘runif’
    generate.clonal.data : get.readcount.given.cellcount: no visible global
     function definition for ‘rlnorm’
    generate.clonal.data: no visible global function definition for
     ‘rmultinom’
    generate.clonal.data: no visible global function definition for ‘rpois’
    infer.clonality: no visible global function definition for ‘cov’
    infer.clonality: no visible global function definition for
     ‘capture.output’
    Undefined global functions or variables:
     capture.output cov rlnorm rmultinom rpois runif
    Consider adding
     importFrom("stats", "cov", "rlnorm", "rmultinom", "rpois", "runif")
     importFrom("utils", "capture.output")
    to your NAMESPACE file.
Flavors: r-devel-linux-x86_64-debian-clang, r-devel-linux-x86_64-debian-gcc, r-devel-linux-x86_64-fedora-clang, r-devel-linux-x86_64-fedora-gcc, r-devel-windows-ix86+x86_64, r-patched-linux-x86_64, r-patched-solaris-x86, r-release-linux-x86_64, r-release-windows-ix86+x86_64, r-release-osx-x86_64, r-oldrel-windows-ix86+x86_64, r-oldrel-osx-x86_64