CRAN Package Check Results for Package lymphclon

Last updated on 2015-09-04 22:46:53.

Flavor Version Tinstall Tcheck Ttotal Status Flags
r-devel-linux-x86_64-debian-clang 1.3.0 2.58 31.96 34.54 NOTE
r-devel-linux-x86_64-debian-gcc 1.3.0 2.47 30.08 32.55 NOTE
r-devel-linux-x86_64-fedora-clang 1.3.0 69.09 NOTE
r-devel-linux-x86_64-fedora-gcc 1.3.0 66.35 NOTE
r-devel-osx-x86_64-clang 1.3.0 58.26 OK
r-devel-windows-ix86+x86_64 1.3.0 7.00 51.00 58.00 NOTE
r-patched-linux-x86_64 1.3.0 3.32 32.15 35.48 OK
r-patched-solaris-sparc 1.3.0 427.20 OK
r-patched-solaris-x86 1.3.0 98.60 OK
r-release-linux-x86_64 1.3.0 2.90 31.81 34.71 OK
r-release-osx-x86_64-mavericks 1.3.0 OK
r-release-windows-ix86+x86_64 1.3.0 10.00 76.00 86.00 OK
r-oldrel-windows-ix86+x86_64 1.3.0 8.00 92.00 100.00 OK

Check Details

Version: 1.3.0
Check: R code for possible problems
Result: NOTE
    generate.clonal.data : pcr.rpareto.func: no visible global function
     definition for ‘runif’
    generate.clonal.data : get.readcount.given.cellcount: no visible global
     function definition for ‘rlnorm’
    generate.clonal.data: no visible global function definition for
     ‘rmultinom’
    generate.clonal.data: no visible global function definition for ‘rpois’
    infer.clonality: no visible global function definition for ‘cov’
    infer.clonality: no visible global function definition for
     ‘capture.output’
    Undefined global functions or variables:
     capture.output cov rlnorm rmultinom rpois runif
    Consider adding
     importFrom("stats", "cov", "rlnorm", "rmultinom", "rpois", "runif")
     importFrom("utils", "capture.output")
    to your NAMESPACE.
Flavors: r-devel-linux-x86_64-debian-clang, r-devel-linux-x86_64-debian-gcc, r-devel-linux-x86_64-fedora-clang, r-devel-linux-x86_64-fedora-gcc, r-devel-windows-ix86+x86_64