CRAN Package Check Results for Package lymphclon

Last updated on 2017-09-19 23:47:57.

Flavor Version Tinstall Tcheck Ttotal Status Flags
r-devel-linux-x86_64-debian-clang 1.3.0 2.45 31.50 33.95 NOTE
r-devel-linux-x86_64-debian-gcc 1.3.0 2.26 34.78 37.04 NOTE
r-devel-linux-x86_64-fedora-clang 1.3.0 76.28 NOTE
r-devel-linux-x86_64-fedora-gcc 1.3.0 75.41 NOTE
r-devel-windows-ix86+x86_64 1.3.0 7.00 76.00 83.00 NOTE
r-patched-linux-x86_64 1.3.0 2.49 32.44 34.93 NOTE
r-patched-solaris-x86 1.3.0 108.60 NOTE
r-release-linux-x86_64 1.3.0 2.25 31.87 34.12 NOTE
r-release-windows-ix86+x86_64 1.3.0 6.00 61.00 67.00 NOTE
r-release-osx-x86_64 1.3.0 NOTE
r-oldrel-windows-ix86+x86_64 1.3.0 6.00 49.00 55.00 NOTE
r-oldrel-osx-x86_64 1.3.0 NOTE

Check Details

Version: 1.3.0
Check: R code for possible problems
Result: NOTE
    generate.clonal.data : pcr.rpareto.func: no visible global function
     definition for ‘runif’
    generate.clonal.data : get.readcount.given.cellcount: no visible global
     function definition for ‘rlnorm’
    generate.clonal.data: no visible global function definition for
     ‘rmultinom’
    generate.clonal.data: no visible global function definition for ‘rpois’
    infer.clonality: no visible global function definition for ‘cov’
    infer.clonality: no visible global function definition for
     ‘capture.output’
    Undefined global functions or variables:
     capture.output cov rlnorm rmultinom rpois runif
    Consider adding
     importFrom("stats", "cov", "rlnorm", "rmultinom", "rpois", "runif")
     importFrom("utils", "capture.output")
    to your NAMESPACE file.
Flavors: r-devel-linux-x86_64-debian-clang, r-devel-linux-x86_64-debian-gcc, r-devel-linux-x86_64-fedora-clang, r-devel-linux-x86_64-fedora-gcc, r-devel-windows-ix86+x86_64, r-patched-linux-x86_64, r-patched-solaris-x86, r-release-linux-x86_64, r-release-windows-ix86+x86_64, r-release-osx-x86_64, r-oldrel-windows-ix86+x86_64, r-oldrel-osx-x86_64