CRAN Package Check Results for Package lymphclon

Last updated on 2016-05-24 11:48:59.

Flavor Version Tinstall Tcheck Ttotal Status Flags
r-devel-linux-x86_64-debian-gcc 1.3.0 2.40 30.65 33.05 NOTE
r-devel-linux-x86_64-fedora-clang 1.3.0 72.32 NOTE
r-devel-linux-x86_64-fedora-gcc 1.3.0 60.31 NOTE
r-devel-osx-x86_64-clang 1.3.0 69.92 NOTE
r-devel-windows-ix86+x86_64 1.3.0 7.00 60.00 67.00 NOTE
r-patched-linux-x86_64 1.3.0 2.48 30.68 33.16 NOTE
r-patched-solaris-sparc 1.3.0 382.20 NOTE
r-patched-solaris-x86 1.3.0 85.00 NOTE
r-release-linux-x86_64 1.3.0 2.40 30.94 33.34 NOTE
r-release-osx-x86_64-mavericks 1.3.0 NOTE
r-release-windows-ix86+x86_64 1.3.0 7.00 60.00 67.00 NOTE
r-oldrel-windows-ix86+x86_64 1.3.0 9.00 58.00 67.00 OK

Check Details

Version: 1.3.0
Check: R code for possible problems
Result: NOTE
    generate.clonal.data : pcr.rpareto.func: no visible global function
     definition for ‘runif’
    generate.clonal.data : get.readcount.given.cellcount: no visible global
     function definition for ‘rlnorm’
    generate.clonal.data: no visible global function definition for
     ‘rmultinom’
    generate.clonal.data: no visible global function definition for ‘rpois’
    infer.clonality: no visible global function definition for ‘cov’
    infer.clonality: no visible global function definition for
     ‘capture.output’
    Undefined global functions or variables:
     capture.output cov rlnorm rmultinom rpois runif
    Consider adding
     importFrom("stats", "cov", "rlnorm", "rmultinom", "rpois", "runif")
     importFrom("utils", "capture.output")
    to your NAMESPACE file.
Flavors: r-devel-linux-x86_64-debian-gcc, r-devel-linux-x86_64-fedora-clang, r-devel-linux-x86_64-fedora-gcc, r-devel-osx-x86_64-clang, r-devel-windows-ix86+x86_64, r-patched-linux-x86_64, r-patched-solaris-sparc, r-patched-solaris-x86, r-release-linux-x86_64, r-release-osx-x86_64-mavericks, r-release-windows-ix86+x86_64