CRAN Package Check Results for Package lymphclon

Last updated on 2017-01-21 21:49:40.

Flavor Version Tinstall Tcheck Ttotal Status Flags
r-devel-linux-x86_64-debian-clang 1.3.0 2.18 29.56 31.74 NOTE
r-devel-linux-x86_64-debian-gcc 1.3.0 2.34 29.28 31.61 NOTE
r-devel-linux-x86_64-fedora-clang 1.3.0 72.42 NOTE --no-stop-on-test-error
r-devel-linux-x86_64-fedora-gcc 1.3.0 61.72 NOTE --no-stop-on-test-error
r-devel-macos-x86_64-clang 1.3.0 55.13 NOTE --no-stop-on-test-error
r-devel-windows-ix86+x86_64 1.3.0 10.00 81.00 91.00 NOTE
r-patched-linux-x86_64 1.3.0 2.30 27.66 29.96 NOTE
r-patched-solaris-sparc 1.3.0 384.50 NOTE
r-patched-solaris-x86 1.3.0 89.70 NOTE
r-release-linux-x86_64 1.3.0 2.21 27.86 30.06 NOTE
r-release-osx-x86_64-mavericks 1.3.0 NOTE
r-release-windows-ix86+x86_64 1.3.0 14.00 73.00 87.00 NOTE
r-oldrel-windows-ix86+x86_64 1.3.0 14.00 111.00 125.00 OK

Check Details

Version: 1.3.0
Check: R code for possible problems
Result: NOTE
    generate.clonal.data : pcr.rpareto.func: no visible global function
     definition for ‘runif’
    generate.clonal.data : get.readcount.given.cellcount: no visible global
     function definition for ‘rlnorm’
    generate.clonal.data: no visible global function definition for
     ‘rmultinom’
    generate.clonal.data: no visible global function definition for ‘rpois’
    infer.clonality: no visible global function definition for ‘cov’
    infer.clonality: no visible global function definition for
     ‘capture.output’
    Undefined global functions or variables:
     capture.output cov rlnorm rmultinom rpois runif
    Consider adding
     importFrom("stats", "cov", "rlnorm", "rmultinom", "rpois", "runif")
     importFrom("utils", "capture.output")
    to your NAMESPACE file.
Flavors: r-devel-linux-x86_64-debian-clang, r-devel-linux-x86_64-debian-gcc, r-devel-windows-ix86+x86_64, r-patched-linux-x86_64, r-patched-solaris-sparc, r-patched-solaris-x86, r-release-linux-x86_64, r-release-osx-x86_64-mavericks, r-release-windows-ix86+x86_64

Version: 1.3.0
Flags: --no-stop-on-test-error
Check: R code for possible problems
Result: NOTE
    generate.clonal.data : pcr.rpareto.func: no visible global function
     definition for ‘runif’
    generate.clonal.data : get.readcount.given.cellcount: no visible global
     function definition for ‘rlnorm’
    generate.clonal.data: no visible global function definition for
     ‘rmultinom’
    generate.clonal.data: no visible global function definition for ‘rpois’
    infer.clonality: no visible global function definition for ‘cov’
    infer.clonality: no visible global function definition for
     ‘capture.output’
    Undefined global functions or variables:
     capture.output cov rlnorm rmultinom rpois runif
    Consider adding
     importFrom("stats", "cov", "rlnorm", "rmultinom", "rpois", "runif")
     importFrom("utils", "capture.output")
    to your NAMESPACE file.
Flavors: r-devel-linux-x86_64-fedora-clang, r-devel-linux-x86_64-fedora-gcc, r-devel-macos-x86_64-clang