CRAN Package Check Results for Package lymphclon

Last updated on 2016-07-28 03:47:56.

Flavor Version Tinstall Tcheck Ttotal Status Flags
r-devel-linux-x86_64-debian-clang 1.3.0 4.03 36.66 40.69 NOTE
r-devel-linux-x86_64-debian-gcc 1.3.0 2.75 36.58 39.33 NOTE
r-devel-linux-x86_64-fedora-clang 1.3.0 71.94 NOTE
r-devel-linux-x86_64-fedora-gcc 1.3.0 63.83 NOTE
r-devel-osx-x86_64-clang 1.3.0 53.33 NOTE
r-devel-windows-ix86+x86_64 1.3.0 9.00 78.00 87.00 NOTE
r-patched-linux-x86_64 1.3.0 3.26 34.84 38.09 NOTE
r-patched-solaris-sparc 1.3.0 380.70 NOTE
r-patched-solaris-x86 1.3.0 84.80 NOTE
r-release-linux-x86_64 1.3.0 3.37 34.38 37.75 NOTE
r-release-osx-x86_64-mavericks 1.3.0 NOTE
r-release-windows-ix86+x86_64 1.3.0 8.00 76.00 84.00 NOTE
r-oldrel-windows-ix86+x86_64 1.3.0 10.00 79.00 89.00 OK

Check Details

Version: 1.3.0
Check: R code for possible problems
Result: NOTE
    generate.clonal.data : pcr.rpareto.func: no visible global function
     definition for ‘runif’
    generate.clonal.data : get.readcount.given.cellcount: no visible global
     function definition for ‘rlnorm’
    generate.clonal.data: no visible global function definition for
     ‘rmultinom’
    generate.clonal.data: no visible global function definition for ‘rpois’
    infer.clonality: no visible global function definition for ‘cov’
    infer.clonality: no visible global function definition for
     ‘capture.output’
    Undefined global functions or variables:
     capture.output cov rlnorm rmultinom rpois runif
    Consider adding
     importFrom("stats", "cov", "rlnorm", "rmultinom", "rpois", "runif")
     importFrom("utils", "capture.output")
    to your NAMESPACE file.
Flavors: r-devel-linux-x86_64-debian-clang, r-devel-linux-x86_64-debian-gcc, r-devel-linux-x86_64-fedora-clang, r-devel-linux-x86_64-fedora-gcc, r-devel-osx-x86_64-clang, r-devel-windows-ix86+x86_64, r-patched-linux-x86_64, r-patched-solaris-sparc, r-patched-solaris-x86, r-release-linux-x86_64, r-release-osx-x86_64-mavericks, r-release-windows-ix86+x86_64