CRAN Package Check Results for Package lymphclon

Last updated on 2016-02-14 17:50:22.

Flavor Version Tinstall Tcheck Ttotal Status Flags
r-devel-linux-x86_64-debian-gcc 1.3.0 2.58 31.06 33.64 NOTE
r-devel-linux-x86_64-fedora-clang 1.3.0 65.49 NOTE
r-devel-linux-x86_64-fedora-gcc 1.3.0 62.65 NOTE
r-devel-osx-x86_64-clang 1.3.0 70.96 NOTE
r-devel-windows-ix86+x86_64 1.3.0 9.00 56.00 65.00 NOTE
r-patched-linux-x86_64 1.3.0 2.92 32.53 35.45 OK
r-patched-solaris-sparc 1.3.0 417.70 OK
r-patched-solaris-x86 1.3.0 90.90 OK
r-release-linux-x86_64 1.3.0 2.67 32.13 34.80 OK
r-release-osx-x86_64-mavericks 1.3.0 OK
r-release-windows-ix86+x86_64 1.3.0 9.00 58.00 67.00 OK
r-oldrel-windows-ix86+x86_64 1.3.0 13.00 70.00 83.00 OK

Check Details

Version: 1.3.0
Check: R code for possible problems
Result: NOTE
    generate.clonal.data : pcr.rpareto.func: no visible global function
     definition for ‘runif’
    generate.clonal.data : get.readcount.given.cellcount: no visible global
     function definition for ‘rlnorm’
    generate.clonal.data: no visible global function definition for
     ‘rmultinom’
    generate.clonal.data: no visible global function definition for ‘rpois’
    infer.clonality: no visible global function definition for ‘cov’
    infer.clonality: no visible global function definition for
     ‘capture.output’
    Undefined global functions or variables:
     capture.output cov rlnorm rmultinom rpois runif
    Consider adding
     importFrom("stats", "cov", "rlnorm", "rmultinom", "rpois", "runif")
     importFrom("utils", "capture.output")
    to your NAMESPACE file.
Flavors: r-devel-linux-x86_64-debian-gcc, r-devel-linux-x86_64-fedora-clang, r-devel-linux-x86_64-fedora-gcc, r-devel-osx-x86_64-clang, r-devel-windows-ix86+x86_64