CRAN Package Check Results for Package lymphclon

Last updated on 2017-11-21 08:57:22 CET.

Flavor Version Tinstall Tcheck Ttotal Status Flags
r-devel-linux-x86_64-debian-clang 1.3.0 2.19 29.78 31.97 NOTE
r-devel-linux-x86_64-debian-gcc 1.3.0 2.76 65.43 68.19 NOTE
r-devel-linux-x86_64-fedora-clang 1.3.0 54.99 NOTE
r-devel-linux-x86_64-fedora-gcc 1.3.0 101.29 NOTE
r-devel-windows-ix86+x86_64 1.3.0 9.00 61.00 70.00 NOTE
r-patched-linux-x86_64 1.3.0 2.39 32.98 35.37 NOTE
r-patched-solaris-x86 1.3.0 113.30 NOTE
r-release-linux-x86_64 1.3.0 2.26 33.46 35.73 NOTE
r-release-windows-ix86+x86_64 1.3.0 7.00 59.00 66.00 NOTE
r-release-osx-x86_64 1.3.0 NOTE
r-oldrel-windows-ix86+x86_64 1.3.0 6.00 72.00 78.00 NOTE
r-oldrel-osx-x86_64 1.3.0 NOTE

Check Details

Version: 1.3.0
Check: R code for possible problems
Result: NOTE
    generate.clonal.data : pcr.rpareto.func: no visible global function
     definition for ‘runif’
    generate.clonal.data : get.readcount.given.cellcount: no visible global
     function definition for ‘rlnorm’
    generate.clonal.data: no visible global function definition for
     ‘rmultinom’
    generate.clonal.data: no visible global function definition for ‘rpois’
    infer.clonality: no visible global function definition for ‘cov’
    infer.clonality: no visible global function definition for
     ‘capture.output’
    Undefined global functions or variables:
     capture.output cov rlnorm rmultinom rpois runif
    Consider adding
     importFrom("stats", "cov", "rlnorm", "rmultinom", "rpois", "runif")
     importFrom("utils", "capture.output")
    to your NAMESPACE file.
Flavors: r-devel-linux-x86_64-debian-clang, r-devel-linux-x86_64-debian-gcc, r-devel-linux-x86_64-fedora-clang, r-devel-linux-x86_64-fedora-gcc, r-devel-windows-ix86+x86_64, r-patched-linux-x86_64, r-patched-solaris-x86, r-release-linux-x86_64, r-release-windows-ix86+x86_64, r-release-osx-x86_64, r-oldrel-windows-ix86+x86_64, r-oldrel-osx-x86_64