CRAN Package Check Results for Package lymphclon

Last updated on 2015-07-29 03:48:28.

Flavor Version Tinstall Tcheck Ttotal Status Flags
r-devel-linux-x86_64-debian-clang 1.3.0 2.46 34.03 36.50 NOTE
r-devel-linux-x86_64-debian-gcc 1.3.0 2.43 32.13 34.56 NOTE
r-devel-linux-x86_64-fedora-clang 1.3.0 71.29 NOTE
r-devel-linux-x86_64-fedora-gcc 1.3.0 68.60 NOTE
r-devel-osx-x86_64-clang 1.3.0 55.99 OK
r-devel-windows-ix86+x86_64 1.3.0 7.00 48.00 55.00 NOTE
r-patched-linux-x86_64 1.3.0 2.49 32.73 35.22 OK
r-patched-solaris-sparc 1.3.0 427.20 OK
r-patched-solaris-x86 1.3.0 99.20 OK
r-release-linux-x86_64 1.3.0 3.10 32.07 35.16 OK
r-release-osx-x86_64-mavericks 1.3.0 OK
r-release-windows-ix86+x86_64 1.3.0 10.00 75.00 85.00 OK
r-oldrel-windows-ix86+x86_64 1.3.0 8.00 90.00 98.00 OK

Check Details

Version: 1.3.0
Check: R code for possible problems
Result: NOTE
    generate.clonal.data : pcr.rpareto.func: no visible global function
     definition for ‘runif’
    generate.clonal.data : get.readcount.given.cellcount: no visible global
     function definition for ‘rlnorm’
    generate.clonal.data: no visible global function definition for
     ‘rmultinom’
    generate.clonal.data: no visible global function definition for ‘rpois’
    infer.clonality: no visible global function definition for ‘cov’
    infer.clonality: no visible global function definition for
     ‘capture.output’
    Undefined global functions or variables:
     capture.output cov rlnorm rmultinom rpois runif
    Consider adding
     importFrom("stats", "cov", "rlnorm", "rmultinom", "rpois", "runif")
     importFrom("utils", "capture.output")
    to your NAMESPACE.
Flavors: r-devel-linux-x86_64-debian-clang, r-devel-linux-x86_64-debian-gcc, r-devel-linux-x86_64-fedora-clang, r-devel-linux-x86_64-fedora-gcc, r-devel-windows-ix86+x86_64