CRAN Package Check Results for Package lymphclon

Last updated on 2018-06-24 16:48:54 CEST.

Flavor Version Tinstall Tcheck Ttotal Status Flags
r-devel-linux-x86_64-debian-clang 1.3.0 3.82 60.02 63.84 NOTE
r-devel-linux-x86_64-debian-gcc 1.3.0 4.30 47.77 52.07 NOTE
r-devel-linux-x86_64-fedora-clang 1.3.0 75.67 NOTE
r-devel-linux-x86_64-fedora-gcc 1.3.0 71.75 NOTE
r-devel-windows-ix86+x86_64 1.3.0 11.00 74.00 85.00 NOTE
r-patched-linux-x86_64 1.3.0 3.52 49.63 53.15 NOTE
r-patched-solaris-x86 1.3.0 101.90 NOTE
r-release-linux-x86_64 1.3.0 4.28 48.89 53.17 NOTE
r-release-windows-ix86+x86_64 1.3.0 9.00 57.00 66.00 NOTE
r-release-osx-x86_64 1.3.0 NOTE
r-oldrel-windows-ix86+x86_64 1.3.0 9.00 86.00 95.00 NOTE
r-oldrel-osx-x86_64 1.3.0 NOTE

Check Details

Version: 1.3.0
Check: R code for possible problems
Result: NOTE
    generate.clonal.data : pcr.rpareto.func: no visible global function
     definition for ‘runif’
    generate.clonal.data : get.readcount.given.cellcount: no visible global
     function definition for ‘rlnorm’
    generate.clonal.data: no visible global function definition for
     ‘rmultinom’
    generate.clonal.data: no visible global function definition for ‘rpois’
    infer.clonality: no visible global function definition for ‘cov’
    infer.clonality: no visible global function definition for
     ‘capture.output’
    Undefined global functions or variables:
     capture.output cov rlnorm rmultinom rpois runif
    Consider adding
     importFrom("stats", "cov", "rlnorm", "rmultinom", "rpois", "runif")
     importFrom("utils", "capture.output")
    to your NAMESPACE file.
Flavors: r-devel-linux-x86_64-debian-clang, r-devel-linux-x86_64-debian-gcc, r-devel-linux-x86_64-fedora-clang, r-devel-linux-x86_64-fedora-gcc, r-devel-windows-ix86+x86_64, r-patched-linux-x86_64, r-patched-solaris-x86, r-release-linux-x86_64, r-release-windows-ix86+x86_64, r-release-osx-x86_64, r-oldrel-windows-ix86+x86_64, r-oldrel-osx-x86_64