CRAN Package Check Results for Package mAr

Last updated on 2014-09-23 23:47:04.

Flavor Version Tinstall Tcheck Ttotal Status Flags
r-devel-linux-x86_64-debian-clang 1.1-2 0.59 11.41 12.00 NOTE
r-devel-linux-x86_64-debian-gcc 1.1-2 0.56 10.91 11.46 NOTE
r-devel-linux-x86_64-fedora-clang 1.1-2 22.48 NOTE
r-devel-linux-x86_64-fedora-gcc 1.1-2 21.20 NOTE
r-devel-osx-x86_64-clang 1.1-2 26.40 NOTE
r-devel-windows-ix86+x86_64 1.1-2 2.00 18.00 20.00 NOTE
r-patched-linux-x86_64 1.1-2 0.58 11.32 11.90 NOTE
r-patched-solaris-sparc 1.1-2 122.10 NOTE
r-patched-solaris-x86 1.1-2 33.50 NOTE
r-release-linux-ix86 1.1-2 0.92 17.03 17.95 NOTE
r-release-linux-x86_64 1.1-2 0.74 10.96 11.70 NOTE
r-release-osx-x86_64-mavericks 1.1-2 NOTE
r-release-osx-x86_64-snowleopard 1.1-2 NOTE
r-release-windows-ix86+x86_64 1.1-2 2.00 18.00 20.00 NOTE
r-oldrel-windows-ix86+x86_64 1.1-2 3.00 20.00 23.00 NOTE

Check Details

Version: 1.1-2
Check: dependencies in R code
Result: NOTE
    'library' or 'require' call to ‘MASS’ which was already attached by Depends.
     Please remove these calls from your code.
    See the information on DESCRIPTION files in the chapter ‘Creating R
    packages’ of the ‘Writing R Extensions’ manual.
Flavors: r-devel-linux-x86_64-debian-clang, r-devel-linux-x86_64-debian-gcc, r-devel-linux-x86_64-fedora-clang, r-devel-linux-x86_64-fedora-gcc, r-devel-osx-x86_64-clang, r-devel-windows-ix86+x86_64, r-patched-linux-x86_64, r-patched-solaris-sparc, r-patched-solaris-x86, r-release-linux-ix86, r-release-linux-x86_64, r-release-osx-x86_64-mavericks, r-release-osx-x86_64-snowleopard, r-release-windows-ix86+x86_64, r-oldrel-windows-ix86+x86_64