CRAN Package Check Results for Package mAr

Last updated on 2015-03-05 12:48:03.

Flavor Version Tinstall Tcheck Ttotal Status Flags
r-devel-linux-x86_64-debian-clang 1.1-2 0.57 10.01 10.58 NOTE
r-devel-linux-x86_64-debian-gcc 1.1-2 0.57 10.19 10.76 NOTE
r-devel-linux-x86_64-fedora-clang 1.1-2 20.37 NOTE
r-devel-linux-x86_64-fedora-gcc 1.1-2 19.88 NOTE
r-devel-osx-x86_64-clang 1.1-2 24.24 NOTE
r-devel-windows-ix86+x86_64 1.1-2 3.00 18.00 21.00 NOTE
r-patched-linux-x86_64 1.1-2 0.66 10.92 11.58 NOTE
r-patched-solaris-sparc 1.1-2 147.10 NOTE
r-patched-solaris-x86 1.1-2 33.30 NOTE
r-release-linux-ix86 1.1-2 0.91 17.90 18.80 NOTE
r-release-linux-x86_64 1.1-2 0.64 10.98 11.62 NOTE
r-release-osx-x86_64-mavericks 1.1-2 NOTE
r-release-osx-x86_64-snowleopard 1.1-2 NOTE
r-release-windows-ix86+x86_64 1.1-2 3.00 20.00 23.00 NOTE
r-oldrel-windows-ix86+x86_64 1.1-2 3.00 23.00 26.00 NOTE

Check Details

Version: 1.1-2
Check: DESCRIPTION meta-information
Result: NOTE
    Malformed Description field: should contain one or more complete sentences.
Flavors: r-devel-linux-x86_64-debian-clang, r-devel-linux-x86_64-debian-gcc, r-devel-linux-x86_64-fedora-clang, r-devel-linux-x86_64-fedora-gcc, r-devel-osx-x86_64-clang, r-devel-windows-ix86+x86_64

Version: 1.1-2
Check: dependencies in R code
Result: NOTE
    'library' or 'require' call to ‘MASS’ which was already attached by Depends.
     Please remove these calls from your code.
Flavors: r-devel-linux-x86_64-debian-clang, r-devel-linux-x86_64-debian-gcc, r-devel-linux-x86_64-fedora-clang, r-devel-linux-x86_64-fedora-gcc, r-devel-osx-x86_64-clang, r-devel-windows-ix86+x86_64, r-patched-linux-x86_64, r-patched-solaris-sparc, r-patched-solaris-x86

Version: 1.1-2
Check: dependencies in R code
Result: NOTE
    'library' or 'require' call to ‘MASS’ which was already attached by Depends.
     Please remove these calls from your code.
    See the information on DESCRIPTION files in the chapter ‘Creating R
    packages’ of the ‘Writing R Extensions’ manual.
Flavors: r-release-linux-ix86, r-release-linux-x86_64, r-release-osx-x86_64-mavericks, r-release-osx-x86_64-snowleopard, r-release-windows-ix86+x86_64, r-oldrel-windows-ix86+x86_64