CRAN Package Check Results for Package mAr

Last updated on 2014-07-23 15:47:47.

Flavor Version Tinstall Tcheck Ttotal Status Flags
r-devel-linux-x86_64-debian-clang 1.1-2 0.58 10.94 11.52 NOTE
r-devel-linux-x86_64-debian-gcc 1.1-2 0.56 10.18 10.74 NOTE
r-devel-linux-x86_64-fedora-clang 1.1-2 24.65 NOTE
r-devel-linux-x86_64-fedora-gcc 1.1-2 22.30 NOTE
r-devel-osx-x86_64-clang 1.1-2 24.99 NOTE
r-devel-windows-ix86+x86_64 1.1-2 2.00 16.00 18.00 NOTE
r-patched-linux-x86_64 1.1-2 0.58 10.34 10.93 NOTE
r-patched-solaris-sparc 1.1-2 126.10 NOTE
r-patched-solaris-x86 1.1-2 32.80 NOTE
r-release-linux-ix86 1.1-2 0.91 16.93 17.84 NOTE
r-release-linux-x86_64 1.1-2 0.61 10.50 11.11 NOTE
r-release-osx-x86_64-mavericks 1.1-2 NOTE
r-release-osx-x86_64-snowleopard 1.1-2 NOTE
r-release-windows-ix86+x86_64 1.1-2 2.00 18.00 20.00 NOTE
r-oldrel-windows-ix86+x86_64 1.1-2 3.00 19.00 22.00 NOTE

Check Details

Version: 1.1-2
Check: dependencies in R code
Result: NOTE
    'library' or 'require' call to ‘MASS’ which was already attached by Depends.
     Please remove these calls from your code.
    See the information on DESCRIPTION files in the chapter ‘Creating R
    packages’ of the ‘Writing R Extensions’ manual.
Flavors: r-devel-linux-x86_64-debian-clang, r-devel-linux-x86_64-debian-gcc, r-devel-linux-x86_64-fedora-clang, r-devel-linux-x86_64-fedora-gcc, r-devel-osx-x86_64-clang, r-devel-windows-ix86+x86_64, r-patched-linux-x86_64, r-patched-solaris-sparc, r-patched-solaris-x86, r-release-linux-ix86, r-release-linux-x86_64, r-release-osx-x86_64-mavericks, r-release-osx-x86_64-snowleopard, r-release-windows-ix86+x86_64, r-oldrel-windows-ix86+x86_64