CRAN Package Check Results for Package mAr

Last updated on 2015-07-31 23:47:50.

Flavor Version Tinstall Tcheck Ttotal Status Flags
r-devel-linux-x86_64-debian-clang 1.1-2 0.55 10.11 10.66 NOTE
r-devel-linux-x86_64-debian-gcc 1.1-2 0.78 9.85 10.63 NOTE
r-devel-linux-x86_64-fedora-clang 1.1-2 20.28 NOTE
r-devel-linux-x86_64-fedora-gcc 1.1-2 18.90 NOTE
r-devel-osx-x86_64-clang 1.1-2 20.17 NOTE
r-devel-windows-ix86+x86_64 1.1-2 4.00 18.00 22.00 NOTE
r-patched-linux-x86_64 1.1-2 0.57 10.69 11.26 NOTE
r-patched-solaris-sparc 1.1-2 120.90 NOTE
r-patched-solaris-x86 1.1-2 30.30 NOTE
r-release-linux-x86_64 1.1-2 0.63 10.14 10.77 NOTE
r-release-osx-x86_64-mavericks 1.1-2 NOTE
r-release-windows-ix86+x86_64 1.1-2 3.00 26.00 29.00 NOTE
r-oldrel-windows-ix86+x86_64 1.1-2 3.00 21.00 24.00 NOTE

Check Details

Version: 1.1-2
Check: DESCRIPTION meta-information
Result: NOTE
    Malformed Description field: should contain one or more complete sentences.
Flavors: r-devel-linux-x86_64-debian-clang, r-devel-linux-x86_64-debian-gcc, r-devel-linux-x86_64-fedora-clang, r-devel-linux-x86_64-fedora-gcc, r-devel-osx-x86_64-clang, r-devel-windows-ix86+x86_64, r-patched-linux-x86_64, r-patched-solaris-sparc, r-patched-solaris-x86, r-release-linux-x86_64, r-release-osx-x86_64-mavericks, r-release-windows-ix86+x86_64

Version: 1.1-2
Check: dependencies in R code
Result: NOTE
    'library' or 'require' call to ‘MASS’ which was already attached by Depends.
     Please remove these calls from your code.
Flavors: r-devel-linux-x86_64-debian-clang, r-devel-linux-x86_64-debian-gcc, r-devel-linux-x86_64-fedora-clang, r-devel-linux-x86_64-fedora-gcc, r-devel-osx-x86_64-clang, r-devel-windows-ix86+x86_64, r-patched-linux-x86_64, r-patched-solaris-sparc, r-patched-solaris-x86, r-release-linux-x86_64, r-release-osx-x86_64-mavericks, r-release-windows-ix86+x86_64, r-oldrel-windows-ix86+x86_64

Version: 1.1-2
Check: R code for possible problems
Result: NOTE
    mAr.pca: no visible binding for global variable ‘sd’
    Undefined global functions or variables:
     sd
    Consider adding
     importFrom("stats", "sd")
    to your NAMESPACE.
Flavors: r-devel-linux-x86_64-debian-clang, r-devel-linux-x86_64-debian-gcc, r-devel-linux-x86_64-fedora-clang, r-devel-linux-x86_64-fedora-gcc, r-devel-windows-ix86+x86_64