CRAN Package Check Results for Package mAr

Last updated on 2015-05-24 10:47:01.

Flavor Version Tinstall Tcheck Ttotal Status Flags
r-devel-linux-x86_64-debian-clang 1.1-2 0.58 10.17 10.75 NOTE
r-devel-linux-x86_64-debian-gcc 1.1-2 0.57 9.73 10.30 NOTE
r-devel-linux-x86_64-fedora-clang 1.1-2 19.96 NOTE
r-devel-linux-x86_64-fedora-gcc 1.1-2 18.98 NOTE
r-devel-osx-x86_64-clang 1.1-2 23.54 NOTE
r-devel-windows-ix86+x86_64 1.1-2 3.00 18.00 21.00 NOTE
r-patched-linux-x86_64 1.1-2 0.64 10.08 10.72 NOTE
r-patched-solaris-sparc 1.1-2 128.60 NOTE
r-patched-solaris-x86 1.1-2 30.30 NOTE
r-release-linux-x86_64 1.1-2 0.63 9.95 10.58 NOTE
r-release-osx-x86_64-mavericks 1.1-2 NOTE
r-release-osx-x86_64-snowleopard 1.1-2 NOTE
r-release-windows-ix86+x86_64 1.1-2 2.00 17.00 19.00 NOTE
r-oldrel-windows-ix86+x86_64 1.1-2 3.00 23.00 26.00 NOTE

Check Details

Version: 1.1-2
Check: DESCRIPTION meta-information
Result: NOTE
    Malformed Description field: should contain one or more complete sentences.
Flavors: r-devel-linux-x86_64-debian-clang, r-devel-linux-x86_64-debian-gcc, r-devel-linux-x86_64-fedora-clang, r-devel-linux-x86_64-fedora-gcc, r-devel-osx-x86_64-clang, r-devel-windows-ix86+x86_64, r-patched-linux-x86_64, r-patched-solaris-sparc, r-patched-solaris-x86, r-release-linux-x86_64, r-release-osx-x86_64-mavericks, r-release-osx-x86_64-snowleopard, r-release-windows-ix86+x86_64

Version: 1.1-2
Check: dependencies in R code
Result: NOTE
    'library' or 'require' call to ‘MASS’ which was already attached by Depends.
     Please remove these calls from your code.
Flavors: r-devel-linux-x86_64-debian-clang, r-devel-linux-x86_64-debian-gcc, r-devel-linux-x86_64-fedora-clang, r-devel-linux-x86_64-fedora-gcc, r-devel-osx-x86_64-clang, r-devel-windows-ix86+x86_64, r-patched-linux-x86_64, r-patched-solaris-sparc, r-patched-solaris-x86, r-release-linux-x86_64, r-release-osx-x86_64-mavericks, r-release-osx-x86_64-snowleopard, r-release-windows-ix86+x86_64, r-oldrel-windows-ix86+x86_64