CRAN Package Check Results for Package mAr

Last updated on 2016-02-14 21:47:06.

Flavor Version Tinstall Tcheck Ttotal Status Flags
r-devel-linux-x86_64-debian-gcc 1.1-2 0.58 9.09 9.67 NOTE
r-devel-linux-x86_64-fedora-clang 1.1-2 17.71 NOTE
r-devel-linux-x86_64-fedora-gcc 1.1-2 16.36 NOTE
r-devel-osx-x86_64-clang 1.1-2 21.09 NOTE
r-devel-windows-ix86+x86_64 1.1-2 4.00 22.00 26.00 NOTE
r-patched-linux-x86_64 1.1-2 0.64 9.78 10.42 NOTE
r-patched-solaris-sparc 1.1-2 116.30 NOTE
r-patched-solaris-x86 1.1-2 25.80 NOTE
r-release-linux-x86_64 1.1-2 0.62 9.69 10.32 NOTE
r-release-osx-x86_64-mavericks 1.1-2 NOTE
r-release-windows-ix86+x86_64 1.1-2 4.00 20.00 24.00 NOTE
r-oldrel-windows-ix86+x86_64 1.1-2 6.00 24.00 30.00 NOTE

Check Details

Version: 1.1-2
Check: DESCRIPTION meta-information
Result: NOTE
    Malformed Description field: should contain one or more complete sentences.
Flavors: r-devel-linux-x86_64-debian-gcc, r-devel-linux-x86_64-fedora-clang, r-devel-linux-x86_64-fedora-gcc, r-devel-osx-x86_64-clang, r-devel-windows-ix86+x86_64, r-patched-linux-x86_64, r-patched-solaris-sparc, r-patched-solaris-x86, r-release-linux-x86_64, r-release-osx-x86_64-mavericks, r-release-windows-ix86+x86_64

Version: 1.1-2
Check: dependencies in R code
Result: NOTE
    'library' or 'require' call to ‘MASS’ which was already attached by Depends.
     Please remove these calls from your code.
Flavors: r-devel-linux-x86_64-debian-gcc, r-devel-linux-x86_64-fedora-clang, r-devel-linux-x86_64-fedora-gcc, r-devel-osx-x86_64-clang, r-devel-windows-ix86+x86_64, r-patched-linux-x86_64, r-patched-solaris-sparc, r-patched-solaris-x86, r-release-linux-x86_64, r-release-osx-x86_64-mavericks, r-release-windows-ix86+x86_64, r-oldrel-windows-ix86+x86_64

Version: 1.1-2
Check: R code for possible problems
Result: NOTE
    mAr.pca: no visible binding for global variable ‘sd’
    Undefined global functions or variables:
     sd
    Consider adding
     importFrom("stats", "sd")
    to your NAMESPACE file.
Flavors: r-devel-linux-x86_64-debian-gcc, r-devel-linux-x86_64-fedora-clang, r-devel-linux-x86_64-fedora-gcc, r-devel-osx-x86_64-clang, r-devel-windows-ix86+x86_64