CRAN Package Check Results for Package mAr

Last updated on 2015-04-01 06:46:56.

Flavor Version Tinstall Tcheck Ttotal Status Flags
r-devel-linux-x86_64-debian-clang 1.1-2 0.58 9.91 10.49 NOTE
r-devel-linux-x86_64-debian-gcc 1.1-2 0.58 9.70 10.27 NOTE
r-devel-linux-x86_64-fedora-clang 1.1-2 20.98 NOTE
r-devel-linux-x86_64-fedora-gcc 1.1-2 20.48 NOTE
r-devel-osx-x86_64-clang 1.1-2 26.98 NOTE
r-prerel-windows-ix86+x86_64 1.1-2 3.00 17.00 20.00 NOTE
r-prerel-linux-x86_64 1.1-2 0.58 10.29 10.88 NOTE
r-prerel-solaris-sparc 1.1-2 141.90 NOTE
r-prerel-solaris-x86 1.1-2 29.50 NOTE
r-release-linux-x86_64 1.1-2 0.73 11.47 12.20 NOTE
r-release-osx-x86_64-mavericks 1.1-2 NOTE
r-release-osx-x86_64-snowleopard 1.1-2 NOTE
r-release-windows-ix86+x86_64 1.1-2 3.00 20.00 23.00 NOTE
r-oldrel-windows-ix86+x86_64 1.1-2 3.00 21.00 24.00 NOTE

Check Details

Version: 1.1-2
Check: DESCRIPTION meta-information
Result: NOTE
    Malformed Description field: should contain one or more complete sentences.
Flavors: r-devel-linux-x86_64-debian-clang, r-devel-linux-x86_64-debian-gcc, r-devel-linux-x86_64-fedora-clang, r-devel-linux-x86_64-fedora-gcc, r-devel-osx-x86_64-clang, r-prerel-windows-ix86+x86_64, r-prerel-linux-x86_64, r-prerel-solaris-sparc, r-prerel-solaris-x86

Version: 1.1-2
Check: dependencies in R code
Result: NOTE
    'library' or 'require' call to ‘MASS’ which was already attached by Depends.
     Please remove these calls from your code.
Flavors: r-devel-linux-x86_64-debian-clang, r-devel-linux-x86_64-debian-gcc, r-devel-linux-x86_64-fedora-clang, r-devel-linux-x86_64-fedora-gcc, r-devel-osx-x86_64-clang, r-prerel-windows-ix86+x86_64, r-prerel-linux-x86_64, r-prerel-solaris-sparc, r-prerel-solaris-x86, r-release-linux-x86_64, r-release-windows-ix86+x86_64

Version: 1.1-2
Check: dependencies in R code
Result: NOTE
    'library' or 'require' call to ‘MASS’ which was already attached by Depends.
     Please remove these calls from your code.
    See the information on DESCRIPTION files in the chapter ‘Creating R
    packages’ of the ‘Writing R Extensions’ manual.
Flavors: r-release-osx-x86_64-mavericks, r-release-osx-x86_64-snowleopard, r-oldrel-windows-ix86+x86_64