CRAN Package Check Results for Package mAr

Last updated on 2016-08-23 22:47:40.

Flavor Version Tinstall Tcheck Ttotal Status Flags
r-devel-linux-x86_64-debian-clang 1.1-2 0.64 10.17 10.81 NOTE
r-devel-linux-x86_64-debian-gcc 1.1-2 0.56 9.89 10.45 NOTE
r-devel-linux-x86_64-fedora-clang 1.1-2 18.28 NOTE
r-devel-linux-x86_64-fedora-gcc 1.1-2 16.64 NOTE
r-devel-osx-x86_64-clang 1.1-2 16.52 NOTE
r-devel-windows-ix86+x86_64 1.1-2 3.00 34.00 37.00 NOTE
r-patched-linux-x86_64 1.1-2 0.59 10.01 10.60 NOTE
r-patched-solaris-sparc 1.1-2 115.40 NOTE
r-patched-solaris-x86 1.1-2 26.40 NOTE
r-release-linux-x86_64 1.1-2 0.61 10.01 10.62 NOTE
r-release-osx-x86_64-mavericks 1.1-2 NOTE
r-release-windows-ix86+x86_64 1.1-2 3.00 32.00 35.00 NOTE
r-oldrel-windows-ix86+x86_64 1.1-2 4.00 22.00 26.00 NOTE

Check Details

Version: 1.1-2
Check: DESCRIPTION meta-information
Result: NOTE
    Malformed Description field: should contain one or more complete sentences.
Flavors: r-devel-linux-x86_64-debian-clang, r-devel-linux-x86_64-debian-gcc, r-devel-linux-x86_64-fedora-clang, r-devel-linux-x86_64-fedora-gcc, r-devel-osx-x86_64-clang, r-devel-windows-ix86+x86_64, r-patched-linux-x86_64, r-patched-solaris-sparc, r-patched-solaris-x86, r-release-linux-x86_64, r-release-osx-x86_64-mavericks, r-release-windows-ix86+x86_64, r-oldrel-windows-ix86+x86_64

Version: 1.1-2
Check: dependencies in R code
Result: NOTE
    'library' or 'require' call to ‘MASS’ which was already attached by Depends.
     Please remove these calls from your code.
Flavors: r-devel-linux-x86_64-debian-clang, r-devel-linux-x86_64-debian-gcc, r-devel-linux-x86_64-fedora-clang, r-devel-linux-x86_64-fedora-gcc, r-devel-osx-x86_64-clang, r-devel-windows-ix86+x86_64, r-patched-linux-x86_64, r-patched-solaris-sparc, r-patched-solaris-x86, r-release-linux-x86_64, r-release-osx-x86_64-mavericks, r-release-windows-ix86+x86_64, r-oldrel-windows-ix86+x86_64

Version: 1.1-2
Check: R code for possible problems
Result: NOTE
    mAr.pca: no visible binding for global variable ‘sd’
    Undefined global functions or variables:
     sd
    Consider adding
     importFrom("stats", "sd")
    to your NAMESPACE file.
Flavors: r-devel-linux-x86_64-debian-clang, r-devel-linux-x86_64-debian-gcc, r-devel-linux-x86_64-fedora-clang, r-devel-linux-x86_64-fedora-gcc, r-devel-osx-x86_64-clang, r-devel-windows-ix86+x86_64, r-patched-linux-x86_64, r-patched-solaris-sparc, r-patched-solaris-x86, r-release-linux-x86_64, r-release-osx-x86_64-mavericks, r-release-windows-ix86+x86_64