CRAN Package Check Results for Package mAr

Last updated on 2018-05-23 08:48:57 CEST.

Flavor Version Tinstall Tcheck Ttotal Status Flags
r-devel-linux-x86_64-debian-clang 1.1-2 1.30 18.97 20.27 NOTE
r-devel-linux-x86_64-debian-gcc 1.1-2 0.92 15.20 16.12 NOTE
r-devel-linux-x86_64-fedora-clang 1.1-2 24.20 NOTE
r-devel-linux-x86_64-fedora-gcc 1.1-2 22.78 NOTE
r-devel-windows-ix86+x86_64 1.1-2 4.00 43.00 47.00 NOTE
r-patched-linux-x86_64 1.1-2 1.24 18.18 19.42 NOTE
r-patched-solaris-x86 1.1-2 38.70 NOTE
r-release-linux-x86_64 1.1-2 1.21 18.09 19.30 NOTE
r-release-windows-ix86+x86_64 1.1-2 5.00 30.00 35.00 NOTE
r-release-osx-x86_64 1.1-2 NOTE
r-oldrel-windows-ix86+x86_64 1.1-2 4.00 41.00 45.00 NOTE
r-oldrel-osx-x86_64 1.1-2 NOTE

Check Details

Version: 1.1-2
Check: DESCRIPTION meta-information
Result: NOTE
    Malformed Description field: should contain one or more complete sentences.
Flavors: r-devel-linux-x86_64-debian-clang, r-devel-linux-x86_64-debian-gcc, r-devel-linux-x86_64-fedora-clang, r-devel-linux-x86_64-fedora-gcc, r-devel-windows-ix86+x86_64, r-patched-linux-x86_64, r-patched-solaris-x86, r-release-linux-x86_64, r-release-windows-ix86+x86_64, r-release-osx-x86_64, r-oldrel-windows-ix86+x86_64, r-oldrel-osx-x86_64

Version: 1.1-2
Check: dependencies in R code
Result: NOTE
    'library' or 'require' call to ‘MASS’ which was already attached by Depends.
     Please remove these calls from your code.
Flavors: r-devel-linux-x86_64-debian-clang, r-devel-linux-x86_64-debian-gcc, r-devel-linux-x86_64-fedora-clang, r-devel-linux-x86_64-fedora-gcc, r-devel-windows-ix86+x86_64, r-patched-linux-x86_64, r-patched-solaris-x86, r-release-linux-x86_64, r-release-windows-ix86+x86_64, r-release-osx-x86_64, r-oldrel-windows-ix86+x86_64, r-oldrel-osx-x86_64

Version: 1.1-2
Check: R code for possible problems
Result: NOTE
    mAr.pca: no visible binding for global variable ‘sd’
    Undefined global functions or variables:
     sd
    Consider adding
     importFrom("stats", "sd")
    to your NAMESPACE file.
Flavors: r-devel-linux-x86_64-debian-clang, r-devel-linux-x86_64-debian-gcc, r-devel-linux-x86_64-fedora-clang, r-devel-linux-x86_64-fedora-gcc, r-devel-windows-ix86+x86_64, r-patched-linux-x86_64, r-patched-solaris-x86, r-release-linux-x86_64, r-release-windows-ix86+x86_64, r-release-osx-x86_64, r-oldrel-windows-ix86+x86_64, r-oldrel-osx-x86_64