CRAN Package Check Results for Package mAr

Last updated on 2015-08-30 23:47:47.

Flavor Version Tinstall Tcheck Ttotal Status Flags
r-devel-linux-x86_64-debian-clang 1.1-2 0.53 9.49 10.02 NOTE
r-devel-linux-x86_64-debian-gcc 1.1-2 0.68 9.19 9.87 NOTE
r-devel-linux-x86_64-fedora-clang 1.1-2 19.47 NOTE
r-devel-linux-x86_64-fedora-gcc 1.1-2 18.07 NOTE
r-devel-osx-x86_64-clang 1.1-2 19.67 NOTE
r-devel-windows-ix86+x86_64 1.1-2 4.00 29.00 33.00 NOTE
r-patched-linux-x86_64 1.1-2 0.58 9.85 10.43 NOTE
r-patched-solaris-sparc 1.1-2 120.90 NOTE
r-patched-solaris-x86 1.1-2 31.50 NOTE
r-release-linux-x86_64 1.1-2 0.64 9.93 10.56 NOTE
r-release-osx-x86_64-mavericks 1.1-2 NOTE
r-release-windows-ix86+x86_64 1.1-2 4.00 32.00 36.00 NOTE
r-oldrel-windows-ix86+x86_64 1.1-2 5.00 28.00 33.00 NOTE

Check Details

Version: 1.1-2
Check: DESCRIPTION meta-information
Result: NOTE
    Malformed Description field: should contain one or more complete sentences.
Flavors: r-devel-linux-x86_64-debian-clang, r-devel-linux-x86_64-debian-gcc, r-devel-linux-x86_64-fedora-clang, r-devel-linux-x86_64-fedora-gcc, r-devel-osx-x86_64-clang, r-devel-windows-ix86+x86_64, r-patched-linux-x86_64, r-patched-solaris-sparc, r-patched-solaris-x86, r-release-linux-x86_64, r-release-osx-x86_64-mavericks, r-release-windows-ix86+x86_64

Version: 1.1-2
Check: dependencies in R code
Result: NOTE
    'library' or 'require' call to ‘MASS’ which was already attached by Depends.
     Please remove these calls from your code.
Flavors: r-devel-linux-x86_64-debian-clang, r-devel-linux-x86_64-debian-gcc, r-devel-linux-x86_64-fedora-clang, r-devel-linux-x86_64-fedora-gcc, r-devel-osx-x86_64-clang, r-devel-windows-ix86+x86_64, r-patched-linux-x86_64, r-patched-solaris-sparc, r-patched-solaris-x86, r-release-linux-x86_64, r-release-osx-x86_64-mavericks, r-release-windows-ix86+x86_64, r-oldrel-windows-ix86+x86_64

Version: 1.1-2
Check: R code for possible problems
Result: NOTE
    mAr.pca: no visible binding for global variable ‘sd’
    Undefined global functions or variables:
     sd
    Consider adding
     importFrom("stats", "sd")
    to your NAMESPACE.
Flavors: r-devel-linux-x86_64-debian-clang, r-devel-linux-x86_64-debian-gcc, r-devel-linux-x86_64-fedora-clang, r-devel-linux-x86_64-fedora-gcc, r-devel-windows-ix86+x86_64