CRAN Package Check Results for Package mDAG

Last updated on 2019-09-18 23:50:03 CEST.

Flavor Version Tinstall Tcheck Ttotal Status Flags
r-devel-linux-x86_64-debian-clang 1.2.2 40.31 124.90 165.21 OK
r-devel-linux-x86_64-debian-gcc 1.2.2 36.78 95.49 132.27 OK
r-devel-linux-x86_64-fedora-clang 1.2.2 209.58 OK
r-devel-linux-x86_64-fedora-gcc 1.2.2 209.33 OK
r-devel-windows-ix86+x86_64 1.2.2 133.00 270.00 403.00 OK
r-patched-linux-x86_64 1.2.2 41.18 118.18 159.36 OK
r-patched-solaris-x86 1.2.2 292.50 OK
r-release-linux-x86_64 1.2.2 36.27 119.41 155.68 OK
r-release-windows-ix86+x86_64 1.2.2 88.00 184.00 272.00 OK
r-release-osx-x86_64 1.2.2 ERROR
r-oldrel-windows-ix86+x86_64 1.2.2 83.00 184.00 267.00 OK
r-oldrel-osx-x86_64 1.2.2 OK

Check Details

Version: 1.2.2
Check: package dependencies
Result: ERROR
    Package required but not available: ‘pcalg’
    
    See section ‘The DESCRIPTION file’ in the ‘Writing R Extensions’
    manual.
Flavor: r-release-osx-x86_64