CRAN Package Check Results for Package mFilter

Last updated on 2017-04-30 23:51:39.

Flavor Version Tinstall Tcheck Ttotal Status Flags
r-devel-linux-x86_64-debian-clang 0.1-3 0.70 17.44 18.14 NOTE
r-devel-linux-x86_64-debian-gcc 0.1-3 0.76 18.06 18.82 NOTE
r-devel-linux-x86_64-fedora-clang 0.1-3 33.68 NOTE --no-stop-on-test-error
r-devel-linux-x86_64-fedora-gcc 0.1-3 30.57 NOTE --no-stop-on-test-error
r-devel-windows-ix86+x86_64 0.1-3 3.00 48.00 51.00 NOTE
r-patched-linux-x86_64 0.1-3 0.65 17.41 18.07 NOTE
r-patched-solaris-sparc 0.1-3 194.80 NOTE
r-patched-solaris-x86 0.1-3 44.10 NOTE
r-release-linux-x86_64 0.1-3 0.70 17.85 18.56 NOTE
r-release-windows-ix86+x86_64 0.1-3 4.00 48.00 52.00 NOTE
r-release-osx-x86_64 0.1-3 NOTE
r-oldrel-windows-ix86+x86_64 0.1-3 6.00 45.00 51.00 NOTE
r-oldrel-osx-x86_64 0.1-3 NOTE

Check Details

Version: 0.1-3
Check: package dependencies
Result: NOTE
    Package suggested but not available for checking: ‘RTisean’
Flavors: r-devel-linux-x86_64-debian-clang, r-devel-linux-x86_64-debian-gcc, r-devel-windows-ix86+x86_64, r-patched-linux-x86_64, r-patched-solaris-sparc, r-patched-solaris-x86, r-release-linux-x86_64, r-release-windows-ix86+x86_64, r-release-osx-x86_64, r-oldrel-windows-ix86+x86_64, r-oldrel-osx-x86_64

Version: 0.1-3
Check: S3 generic/method consistency
Result: NOTE
    Found the following apparent S3 methods exported but not registered:
     mFilter.default mFilter.ts
    See section ‘Registering S3 methods’ in the ‘Writing R Extensions’
    manual.
Flavors: r-devel-linux-x86_64-debian-clang, r-devel-linux-x86_64-debian-gcc, r-patched-linux-x86_64, r-patched-solaris-sparc, r-patched-solaris-x86, r-release-linux-x86_64

Version: 0.1-3
Check: R code for possible problems
Result: NOTE
    File ‘mFilter/R/zzz.R’:
     .onLoad calls:
     writeLines(strwrap(txt, indent = 4, exdent = 4))
    
    Package startup functions should use ‘packageStartupMessage’ to
     generate messages.
    See section ‘Good practice’ in '?.onAttach'.
    
    .onLoad: warning in packageDescription("mFilter", lib = mylib): partial
     argument match of ‘lib’ to ‘lib.loc’
    bkfilter: warning in ts(x.cycle, star = tsp.x[1], frequency =
     tsp.x[3]): partial argument match of ‘star’ to ‘start’
    bkfilter: warning in ts(x.trend, star = tsp.x[1], frequency =
     tsp.x[3]): partial argument match of ‘star’ to ‘start’
    bkfilter: warning in ts(x, star = tsp.x[1], frequency = tsp.x[3]):
     partial argument match of ‘star’ to ‘start’
    bwfilter: warning in ts(x.cycle, star = tsp.x[1], frequency =
     tsp.x[3]): partial argument match of ‘star’ to ‘start’
    bwfilter: warning in ts(x.trend, star = tsp.x[1], frequency =
     tsp.x[3]): partial argument match of ‘star’ to ‘start’
    bwfilter: warning in ts(x, star = tsp.x[1], frequency = tsp.x[3]):
     partial argument match of ‘star’ to ‘start’
    cffilter: warning in ts(x.cycle, star = tsp.x[1], frequency =
     tsp.x[3]): partial argument match of ‘star’ to ‘start’
    cffilter: warning in ts(x.trend, star = tsp.x[1], frequency =
     tsp.x[3]): partial argument match of ‘star’ to ‘start’
    cffilter: warning in ts(x, star = tsp.x[1], frequency = tsp.x[3]):
     partial argument match of ‘star’ to ‘start’
    hpfilter: warning in ts(x.cycle, star = tsp.x[1], frequency =
     tsp.x[3]): partial argument match of ‘star’ to ‘start’
    hpfilter: warning in ts(x.trend, star = tsp.x[1], frequency =
     tsp.x[3]): partial argument match of ‘star’ to ‘start’
    hpfilter: warning in ts(x, star = tsp.x[1], frequency = tsp.x[3]):
     partial argument match of ‘star’ to ‘start’
Flavors: r-devel-linux-x86_64-debian-clang, r-devel-linux-x86_64-debian-gcc, r-devel-windows-ix86+x86_64, r-patched-linux-x86_64, r-patched-solaris-sparc, r-patched-solaris-x86, r-release-linux-x86_64, r-release-windows-ix86+x86_64, r-release-osx-x86_64, r-oldrel-windows-ix86+x86_64, r-oldrel-osx-x86_64

Version: 0.1-3
Flags: --no-stop-on-test-error
Check: package dependencies
Result: NOTE
    Package suggested but not available for checking: ‘RTisean’
Flavors: r-devel-linux-x86_64-fedora-clang, r-devel-linux-x86_64-fedora-gcc

Version: 0.1-3
Flags: --no-stop-on-test-error
Check: S3 generic/method consistency
Result: NOTE
    Found the following apparent S3 methods exported but not registered:
     mFilter.default mFilter.ts
    See section ‘Registering S3 methods’ in the ‘Writing R Extensions’
    manual.
Flavors: r-devel-linux-x86_64-fedora-clang, r-devel-linux-x86_64-fedora-gcc

Version: 0.1-3
Flags: --no-stop-on-test-error
Check: R code for possible problems
Result: NOTE
    File ‘mFilter/R/zzz.R’:
     .onLoad calls:
     writeLines(strwrap(txt, indent = 4, exdent = 4))
    
    Package startup functions should use ‘packageStartupMessage’ to
     generate messages.
    See section ‘Good practice’ in '?.onAttach'.
    
    .onLoad: warning in packageDescription("mFilter", lib = mylib): partial
     argument match of 'lib' to 'lib.loc'
    bkfilter: warning in ts(x.cycle, star = tsp.x[1], frequency =
     tsp.x[3]): partial argument match of 'star' to 'start'
    bkfilter: warning in ts(x.trend, star = tsp.x[1], frequency =
     tsp.x[3]): partial argument match of 'star' to 'start'
    bkfilter: warning in ts(x, star = tsp.x[1], frequency = tsp.x[3]):
     partial argument match of 'star' to 'start'
    bwfilter: warning in ts(x.cycle, star = tsp.x[1], frequency =
     tsp.x[3]): partial argument match of 'star' to 'start'
    bwfilter: warning in ts(x.trend, star = tsp.x[1], frequency =
     tsp.x[3]): partial argument match of 'star' to 'start'
    bwfilter: warning in ts(x, star = tsp.x[1], frequency = tsp.x[3]):
     partial argument match of 'star' to 'start'
    cffilter: warning in ts(x.cycle, star = tsp.x[1], frequency =
     tsp.x[3]): partial argument match of 'star' to 'start'
    cffilter: warning in ts(x.trend, star = tsp.x[1], frequency =
     tsp.x[3]): partial argument match of 'star' to 'start'
    cffilter: warning in ts(x, star = tsp.x[1], frequency = tsp.x[3]):
     partial argument match of 'star' to 'start'
    hpfilter: warning in ts(x.cycle, star = tsp.x[1], frequency =
     tsp.x[3]): partial argument match of 'star' to 'start'
    hpfilter: warning in ts(x.trend, star = tsp.x[1], frequency =
     tsp.x[3]): partial argument match of 'star' to 'start'
    hpfilter: warning in ts(x, star = tsp.x[1], frequency = tsp.x[3]):
     partial argument match of 'star' to 'start'
Flavors: r-devel-linux-x86_64-fedora-clang, r-devel-linux-x86_64-fedora-gcc