CRAN Package Check Results for Package mFilter

Last updated on 2014-04-24 15:50:41.

Flavor Version Tinstall Tcheck Ttotal Status Flags
r-devel-linux-x86_64-debian-clang 0.1-3 0.70 20.10 20.80 NOTE
r-devel-linux-x86_64-debian-gcc 0.1-3 0.70 20.51 21.21 NOTE
r-devel-linux-x86_64-fedora-clang 0.1-3 42.55 NOTE
r-devel-linux-x86_64-fedora-gcc 0.1-3 41.63 NOTE
r-devel-osx-x86_64-clang 0.1-3 38.13 NOTE
r-devel-osx-x86_64-gcc 0.1-3 NOTE
r-devel-windows-ix86+x86_64 0.1-3 2.00 32.00 34.00 NOTE
r-patched-linux-x86_64 0.1-3 0.68 20.46 21.15 NOTE
r-patched-solaris-sparc 0.1-3 227.80 NOTE
r-patched-solaris-x86 0.1-3 56.30 NOTE
r-release-linux-ix86 0.1-3 1.00 38.00 39.00 NOTE
r-release-linux-x86_64 0.1-3 0.68 20.10 20.78 NOTE
r-release-osx-x86_64-mavericks 0.1-3 WARN
r-release-windows-ix86+x86_64 0.1-3 2.00 31.00 33.00 NOTE
r-oldrel-windows-ix86+x86_64 0.1-3 2.00 32.00 34.00 NOTE

Check Details

Version: 0.1-3
Check: R code for possible problems
Result: NOTE
    File ‘mFilter/R/zzz.R’:
     .onLoad calls:
     writeLines(strwrap(txt, indent = 4, exdent = 4))
    
    Package startup functions should use ‘packageStartupMessage’ to
     generate messages.
    See section ‘Good practice’ in '?.onAttach'.
    
    .onLoad: warning in packageDescription("mFilter", lib = mylib): partial
     argument match of 'lib' to 'lib.loc'
    bkfilter: warning in ts(x.cycle, star = tsp.x[1], frequency =
     tsp.x[3]): partial argument match of 'star' to 'start'
    bkfilter: warning in ts(x.trend, star = tsp.x[1], frequency =
     tsp.x[3]): partial argument match of 'star' to 'start'
    bkfilter: warning in ts(x, star = tsp.x[1], frequency = tsp.x[3]):
     partial argument match of 'star' to 'start'
    bwfilter: warning in ts(x.cycle, star = tsp.x[1], frequency =
     tsp.x[3]): partial argument match of 'star' to 'start'
    bwfilter: warning in ts(x.trend, star = tsp.x[1], frequency =
     tsp.x[3]): partial argument match of 'star' to 'start'
    bwfilter: warning in ts(x, star = tsp.x[1], frequency = tsp.x[3]):
     partial argument match of 'star' to 'start'
    cffilter: warning in ts(x.cycle, star = tsp.x[1], frequency =
     tsp.x[3]): partial argument match of 'star' to 'start'
    cffilter: warning in ts(x.trend, star = tsp.x[1], frequency =
     tsp.x[3]): partial argument match of 'star' to 'start'
    cffilter: warning in ts(x, star = tsp.x[1], frequency = tsp.x[3]):
     partial argument match of 'star' to 'start'
    hpfilter: warning in ts(x.cycle, star = tsp.x[1], frequency =
     tsp.x[3]): partial argument match of 'star' to 'start'
    hpfilter: warning in ts(x.trend, star = tsp.x[1], frequency =
     tsp.x[3]): partial argument match of 'star' to 'start'
    hpfilter: warning in ts(x, star = tsp.x[1], frequency = tsp.x[3]):
     partial argument match of 'star' to 'start'
Flavors: r-devel-linux-x86_64-debian-clang, r-devel-linux-x86_64-debian-gcc, r-devel-linux-x86_64-fedora-clang, r-devel-linux-x86_64-fedora-gcc, r-devel-osx-x86_64-clang, r-devel-osx-x86_64-gcc, r-devel-windows-ix86+x86_64, r-patched-linux-x86_64, r-patched-solaris-sparc, r-patched-solaris-x86, r-release-linux-ix86, r-release-linux-x86_64, r-release-osx-x86_64-mavericks, r-release-windows-ix86+x86_64, r-oldrel-windows-ix86+x86_64

Version: 0.1-3
Check: package dependencies
Result: NOTE
    Packages suggested but not available for checking:
     ‘tseries’ ‘tsDyn’ ‘forecast’
Flavor: r-devel-osx-x86_64-gcc

Version: 0.1-3
Check: package dependencies
Result: NOTE
    Packages suggested but not available for checking: ‘tsDyn’ ‘forecast’
Flavor: r-release-osx-x86_64-mavericks

Version: 0.1-3
Check: PDF version of manual
Result: WARNING
    LaTeX errors when creating PDF version.
    This typically indicates Rd problems.
    LaTeX errors found:
    ! LaTeX Error: File `upquote.sty' not found.
    
    Type X to quit or <RETURN> to proceed,
    or enter new name. (Default extension: sty)
    
    5766614c/Rd2.tex:8: ==> Fatal error occurred, no output PDF file produced!
Flavor: r-release-osx-x86_64-mavericks