CRAN Package Check Results for Package mFilter

Last updated on 2018-09-25 14:48:38 CEST.

Flavor Version Tinstall Tcheck Ttotal Status Flags
r-devel-linux-x86_64-debian-clang 0.1-4 1.86 27.00 28.86 OK
r-devel-linux-x86_64-debian-gcc 0.1-4 1.54 21.59 23.13 OK
r-devel-linux-x86_64-fedora-clang 0.1-4 35.03 OK
r-devel-linux-x86_64-fedora-gcc 0.1-4 33.36 OK
r-devel-windows-ix86+x86_64 0.1-4 7.00 65.00 72.00 OK
r-patched-linux-x86_64 0.1-4 1.92 25.74 27.66 OK
r-patched-solaris-x86 0.1-4 44.00 OK
r-release-linux-x86_64 0.1-4 1.69 25.48 27.17 OK
r-release-osx-x86_64 0.1-3 NOTE
r-oldrel-windows-ix86+x86_64 0.1-4 3.00 41.00 44.00 OK
r-oldrel-osx-x86_64 0.1-4 OK

Check Details

Version: 0.1-3
Check: package dependencies
Result: NOTE
    Package suggested but not available for checking: ‘RTisean’
Flavor: r-release-osx-x86_64

Version: 0.1-3
Check: R code for possible problems
Result: NOTE
    File ‘mFilter/R/zzz.R’:
     .onLoad calls:
     writeLines(strwrap(txt, indent = 4, exdent = 4))
    
    Package startup functions should use ‘packageStartupMessage’ to
     generate messages.
    See section ‘Good practice’ in '?.onAttach'.
    
    .onLoad: warning in packageDescription("mFilter", lib = mylib): partial
     argument match of 'lib' to 'lib.loc'
    bkfilter: warning in ts(x.cycle, star = tsp.x[1], frequency =
     tsp.x[3]): partial argument match of 'star' to 'start'
    bkfilter: warning in ts(x.trend, star = tsp.x[1], frequency =
     tsp.x[3]): partial argument match of 'star' to 'start'
    bkfilter: warning in ts(x, star = tsp.x[1], frequency = tsp.x[3]):
     partial argument match of 'star' to 'start'
    bwfilter: warning in ts(x.cycle, star = tsp.x[1], frequency =
     tsp.x[3]): partial argument match of 'star' to 'start'
    bwfilter: warning in ts(x.trend, star = tsp.x[1], frequency =
     tsp.x[3]): partial argument match of 'star' to 'start'
    bwfilter: warning in ts(x, star = tsp.x[1], frequency = tsp.x[3]):
     partial argument match of 'star' to 'start'
    cffilter: warning in ts(x.cycle, star = tsp.x[1], frequency =
     tsp.x[3]): partial argument match of 'star' to 'start'
    cffilter: warning in ts(x.trend, star = tsp.x[1], frequency =
     tsp.x[3]): partial argument match of 'star' to 'start'
    cffilter: warning in ts(x, star = tsp.x[1], frequency = tsp.x[3]):
     partial argument match of 'star' to 'start'
    hpfilter: warning in ts(x.cycle, star = tsp.x[1], frequency =
     tsp.x[3]): partial argument match of 'star' to 'start'
    hpfilter: warning in ts(x.trend, star = tsp.x[1], frequency =
     tsp.x[3]): partial argument match of 'star' to 'start'
    hpfilter: warning in ts(x, star = tsp.x[1], frequency = tsp.x[3]):
     partial argument match of 'star' to 'start'
Flavor: r-release-osx-x86_64