CRAN Package Check Results for Package mFilter

Last updated on 2014-12-21 09:51:30.

Flavor Version Tinstall Tcheck Ttotal Status Flags
r-devel-linux-x86_64-debian-clang 0.1-3 0.68 16.24 16.93 NOTE
r-devel-linux-x86_64-debian-gcc 0.1-3 0.65 15.70 16.35 NOTE
r-devel-linux-x86_64-fedora-clang 0.1-3 37.38 NOTE
r-devel-linux-x86_64-fedora-gcc 0.1-3 33.82 NOTE
r-devel-osx-x86_64-clang 0.1-3 34.58 NOTE
r-devel-windows-ix86+x86_64 0.1-3 2.00 24.00 26.00 NOTE
r-patched-linux-x86_64 0.1-3 0.69 17.07 17.76 NOTE
r-patched-solaris-sparc 0.1-3 214.30 NOTE
r-patched-solaris-x86 0.1-3 46.50 NOTE
r-release-linux-ix86 0.1-3 0.99 23.22 24.22 NOTE
r-release-linux-x86_64 0.1-3 0.70 16.88 17.58 NOTE
r-release-osx-x86_64-mavericks 0.1-3 NOTE
r-release-windows-ix86+x86_64 0.1-3 3.00 26.00 29.00 NOTE
r-oldrel-windows-ix86+x86_64 0.1-3 3.00 32.00 35.00 NOTE

Check Details

Version: 0.1-3
Check: package dependencies
Result: NOTE
    Package suggested but not available for checking: ‘RTisean’
Flavors: r-devel-linux-x86_64-debian-clang, r-devel-linux-x86_64-debian-gcc, r-devel-linux-x86_64-fedora-clang, r-devel-linux-x86_64-fedora-gcc, r-devel-osx-x86_64-clang, r-devel-windows-ix86+x86_64, r-patched-linux-x86_64, r-patched-solaris-sparc, r-patched-solaris-x86, r-release-linux-ix86, r-release-linux-x86_64

Version: 0.1-3
Check: R code for possible problems
Result: NOTE
    File ‘mFilter/R/zzz.R’:
     .onLoad calls:
     writeLines(strwrap(txt, indent = 4, exdent = 4))
    
    Package startup functions should use ‘packageStartupMessage’ to
     generate messages.
    See section ‘Good practice’ in '?.onAttach'.
    
    .onLoad: warning in packageDescription("mFilter", lib = mylib): partial
     argument match of ‘lib’ to ‘lib.loc’
    bkfilter: warning in ts(x.cycle, star = tsp.x[1], frequency =
     tsp.x[3]): partial argument match of ‘star’ to ‘start’
    bkfilter: warning in ts(x.trend, star = tsp.x[1], frequency =
     tsp.x[3]): partial argument match of ‘star’ to ‘start’
    bkfilter: warning in ts(x, star = tsp.x[1], frequency = tsp.x[3]):
     partial argument match of ‘star’ to ‘start’
    bwfilter: warning in ts(x.cycle, star = tsp.x[1], frequency =
     tsp.x[3]): partial argument match of ‘star’ to ‘start’
    bwfilter: warning in ts(x.trend, star = tsp.x[1], frequency =
     tsp.x[3]): partial argument match of ‘star’ to ‘start’
    bwfilter: warning in ts(x, star = tsp.x[1], frequency = tsp.x[3]):
     partial argument match of ‘star’ to ‘start’
    cffilter: warning in ts(x.cycle, star = tsp.x[1], frequency =
     tsp.x[3]): partial argument match of ‘star’ to ‘start’
    cffilter: warning in ts(x.trend, star = tsp.x[1], frequency =
     tsp.x[3]): partial argument match of ‘star’ to ‘start’
    cffilter: warning in ts(x, star = tsp.x[1], frequency = tsp.x[3]):
     partial argument match of ‘star’ to ‘start’
    hpfilter: warning in ts(x.cycle, star = tsp.x[1], frequency =
     tsp.x[3]): partial argument match of ‘star’ to ‘start’
    hpfilter: warning in ts(x.trend, star = tsp.x[1], frequency =
     tsp.x[3]): partial argument match of ‘star’ to ‘start’
    hpfilter: warning in ts(x, star = tsp.x[1], frequency = tsp.x[3]):
     partial argument match of ‘star’ to ‘start’
Flavors: r-devel-linux-x86_64-debian-clang, r-devel-linux-x86_64-debian-gcc, r-devel-linux-x86_64-fedora-clang, r-devel-linux-x86_64-fedora-gcc, r-devel-osx-x86_64-clang, r-devel-windows-ix86+x86_64, r-patched-linux-x86_64, r-patched-solaris-sparc, r-patched-solaris-x86, r-release-linux-ix86, r-release-linux-x86_64, r-release-osx-x86_64-mavericks, r-release-windows-ix86+x86_64, r-oldrel-windows-ix86+x86_64

Version: 0.1-3
Check: package dependencies
Result: NOTE
    Packages suggested but not available for checking: ‘tsDyn’ ‘forecast’
Flavor: r-release-osx-x86_64-mavericks