Last updated on 2023-03-23 10:54:36 CET.
Flavor | Version | Tinstall | Tcheck | Ttotal | Status | Flags |
---|---|---|---|---|---|---|
r-devel-linux-x86_64-debian-clang | 2.4.0.1 | 29.60 | 189.42 | 219.02 | OK | |
r-devel-linux-x86_64-debian-gcc | 2.4.0.1 | 22.03 | 157.56 | 179.59 | OK | |
r-devel-linux-x86_64-fedora-clang | 2.4.0.1 | 201.16 | NOTE | |||
r-devel-linux-x86_64-fedora-gcc | 2.4.0.1 | 173.41 | NOTE | |||
r-patched-linux-x86_64 | 2.4.0.1 | 28.64 | 199.71 | 228.35 | OK | |
r-release-linux-x86_64 | 2.4.0.1 | 25.80 | 195.14 | 220.94 | OK | |
r-release-macos-arm64 | 2.4.0.1 | 70.00 | NOTE | |||
r-release-macos-x86_64 | 2.4.0.1 | 103.00 | NOTE | |||
r-release-windows-x86_64 | 2.4.0.1 | 103.00 | 253.00 | 356.00 | OK | |
r-oldrel-macos-arm64 | 2.4.0.1 | 70.00 | NOTE | |||
r-oldrel-macos-x86_64 | 2.4.0.1 | 105.00 | NOTE | |||
r-oldrel-windows-ix86+x86_64 | 2.4.0.1 | 60.00 | 207.00 | 267.00 | OK |
Version: 2.4.0.1
Check: dependencies in R code
Result: NOTE
Namespaces in Imports field not imported from:
‘ActCR’ ‘ActFrag’ ‘tidyr’
All declared Imports should be used.
Flavors: r-devel-linux-x86_64-fedora-clang, r-devel-linux-x86_64-fedora-gcc, r-release-macos-arm64, r-release-macos-x86_64, r-oldrel-macos-arm64, r-oldrel-macos-x86_64