Last updated on 2025-04-23 08:51:35 CEST.
Flavor | Version | Tinstall | Tcheck | Ttotal | Status | Flags |
---|---|---|---|---|---|---|
r-devel-linux-x86_64-debian-clang | 2.9.4.0 | 25.76 | 178.48 | 204.24 | OK | |
r-devel-linux-x86_64-debian-gcc | 2.9.4.0 | 17.66 | 133.12 | 150.78 | OK | |
r-devel-linux-x86_64-fedora-clang | 2.9.4.0 | 340.22 | NOTE | |||
r-devel-linux-x86_64-fedora-gcc | 2.9.4.0 | 340.52 | NOTE | |||
r-devel-windows-x86_64 | 2.9.4.0 | 24.00 | 177.00 | 201.00 | OK | |
r-patched-linux-x86_64 | 2.9.4.0 | 25.31 | 167.93 | 193.24 | OK | |
r-release-linux-x86_64 | 2.9.4.0 | 20.47 | 168.46 | 188.93 | OK | |
r-release-macos-arm64 | 2.9.4.0 | 101.00 | OK | |||
r-release-macos-x86_64 | 2.9.4.0 | 185.00 | OK | |||
r-release-windows-x86_64 | 2.9.4.0 | 23.00 | 164.00 | 187.00 | OK | |
r-oldrel-macos-arm64 | 2.9.4.0 | 97.00 | OK | |||
r-oldrel-macos-x86_64 | 2.9.4.0 | 215.00 | OK | |||
r-oldrel-windows-x86_64 | 2.9.4.0 | 32.00 | 194.00 | 226.00 | OK |
Version: 2.9.4.0
Check: dependencies in R code
Result: NOTE
Namespaces in Imports field not imported from:
‘ActCR’ ‘ActFrag’ ‘tidyr’
All declared Imports should be used.
Flavors: r-devel-linux-x86_64-fedora-clang, r-devel-linux-x86_64-fedora-gcc