CRAN Package Check Results for Package mQTL

Last updated on 2019-08-24 22:46:31 CEST.

Flavor Version Tinstall Tcheck Ttotal Status Flags
r-devel-linux-x86_64-debian-clang 1.0 5.37 39.74 45.11 NOTE
r-devel-linux-x86_64-debian-gcc 1.0 4.14 29.95 34.09 NOTE
r-devel-linux-x86_64-fedora-clang 1.0 56.69 NOTE
r-devel-linux-x86_64-fedora-gcc 1.0 52.27 NOTE
r-devel-windows-ix86+x86_64 1.0 9.00 51.00 60.00 NOTE
r-patched-linux-x86_64 1.0 4.80 39.32 44.12 NOTE
r-patched-solaris-x86 1.0 74.20 NOTE
r-release-linux-x86_64 1.0 4.71 38.87 43.58 NOTE
r-release-windows-ix86+x86_64 1.0 9.00 69.00 78.00 NOTE
r-release-osx-x86_64 1.0 NOTE
r-oldrel-windows-ix86+x86_64 1.0 8.00 69.00 77.00 NOTE
r-oldrel-osx-x86_64 1.0 NOTE

Check Details

Version: 1.0
Check: R code for possible problems
Result: NOTE
    ppersp: no visible global function definition for 'colorRampPalette'
    Undefined global functions or variables:
     colorRampPalette
    Consider adding
     importFrom("grDevices", "colorRampPalette")
    to your NAMESPACE file.
Flavors: r-devel-linux-x86_64-debian-clang, r-devel-linux-x86_64-debian-gcc, r-devel-linux-x86_64-fedora-clang, r-devel-linux-x86_64-fedora-gcc, r-devel-windows-ix86+x86_64, r-patched-linux-x86_64, r-patched-solaris-x86, r-release-linux-x86_64, r-release-windows-ix86+x86_64, r-release-osx-x86_64, r-oldrel-windows-ix86+x86_64, r-oldrel-osx-x86_64