CRAN Package Check Results for Package mQTL

Last updated on 2019-02-20 06:48:04 CET.

Flavor Version Tinstall Tcheck Ttotal Status Flags
r-devel-linux-x86_64-debian-clang 1.0 4.30 41.17 45.47 NOTE
r-devel-linux-x86_64-debian-gcc 1.0 3.44 31.28 34.72 NOTE
r-devel-linux-x86_64-fedora-clang 1.0 54.46 NOTE
r-devel-linux-x86_64-fedora-gcc 1.0 52.11 NOTE
r-devel-windows-ix86+x86_64 1.0 7.00 51.00 58.00 NOTE
r-patched-linux-x86_64 1.0 NOTE
r-patched-solaris-x86 1.0 69.90 NOTE
r-release-linux-x86_64 1.0 3.72 38.97 42.69 NOTE
r-release-windows-ix86+x86_64 1.0 7.00 79.00 86.00 NOTE
r-release-osx-x86_64 1.0 NOTE
r-oldrel-windows-ix86+x86_64 1.0 3.00 67.00 70.00 NOTE
r-oldrel-osx-x86_64 1.0 NOTE

Check Details

Version: 1.0
Check: R code for possible problems
Result: NOTE
    ppersp: no visible global function definition for ‘colorRampPalette’
    Undefined global functions or variables:
     colorRampPalette
    Consider adding
     importFrom("grDevices", "colorRampPalette")
    to your NAMESPACE file.
Flavors: r-devel-linux-x86_64-debian-clang, r-devel-linux-x86_64-debian-gcc, r-devel-linux-x86_64-fedora-clang, r-devel-linux-x86_64-fedora-gcc, r-devel-windows-ix86+x86_64, r-patched-linux-x86_64, r-patched-solaris-x86, r-release-linux-x86_64, r-release-windows-ix86+x86_64, r-release-osx-x86_64, r-oldrel-windows-ix86+x86_64, r-oldrel-osx-x86_64