CRAN Package Check Results for Package mQTL

Last updated on 2019-04-22 18:47:14 CEST.

Flavor Version Tinstall Tcheck Ttotal Status Flags
r-devel-linux-x86_64-debian-clang 1.0 5.04 39.41 44.45 NOTE
r-devel-linux-x86_64-debian-gcc 1.0 4.20 30.22 34.42 NOTE
r-devel-linux-x86_64-fedora-clang 1.0 51.79 NOTE
r-devel-linux-x86_64-fedora-gcc 1.0 48.93 NOTE
r-devel-windows-ix86+x86_64 1.0 12.00 48.00 60.00 NOTE
r-patched-linux-x86_64 1.0 4.69 39.47 44.16 NOTE
r-patched-solaris-x86 1.0 71.80 NOTE
r-release-linux-x86_64 1.0 3.25 39.44 42.69 NOTE
r-release-windows-ix86+x86_64 1.0 6.00 71.00 77.00 NOTE
r-release-osx-x86_64 1.0 NOTE
r-oldrel-windows-ix86+x86_64 1.0 3.00 68.00 71.00 NOTE
r-oldrel-osx-x86_64 1.0 NOTE

Check Details

Version: 1.0
Check: R code for possible problems
Result: NOTE
    ppersp: no visible global function definition for 'colorRampPalette'
    Undefined global functions or variables:
     colorRampPalette
    Consider adding
     importFrom("grDevices", "colorRampPalette")
    to your NAMESPACE file.
Flavors: r-devel-linux-x86_64-debian-clang, r-devel-linux-x86_64-debian-gcc, r-devel-linux-x86_64-fedora-clang, r-devel-linux-x86_64-fedora-gcc, r-devel-windows-ix86+x86_64, r-patched-linux-x86_64, r-patched-solaris-x86, r-release-linux-x86_64, r-release-windows-ix86+x86_64, r-release-osx-x86_64, r-oldrel-windows-ix86+x86_64, r-oldrel-osx-x86_64