CRAN Package Check Results for Package mRMRe

Last updated on 2017-12-11 11:54:57 CET.

Flavor Version Tinstall Tcheck Ttotal Status Flags
r-devel-linux-x86_64-debian-clang 2.0.7 6.95 69.93 76.88 OK
r-devel-linux-x86_64-debian-gcc 2.0.7 5.92 59.62 65.54 OK
r-devel-linux-x86_64-fedora-clang 2.0.7 108.31 OK
r-devel-linux-x86_64-fedora-gcc 2.0.7 102.89 OK
r-devel-windows-ix86+x86_64 2.0.7 24.00 121.00 145.00 OK
r-patched-linux-x86_64 2.0.7 6.53 80.97 87.50 OK
r-patched-solaris-x86 2.0.7 175.30 OK
r-release-linux-x86_64 2.0.7 7.24 80.30 87.54 OK
r-release-windows-ix86+x86_64 2.0.7 19.00 179.00 198.00 OK
r-release-osx-x86_64 2.0.7 OK
r-oldrel-windows-ix86+x86_64 2.0.7 25.00 145.00 170.00 WARN
r-oldrel-osx-x86_64 2.0.7 OK

Check Details

Version: 2.0.7
Check: data for ASCII and uncompressed saves
Result: WARN
    
     Note: significantly better compression could be obtained
     by using R CMD build --resave-data
     old_size new_size compress
     cgps.rda 1.5Mb 1.4Mb xz
Flavor: r-oldrel-windows-ix86+x86_64