CRAN Package Check Results for Package mRMRe

Last updated on 2015-08-04 11:49:12.

Flavor Version Tinstall Tcheck Ttotal Status Flags
r-devel-linux-x86_64-debian-clang 2.0.5 2.58 36.34 38.92 NOTE
r-devel-linux-x86_64-debian-gcc 2.0.5 2.88 36.03 38.91 NOTE
r-devel-linux-x86_64-fedora-clang 2.0.5 77.33 NOTE
r-devel-linux-x86_64-fedora-gcc 2.0.5 74.75 NOTE
r-devel-osx-x86_64-clang 2.0.5 80.74 OK
r-devel-windows-ix86+x86_64 2.0.5 19.00 90.00 109.00 NOTE
r-patched-linux-x86_64 2.0.5 2.81 37.12 39.93 OK
r-patched-solaris-sparc 2.0.5 501.80 OK
r-patched-solaris-x86 2.0.5 116.90 OK
r-release-linux-x86_64 2.0.5 2.95 36.82 39.77 OK
r-release-osx-x86_64-mavericks 2.0.5 OK
r-release-windows-ix86+x86_64 2.0.5 20.00 84.00 104.00 OK
r-oldrel-windows-ix86+x86_64 2.0.5 18.00 99.00 117.00 OK

Check Details

Version: 2.0.5
Check: R code for possible problems
Result: NOTE
    correlate: no visible global function definition for ‘complete.cases’
    correlate: no visible global function definition for ‘qnorm’
    correlate: no visible global function definition for ‘pnorm’
    show,mRMRe.Data: no visible global function definition for ‘str’
    show,mRMRe.Filter: no visible global function definition for ‘str’
    show,mRMRe.Network: no visible global function definition for ‘str’
    Undefined global functions or variables:
     complete.cases pnorm qnorm str
    Consider adding
     importFrom("stats", "complete.cases", "pnorm", "qnorm")
     importFrom("utils", "str")
    to your NAMESPACE.
Flavors: r-devel-linux-x86_64-debian-clang, r-devel-linux-x86_64-debian-gcc, r-devel-linux-x86_64-fedora-clang, r-devel-linux-x86_64-fedora-gcc, r-devel-windows-ix86+x86_64