CRAN Package Check Results for Package mRMRe

Last updated on 2015-05-29 13:49:14.

Flavor Version Tinstall Tcheck Ttotal Status Flags
r-devel-linux-x86_64-debian-clang 2.0.5 2.65 35.34 37.98 OK
r-devel-linux-x86_64-debian-gcc 2.0.5 2.83 35.38 38.22 OK
r-devel-linux-x86_64-fedora-clang 2.0.5 78.53 OK
r-devel-linux-x86_64-fedora-gcc 2.0.5 74.33 OK
r-devel-osx-x86_64-clang 2.0.5 87.10 OK
r-devel-windows-ix86+x86_64 2.0.5 15.00 81.00 96.00 OK
r-patched-linux-x86_64 2.0.5 3.06 35.05 38.12 OK
r-patched-solaris-sparc 2.0.5 537.60 OK
r-patched-solaris-x86 2.0.5 119.10 OK
r-release-linux-x86_64 2.0.5 2.95 34.95 37.90 OK
r-release-osx-x86_64-mavericks 2.0.5 OK
r-release-osx-x86_64-snowleopard 2.0.5 ERROR
r-release-windows-ix86+x86_64 2.0.5 16.00 81.00 97.00 OK
r-oldrel-windows-ix86+x86_64 2.0.5 16.00 82.00 98.00 OK

Check Details

Version: 2.0.5
Check: package dependencies
Result: ERROR
    Package required but not available: ‘igraph’
    
    See section ‘The DESCRIPTION file’ in the ‘Writing R Extensions’
    manual.
Flavor: r-release-osx-x86_64-snowleopard