CRAN Package Check Results for Package mRMRe

Last updated on 2017-01-17 19:49:54.

Flavor Version Tinstall Tcheck Ttotal Status Flags
r-devel-linux-x86_64-debian-clang 2.0.5 4.70 51.48 56.18 WARN
r-devel-linux-x86_64-debian-gcc 2.0.5 5.09 50.12 55.22 WARN
r-devel-linux-x86_64-fedora-clang 2.0.5 124.90 WARN --no-stop-on-test-error
r-devel-linux-x86_64-fedora-gcc 2.0.5 120.16 WARN --no-stop-on-test-error
r-devel-macos-x86_64-clang 2.0.5 90.17 WARN --no-stop-on-test-error
r-devel-windows-ix86+x86_64 2.0.5 33.00 115.00 148.00 WARN
r-patched-linux-x86_64 2.0.5 5.10 47.47 52.58 WARN
r-patched-solaris-sparc 2.0.5 659.80 WARN
r-patched-solaris-x86 2.0.5 152.90 WARN
r-release-linux-x86_64 2.0.5 4.39 47.63 52.02 WARN
r-release-osx-x86_64-mavericks 2.0.5 NOTE
r-release-windows-ix86+x86_64 2.0.5 17.00 162.00 179.00 WARN
r-oldrel-windows-ix86+x86_64 2.0.5 20.00 167.00 187.00 WARN

Check Details

Version: 2.0.5
Check: R code for possible problems
Result: NOTE
    correlate: no visible global function definition for ‘complete.cases’
    correlate: no visible global function definition for ‘qnorm’
    correlate: no visible global function definition for ‘pnorm’
    show,mRMRe.Data: no visible global function definition for ‘str’
    show,mRMRe.Filter: no visible global function definition for ‘str’
    show,mRMRe.Network: no visible global function definition for ‘str’
    Undefined global functions or variables:
     complete.cases pnorm qnorm str
    Consider adding
     importFrom("stats", "complete.cases", "pnorm", "qnorm")
     importFrom("utils", "str")
    to your NAMESPACE file.
Flavors: r-devel-linux-x86_64-debian-clang, r-devel-linux-x86_64-debian-gcc, r-devel-windows-ix86+x86_64, r-patched-linux-x86_64, r-patched-solaris-sparc, r-patched-solaris-x86, r-release-linux-x86_64, r-release-osx-x86_64-mavericks, r-release-windows-ix86+x86_64

Version: 2.0.5
Check: compilation flags in Makevars
Result: WARN
    Non-portable flags in variable 'PKG_CPPFLAGS':
     -g
    Non-portable flags in variable 'PKG_CFLAGS':
     -g
Flavors: r-devel-linux-x86_64-debian-clang, r-devel-linux-x86_64-debian-gcc, r-devel-windows-ix86+x86_64, r-patched-linux-x86_64, r-patched-solaris-sparc, r-patched-solaris-x86, r-release-linux-x86_64, r-release-windows-ix86+x86_64

Version: 2.0.5
Flags: --no-stop-on-test-error
Check: R code for possible problems
Result: NOTE
    correlate: no visible global function definition for ‘complete.cases’
    correlate: no visible global function definition for ‘qnorm’
    correlate: no visible global function definition for ‘pnorm’
    show,mRMRe.Data: no visible global function definition for ‘str’
    show,mRMRe.Filter: no visible global function definition for ‘str’
    show,mRMRe.Network: no visible global function definition for ‘str’
    Undefined global functions or variables:
     complete.cases pnorm qnorm str
    Consider adding
     importFrom("stats", "complete.cases", "pnorm", "qnorm")
     importFrom("utils", "str")
    to your NAMESPACE file.
Flavors: r-devel-linux-x86_64-fedora-clang, r-devel-linux-x86_64-fedora-gcc, r-devel-macos-x86_64-clang

Version: 2.0.5
Flags: --no-stop-on-test-error
Check: compilation flags in Makevars
Result: WARN
    Non-portable flags in variable 'PKG_CPPFLAGS':
     -g
    Non-portable flags in variable 'PKG_CFLAGS':
     -g
Flavors: r-devel-linux-x86_64-fedora-clang, r-devel-linux-x86_64-fedora-gcc, r-devel-macos-x86_64-clang

Version: 2.0.5
Check: data for ASCII and uncompressed saves
Result: WARN
    
     Note: significantly better compression could be obtained
     by using R CMD build --resave-data
     old_size new_size compress
     cgps.rda 1.5Mb 1.4Mb xz
Flavor: r-oldrel-windows-ix86+x86_64