CRAN Package Check Results for Package mRMRe

Last updated on 2014-09-23 17:47:49.

Flavor Version Tinstall Tcheck Ttotal Status Flags
r-devel-linux-x86_64-debian-clang 2.0.5 2.86 35.64 38.49 OK
r-devel-linux-x86_64-debian-gcc 2.0.5 3.10 35.15 38.26 OK
r-devel-linux-x86_64-fedora-clang 2.0.5 84.13 OK
r-devel-linux-x86_64-fedora-gcc 2.0.5 85.40 OK
r-devel-osx-x86_64-clang 2.0.5 87.10 OK
r-devel-windows-ix86+x86_64 2.0.5 17.00 80.00 97.00 OK
r-patched-linux-x86_64 2.0.5 3.26 36.19 39.45 OK
r-patched-solaris-sparc 2.0.5 494.80 OK
r-patched-solaris-x86 2.0.5 129.90 OK
r-release-linux-ix86 2.0.5 4.26 58.34 62.60 OK
r-release-linux-x86_64 2.0.5 3.31 38.05 41.36 OK
r-release-osx-x86_64-mavericks 2.0.5 NOTE
r-release-osx-x86_64-snowleopard 2.0.5 OK
r-release-windows-ix86+x86_64 2.0.5 15.00 82.00 97.00 OK
r-oldrel-windows-ix86+x86_64 2.0.5 15.00 90.00 105.00 OK

Check Details

Version: 2.0.5
Check: re-building of vignette outputs
Result: NOTE
    Error in re-building vignettes:
     ...
    Loading required package: survival
    Loading required package: splines
    Loading required package: igraph
    Error in texi2dvi(file = file, pdf = TRUE, clean = clean, quiet = quiet, :
     Running 'texi2dvi' on 'mRMRe.tex' failed.
    LaTeX errors:
    ! LaTeX Error: File `authblk.sty' not found.
    
    Type X to quit or <RETURN> to proceed,
    or enter new name. (Default extension: sty)
    
    est/mRMRe/vignettes/mRMRe.tex:11: ==> Fatal error occurred, no output PDF file
     produced!
    Calls: buildVignettes -> texi2pdf -> texi2dvi
    Execution halted
Flavor: r-release-osx-x86_64-mavericks