CRAN Package Check Results for Package mRMRe

Last updated on 2016-05-24 17:47:26.

Flavor Version Tinstall Tcheck Ttotal Status Flags
r-devel-linux-x86_64-debian-gcc 2.0.5 5.45 48.81 54.26 NOTE
r-devel-linux-x86_64-fedora-clang 2.0.5 120.80 NOTE
r-devel-linux-x86_64-fedora-gcc 2.0.5 99.56 NOTE
r-devel-osx-x86_64-clang 2.0.5 116.07 NOTE
r-devel-windows-ix86+x86_64 2.0.5 18.00 113.00 131.00 NOTE
r-patched-linux-x86_64 2.0.5 4.80 49.07 53.87 NOTE
r-patched-solaris-sparc 2.0.5 651.70 NOTE
r-patched-solaris-x86 2.0.5 149.70 NOTE
r-release-linux-x86_64 2.0.5 6.68 48.82 55.50 NOTE
r-release-osx-x86_64-mavericks 2.0.5 NOTE
r-release-windows-ix86+x86_64 2.0.5 18.00 113.00 131.00 NOTE
r-oldrel-windows-ix86+x86_64 2.0.5 29.00 122.00 151.00 WARN

Check Details

Version: 2.0.5
Check: R code for possible problems
Result: NOTE
    correlate: no visible global function definition for ‘complete.cases’
    correlate: no visible global function definition for ‘qnorm’
    correlate: no visible global function definition for ‘pnorm’
    show,mRMRe.Data: no visible global function definition for ‘str’
    show,mRMRe.Filter: no visible global function definition for ‘str’
    show,mRMRe.Network: no visible global function definition for ‘str’
    Undefined global functions or variables:
     complete.cases pnorm qnorm str
    Consider adding
     importFrom("stats", "complete.cases", "pnorm", "qnorm")
     importFrom("utils", "str")
    to your NAMESPACE file.
Flavors: r-devel-linux-x86_64-debian-gcc, r-devel-linux-x86_64-fedora-clang, r-devel-linux-x86_64-fedora-gcc, r-devel-osx-x86_64-clang, r-devel-windows-ix86+x86_64, r-patched-linux-x86_64, r-patched-solaris-sparc, r-patched-solaris-x86, r-release-linux-x86_64, r-release-osx-x86_64-mavericks, r-release-windows-ix86+x86_64

Version: 2.0.5
Check: data for ASCII and uncompressed saves
Result: WARN
    
     Note: significantly better compression could be obtained
     by using R CMD build --resave-data
     old_size new_size compress
     cgps.rda 1.5Mb 1.4Mb xz
Flavor: r-oldrel-windows-ix86+x86_64