CRAN Package Check Results for Package mRMRe

Last updated on 2016-08-31 15:48:04.

Flavor Version Tinstall Tcheck Ttotal Status Flags
r-devel-linux-x86_64-debian-clang 2.0.5 5.08 45.80 50.88 WARN
r-devel-linux-x86_64-debian-gcc 2.0.5 4.80 46.00 50.80 WARN
r-devel-linux-x86_64-fedora-clang 2.0.5 114.98 WARN
r-devel-linux-x86_64-fedora-gcc 2.0.5 104.32 WARN
r-devel-osx-x86_64-clang 2.0.5 86.92 WARN
r-devel-windows-ix86+x86_64 2.0.5 25.00 155.00 180.00 WARN
r-patched-linux-x86_64 2.0.5 5.05 49.62 54.67 WARN
r-patched-solaris-sparc 2.0.5 655.90 WARN
r-patched-solaris-x86 2.0.5 133.90 WARN
r-release-linux-x86_64 2.0.5 4.78 45.57 50.34 NOTE
r-release-osx-x86_64-mavericks 2.0.5 NOTE
r-release-windows-ix86+x86_64 2.0.5 24.00 159.00 183.00 NOTE
r-oldrel-windows-ix86+x86_64 2.0.5 32.00 172.00 204.00 WARN

Check Details

Version: 2.0.5
Check: R code for possible problems
Result: NOTE
    correlate: no visible global function definition for ‘complete.cases’
    correlate: no visible global function definition for ‘qnorm’
    correlate: no visible global function definition for ‘pnorm’
    show,mRMRe.Data: no visible global function definition for ‘str’
    show,mRMRe.Filter: no visible global function definition for ‘str’
    show,mRMRe.Network: no visible global function definition for ‘str’
    Undefined global functions or variables:
     complete.cases pnorm qnorm str
    Consider adding
     importFrom("stats", "complete.cases", "pnorm", "qnorm")
     importFrom("utils", "str")
    to your NAMESPACE file.
Flavors: r-devel-linux-x86_64-debian-clang, r-devel-linux-x86_64-debian-gcc, r-devel-linux-x86_64-fedora-clang, r-devel-linux-x86_64-fedora-gcc, r-devel-osx-x86_64-clang, r-devel-windows-ix86+x86_64, r-patched-linux-x86_64, r-patched-solaris-sparc, r-patched-solaris-x86, r-release-linux-x86_64, r-release-osx-x86_64-mavericks, r-release-windows-ix86+x86_64

Version: 2.0.5
Check: compilation flags in Makevars
Result: WARN
    Non-portable flags in variable 'PKG_CPPFLAGS':
     -g
    Non-portable flags in variable 'PKG_CFLAGS':
     -g
Flavors: r-devel-linux-x86_64-debian-clang, r-devel-linux-x86_64-debian-gcc, r-devel-linux-x86_64-fedora-clang, r-devel-linux-x86_64-fedora-gcc, r-devel-osx-x86_64-clang, r-devel-windows-ix86+x86_64, r-patched-linux-x86_64, r-patched-solaris-sparc, r-patched-solaris-x86

Version: 2.0.5
Check: data for ASCII and uncompressed saves
Result: WARN
    
     Note: significantly better compression could be obtained
     by using R CMD build --resave-data
     old_size new_size compress
     cgps.rda 1.5Mb 1.4Mb xz
Flavor: r-oldrel-windows-ix86+x86_64