CRAN Package Check Results for Package mRMRe

Last updated on 2016-07-30 06:47:45.

Flavor Version Tinstall Tcheck Ttotal Status Flags
r-devel-linux-x86_64-debian-clang 2.0.5 5.49 50.04 55.53 NOTE
r-devel-linux-x86_64-debian-gcc 2.0.5 5.32 48.95 54.26 NOTE
r-devel-linux-x86_64-fedora-clang 2.0.5 110.88 NOTE
r-devel-linux-x86_64-fedora-gcc 2.0.5 102.33 NOTE
r-devel-osx-x86_64-clang 2.0.5 86.74 NOTE
r-devel-windows-ix86+x86_64 2.0.5 17.00 118.00 135.00 NOTE
r-patched-linux-x86_64 2.0.5 6.06 54.76 60.82 NOTE
r-patched-solaris-sparc 2.0.5 653.10 NOTE
r-patched-solaris-x86 2.0.5 150.80 NOTE
r-release-linux-x86_64 2.0.5 5.88 56.16 62.03 NOTE
r-release-osx-x86_64-mavericks 2.0.5 NOTE
r-release-windows-ix86+x86_64 2.0.5 26.00 159.00 185.00 NOTE
r-oldrel-windows-ix86+x86_64 2.0.5 29.00 130.00 159.00 WARN

Check Details

Version: 2.0.5
Check: R code for possible problems
Result: NOTE
    correlate: no visible global function definition for ‘complete.cases’
    correlate: no visible global function definition for ‘qnorm’
    correlate: no visible global function definition for ‘pnorm’
    show,mRMRe.Data: no visible global function definition for ‘str’
    show,mRMRe.Filter: no visible global function definition for ‘str’
    show,mRMRe.Network: no visible global function definition for ‘str’
    Undefined global functions or variables:
     complete.cases pnorm qnorm str
    Consider adding
     importFrom("stats", "complete.cases", "pnorm", "qnorm")
     importFrom("utils", "str")
    to your NAMESPACE file.
Flavors: r-devel-linux-x86_64-debian-clang, r-devel-linux-x86_64-debian-gcc, r-devel-linux-x86_64-fedora-clang, r-devel-linux-x86_64-fedora-gcc, r-devel-osx-x86_64-clang, r-devel-windows-ix86+x86_64, r-patched-linux-x86_64, r-patched-solaris-sparc, r-patched-solaris-x86, r-release-linux-x86_64, r-release-osx-x86_64-mavericks, r-release-windows-ix86+x86_64

Version: 2.0.5
Check: data for ASCII and uncompressed saves
Result: WARN
    
     Note: significantly better compression could be obtained
     by using R CMD build --resave-data
     old_size new_size compress
     cgps.rda 1.5Mb 1.4Mb xz
Flavor: r-oldrel-windows-ix86+x86_64