CRAN Package Check Results for Package mRMRe

Last updated on 2014-12-21 03:48:20.

Flavor Version Tinstall Tcheck Ttotal Status Flags
r-devel-linux-x86_64-debian-clang 2.0.5 2.84 36.23 39.07 OK
r-devel-linux-x86_64-debian-gcc 2.0.5 2.98 37.50 40.47 OK
r-devel-linux-x86_64-fedora-clang 2.0.5 87.18 OK
r-devel-linux-x86_64-fedora-gcc 2.0.5 85.21 OK
r-devel-osx-x86_64-clang 2.0.5 90.03 OK
r-devel-windows-ix86+x86_64 2.0.5 16.00 81.00 97.00 OK
r-patched-linux-x86_64 2.0.5 3.14 37.34 40.47 OK
r-patched-solaris-sparc 2.0.5 494.80 OK
r-patched-solaris-x86 2.0.5 126.90 OK
r-release-linux-ix86 2.0.5 4.04 56.12 60.15 OK
r-release-linux-x86_64 2.0.5 3.18 37.20 40.38 OK
r-release-osx-x86_64-mavericks 2.0.5 NOTE
r-release-osx-x86_64-snowleopard 2.0.5 OK
r-release-windows-ix86+x86_64 2.0.5 16.00 87.00 103.00 OK
r-oldrel-windows-ix86+x86_64 2.0.5 15.00 96.00 111.00 OK

Check Details

Version: 2.0.5
Check: re-building of vignette outputs
Result: NOTE
    Error in re-building vignettes:
     ...
    Loading required package: survival
    Loading required package: splines
    Loading required package: igraph
    Error in texi2dvi(file = file, pdf = TRUE, clean = clean, quiet = quiet, :
     Running 'texi2dvi' on 'mRMRe.tex' failed.
    LaTeX errors:
    ! LaTeX Error: File `authblk.sty' not found.
    
    Type X to quit or <RETURN> to proceed,
    or enter new name. (Default extension: sty)
    
    est/mRMRe/vignettes/mRMRe.tex:11: ==> Fatal error occurred, no output PDF file
     produced!
    Calls: buildVignettes -> texi2pdf -> texi2dvi
    Execution halted
Flavor: r-release-osx-x86_64-mavericks