CRAN Package Check Results for Package mRMRe

Last updated on 2018-02-18 06:46:30 CET.

Flavor Version Tinstall Tcheck Ttotal Status Flags
r-devel-linux-x86_64-debian-clang 2.0.7 8.64 80.52 89.16 OK
r-devel-linux-x86_64-debian-gcc 2.0.7 7.00 61.87 68.87 OK
r-devel-linux-x86_64-fedora-clang 2.0.7 110.08 OK
r-devel-linux-x86_64-fedora-gcc 2.0.7 103.60 OK
r-devel-windows-ix86+x86_64 2.0.7 24.00 114.00 138.00 OK
r-patched-linux-x86_64 2.0.7 6.94 79.47 86.41 OK
r-patched-solaris-x86 2.0.7 170.10 OK
r-release-linux-x86_64 2.0.7 7.07 78.77 85.84 OK
r-release-windows-ix86+x86_64 2.0.7 27.00 159.00 186.00 OK
r-release-osx-x86_64 2.0.7 OK
r-oldrel-windows-ix86+x86_64 2.0.7 20.00 140.00 160.00 WARN
r-oldrel-osx-x86_64 2.0.7 OK

Check Details

Version: 2.0.7
Check: data for ASCII and uncompressed saves
Result: WARN
    
     Note: significantly better compression could be obtained
     by using R CMD build --resave-data
     old_size new_size compress
     cgps.rda 1.5Mb 1.4Mb xz
Flavor: r-oldrel-windows-ix86+x86_64