CRAN Package Check Results for Package mRMRe

Last updated on 2018-04-25 15:48:18 CEST.

Flavor Version Tinstall Tcheck Ttotal Status Flags
r-devel-linux-x86_64-debian-clang 2.0.7 8.54 82.32 90.86 OK
r-devel-linux-x86_64-debian-gcc 2.0.7 7.35 61.67 69.02 OK
r-devel-linux-x86_64-fedora-clang 2.0.7 110.16 OK
r-devel-linux-x86_64-fedora-gcc 2.0.7 103.38 OK
r-devel-windows-ix86+x86_64 2.0.7 26.00 123.00 149.00 OK
r-patched-linux-x86_64 2.0.7 8.36 75.81 84.17 OK
r-patched-solaris-x86 2.0.7 169.50 OK
r-release-linux-x86_64 2.0.7 8.86 76.39 85.25 OK
r-release-windows-ix86+x86_64 2.0.7 26.00 123.00 149.00 OK
r-release-osx-x86_64 2.0.7 OK
r-oldrel-windows-ix86+x86_64 2.0.7 19.00 165.00 184.00 WARN
r-oldrel-osx-x86_64 2.0.7 OK

Check Details

Version: 2.0.7
Check: data for ASCII and uncompressed saves
Result: WARN
    
     Note: significantly better compression could be obtained
     by using R CMD build --resave-data
     old_size new_size compress
     cgps.rda 1.5Mb 1.4Mb xz
Flavor: r-oldrel-windows-ix86+x86_64