CRAN Package Check Results for Package mRMRe

Last updated on 2016-02-13 09:47:04.

Flavor Version Tinstall Tcheck Ttotal Status Flags
r-devel-linux-x86_64-debian-gcc 2.0.5 2.80 26.77 29.57 NOTE
r-devel-linux-x86_64-fedora-clang 2.0.5 65.16 NOTE
r-devel-linux-x86_64-fedora-gcc 2.0.5 55.08 NOTE
r-devel-osx-x86_64-clang 2.0.5 68.52 NOTE
r-devel-windows-ix86+x86_64 2.0.5 24.00 89.00 113.00 NOTE
r-patched-linux-x86_64 2.0.5 3.13 30.95 34.08 OK
r-patched-solaris-sparc 2.0.5 407.70 OK
r-patched-solaris-x86 2.0.5 94.00 OK
r-release-linux-x86_64 2.0.5 2.97 30.71 33.68 OK
r-release-osx-x86_64-mavericks 2.0.5 OK
r-release-windows-ix86+x86_64 2.0.5 23.00 67.00 90.00 WARN
r-oldrel-windows-ix86+x86_64 2.0.5 22.00 87.00 109.00 OK

Check Details

Version: 2.0.5
Check: R code for possible problems
Result: NOTE
    correlate: no visible global function definition for ‘complete.cases’
    correlate: no visible global function definition for ‘qnorm’
    correlate: no visible global function definition for ‘pnorm’
    show,mRMRe.Data: no visible global function definition for ‘str’
    show,mRMRe.Filter: no visible global function definition for ‘str’
    show,mRMRe.Network: no visible global function definition for ‘str’
    Undefined global functions or variables:
     complete.cases pnorm qnorm str
    Consider adding
     importFrom("stats", "complete.cases", "pnorm", "qnorm")
     importFrom("utils", "str")
    to your NAMESPACE file.
Flavors: r-devel-linux-x86_64-debian-gcc, r-devel-linux-x86_64-fedora-clang, r-devel-linux-x86_64-fedora-gcc, r-devel-osx-x86_64-clang, r-devel-windows-ix86+x86_64

Version: 2.0.5
Check: data for ASCII and uncompressed saves
Result: WARN
    
     Note: significantly better compression could be obtained
     by using R CMD build --resave-data
     old_size new_size compress
     cgps.rda 1.5Mb 1.4Mb xz
Flavor: r-release-windows-ix86+x86_64