CRAN Package Check Results for Package mRMRe

Last updated on 2014-04-24 09:49:05.

Flavor Version Tinstall Tcheck Ttotal Status Flags
r-devel-linux-x86_64-debian-clang 2.0.4 2.69 36.74 39.44 NOTE
r-devel-linux-x86_64-debian-gcc 2.0.4 3.01 36.12 39.14 NOTE
r-devel-linux-x86_64-fedora-clang 2.0.4 83.07 NOTE
r-devel-linux-x86_64-fedora-gcc 2.0.4 83.46 NOTE
r-devel-osx-x86_64-clang 2.0.4 79.36 NOTE
r-devel-osx-x86_64-gcc 2.0.4 ERROR
r-devel-windows-ix86+x86_64 2.0.4 14.00 79.00 93.00 NOTE
r-patched-linux-x86_64 2.0.4 3.07 37.87 40.94 NOTE
r-patched-solaris-sparc 2.0.4 502.10 NOTE
r-patched-solaris-x86 2.0.4 126.50 NOTE
r-release-linux-ix86 2.0.4 5.00 73.00 78.00 NOTE
r-release-linux-x86_64 2.0.4 3.06 38.15 41.21 NOTE
r-release-osx-x86_64-mavericks 2.0.4 WARN
r-release-osx-x86_64-snowleopard 2.0.4 NOTE
r-release-windows-ix86+x86_64 2.0.4 15.00 80.00 95.00 NOTE
r-oldrel-windows-ix86+x86_64 2.0.4 16.00 84.00 100.00 NOTE

Check Details

Version: 2.0.4
Check: dependencies in R code
Result: NOTE
    Packages in Depends field not imported from:
     ‘igraph’ ‘methods’ ‘survival’
     These packages need to be imported from (in the NAMESPACE file)
     for when this namespace is loaded but not attached.
    See the information on DESCRIPTION files in the chapter ‘Creating R
    packages’ of the ‘Writing R Extensions’ manual.
Flavors: r-devel-linux-x86_64-debian-clang, r-devel-linux-x86_64-debian-gcc, r-devel-linux-x86_64-fedora-clang, r-devel-linux-x86_64-fedora-gcc, r-devel-osx-x86_64-clang, r-devel-windows-ix86+x86_64, r-patched-linux-x86_64, r-patched-solaris-sparc, r-patched-solaris-x86, r-release-linux-ix86, r-release-linux-x86_64, r-release-osx-x86_64-mavericks, r-release-windows-ix86+x86_64, r-oldrel-windows-ix86+x86_64

Version: 2.0.4
Check: package dependencies
Result: ERROR
    Package required but not available: ‘igraph’
    
    See the information on DESCRIPTION files in the chapter ‘Creating R
    packages’ of the ‘Writing R Extensions’ manual.
Flavor: r-devel-osx-x86_64-gcc

Version: 2.0.4
Check: re-building of vignette outputs
Result: NOTE
    Error in re-building vignettes:
     ...
    Loading required package: survival
    Loading required package: splines
    Loading required package: igraph
    Error in texi2dvi(file = file, pdf = TRUE, clean = clean, quiet = quiet, :
     Running 'texi2dvi' on 'mRMRe.tex' failed.
    LaTeX errors:
    ! LaTeX Error: File `authblk.sty' not found.
    
    Type X to quit or <RETURN> to proceed,
    or enter new name. (Default extension: sty)
    
    est/mRMRe/vignettes/mRMRe.tex:11: ==> Fatal error occurred, no output PDF file
     produced!
    Calls: buildVignettes -> texi2pdf -> texi2dvi
    Execution halted
Flavor: r-release-osx-x86_64-mavericks

Version: 2.0.4
Check: PDF version of manual
Result: WARNING
    LaTeX errors when creating PDF version.
    This typically indicates Rd problems.
    LaTeX errors found:
    ! LaTeX Error: File `upquote.sty' not found.
    
    Type X to quit or <RETURN> to proceed,
    or enter new name. (Default extension: sty)
    
    7f2c42d7/Rd2.tex:8: ==> Fatal error occurred, no output PDF file produced!
Flavor: r-release-osx-x86_64-mavericks

Version: 2.0.4
Check: re-building of vignette outputs
Result: NOTE
    Error in re-building vignettes:
     ...
    Loading required package: survival
    Loading required package: splines
    Loading required package: igraph
    Error in texi2dvi(file = file, pdf = TRUE, clean = clean, quiet = quiet, :
     Running 'texi2dvi' on 'mRMRe.tex' failed.
    LaTeX errors:
    ! LaTeX Error: File `authblk.sty' not found.
    
    Type X to quit or <RETURN> to proceed,
    or enter new name. (Default extension: sty)
    
    mRMRe.Rcheck/vign_test/mRMRe/vignettes/mRMRe.tex:11: ==> Fatal error occurred,
     no output PDF file produced!
    Calls: buildVignettes -> texi2pdf -> texi2dvi
    Execution halted
Flavor: r-release-osx-x86_64-snowleopard