CRAN Package Check Results for Package mRMRe

Last updated on 2014-08-20 17:47:46.

Flavor Version Tinstall Tcheck Ttotal Status Flags
r-devel-linux-x86_64-debian-clang 2.0.4 2.51 35.41 37.92 NOTE
r-devel-linux-x86_64-debian-gcc 2.0.5 3.13 34.71 37.84 OK
r-devel-linux-x86_64-fedora-clang 2.0.5 89.42 OK
r-devel-linux-x86_64-fedora-gcc 2.0.5 46.61 OK
r-devel-osx-x86_64-clang 2.0.5 66.54 OK
r-devel-windows-ix86+x86_64 2.0.4 15.00 78.00 93.00 NOTE
r-patched-linux-x86_64 2.0.4 3.27 34.44 37.70 NOTE
r-patched-solaris-sparc 2.0.5 494.80 OK
r-patched-solaris-x86 2.0.5 107.30 OK
r-release-linux-ix86 2.0.4 4.18 54.32 58.50 NOTE
r-release-linux-x86_64 2.0.5 3.11 35.56 38.66 OK
r-release-osx-x86_64-mavericks 2.0.5 NOTE
r-release-osx-x86_64-snowleopard 2.0.4 NOTE
r-release-windows-ix86+x86_64 2.0.5 17.00 80.00 97.00 OK
r-oldrel-windows-ix86+x86_64 2.0.5 16.00 84.00 100.00 OK

Check Details

Version: 2.0.4
Check: dependencies in R code
Result: NOTE
    Packages in Depends field not imported from:
     ‘igraph’ ‘methods’ ‘survival’
     These packages need to be imported from (in the NAMESPACE file)
     for when this namespace is loaded but not attached.
    See the information on DESCRIPTION files in the chapter ‘Creating R
    packages’ of the ‘Writing R Extensions’ manual.
Flavors: r-devel-linux-x86_64-debian-clang, r-devel-windows-ix86+x86_64, r-patched-linux-x86_64, r-release-linux-ix86

Version: 2.0.5
Check: re-building of vignette outputs
Result: NOTE
    Error in re-building vignettes:
     ...
    Loading required package: survival
    Loading required package: splines
    Loading required package: igraph
    Error in texi2dvi(file = file, pdf = TRUE, clean = clean, quiet = quiet, :
     Running 'texi2dvi' on 'mRMRe.tex' failed.
    LaTeX errors:
    ! LaTeX Error: File `authblk.sty' not found.
    
    Type X to quit or <RETURN> to proceed,
    or enter new name. (Default extension: sty)
    
    est/mRMRe/vignettes/mRMRe.tex:11: ==> Fatal error occurred, no output PDF file
     produced!
    Calls: buildVignettes -> texi2pdf -> texi2dvi
    Execution halted
Flavor: r-release-osx-x86_64-mavericks

Version: 2.0.4
Check: re-building of vignette outputs
Result: NOTE
    Error in re-building vignettes:
     ...
    Loading required package: survival
    Loading required package: splines
    Loading required package: igraph
    Error in texi2dvi(file = file, pdf = TRUE, clean = clean, quiet = quiet, :
     Running 'texi2dvi' on 'mRMRe.tex' failed.
    LaTeX errors:
    ! LaTeX Error: File `authblk.sty' not found.
    
    Type X to quit or <RETURN> to proceed,
    or enter new name. (Default extension: sty)
    
    mRMRe.Rcheck/vign_test/mRMRe/vignettes/mRMRe.tex:11: ==> Fatal error occurred,
     no output PDF file produced!
    Calls: buildVignettes -> texi2pdf -> texi2dvi
    Execution halted
Flavor: r-release-osx-x86_64-snowleopard