CRAN Package Check Results for Package mRMRe

Last updated on 2015-07-05 14:46:40.

Flavor Version Tinstall Tcheck Ttotal Status Flags
r-devel-linux-x86_64-debian-clang 2.0.5 2.60 37.17 39.77 NOTE
r-devel-linux-x86_64-debian-gcc 2.0.5 2.84 36.11 38.94 NOTE
r-devel-linux-x86_64-fedora-clang 2.0.5 77.74 NOTE
r-devel-linux-x86_64-fedora-gcc 2.0.5 75.53 NOTE
r-devel-osx-x86_64-clang 2.0.5 80.65 OK
r-devel-windows-ix86+x86_64 2.0.5 17.00 114.00 131.00 NOTE
r-patched-linux-x86_64 2.0.5 2.86 35.63 38.48 OK
r-patched-solaris-sparc 2.0.5 537.60 OK
r-patched-solaris-x86 2.0.5 118.10 OK
r-release-linux-x86_64 2.0.5 2.85 36.52 39.37 OK
r-release-osx-x86_64-mavericks 2.0.5 OK
r-release-windows-ix86+x86_64 2.0.5 22.00 82.00 104.00 OK
r-oldrel-windows-ix86+x86_64 2.0.5 24.00 125.00 149.00 OK

Check Details

Version: 2.0.5
Check: R code for possible problems
Result: NOTE
    correlate: no visible global function definition for ‘complete.cases’
    correlate: no visible global function definition for ‘qnorm’
    correlate: no visible global function definition for ‘pnorm’
    show,mRMRe.Data: no visible global function definition for ‘str’
    show,mRMRe.Filter: no visible global function definition for ‘str’
    show,mRMRe.Network: no visible global function definition for ‘str’
    Undefined global functions or variables:
     complete.cases pnorm qnorm str
Flavors: r-devel-linux-x86_64-debian-clang, r-devel-linux-x86_64-debian-gcc, r-devel-linux-x86_64-fedora-clang, r-devel-linux-x86_64-fedora-gcc, r-devel-windows-ix86+x86_64