CRAN Package Check Results for Package mRMRe

Last updated on 2015-04-27 10:48:51.

Flavor Version Tinstall Tcheck Ttotal Status Flags
r-devel-linux-x86_64-debian-clang 2.0.5 2.74 36.14 38.88 OK
r-devel-linux-x86_64-debian-gcc 2.0.5 2.91 35.11 38.02 OK
r-devel-linux-x86_64-fedora-clang 2.0.5 77.57 OK
r-devel-linux-x86_64-fedora-gcc 2.0.5 75.91 OK
r-devel-osx-x86_64-clang 2.0.5 86.77 OK
r-devel-windows-ix86+x86_64 2.0.5 15.00 126.00 141.00 OK
r-patched-linux-x86_64 2.0.5 2.88 35.36 38.24 OK
r-patched-solaris-sparc 2.0.5 448.60 OK
r-patched-solaris-x86 2.0.5 123.50 OK
r-release-linux-x86_64 2.0.5 2.82 35.82 38.64 OK
r-release-osx-x86_64-mavericks 2.0.5 OK
r-release-osx-x86_64-snowleopard 2.0.5 ERROR
r-release-windows-ix86+x86_64 2.0.5 21.00 104.00 125.00 OK
r-oldrel-windows-ix86+x86_64 2.0.5 13.00 101.00 114.00 OK

Check Details

Version: 2.0.5
Check: package dependencies
Result: ERROR
    Package required but not available: ‘igraph’
    
    See section ‘The DESCRIPTION file’ in the ‘Writing R Extensions’
    manual.
Flavor: r-release-osx-x86_64-snowleopard