CRAN Package Check Results for Package mRMRe

Last updated on 2014-11-25 20:48:00.

Flavor Version Tinstall Tcheck Ttotal Status Flags
r-devel-linux-x86_64-debian-clang 2.0.5 2.76 38.08 40.84 OK
r-devel-linux-x86_64-debian-gcc 2.0.5 2.97 35.83 38.80 OK
r-devel-linux-x86_64-fedora-clang 2.0.5 90.76 OK
r-devel-linux-x86_64-fedora-gcc 2.0.5 85.59 OK
r-devel-osx-x86_64-clang 2.0.5 90.96 OK
r-devel-windows-ix86+x86_64 2.0.5 14.00 83.00 97.00 OK
r-patched-linux-x86_64 2.0.5 3.17 35.98 39.15 OK
r-patched-solaris-sparc 2.0.5 494.80 OK
r-patched-solaris-x86 2.0.5 130.60 OK
r-release-linux-ix86 2.0.5 4.01 56.43 60.44 OK
r-release-linux-x86_64 2.0.5 3.07 38.32 41.39 OK
r-release-osx-x86_64-mavericks 2.0.5 NOTE
r-release-osx-x86_64-snowleopard 2.0.5 OK
r-release-windows-ix86+x86_64 2.0.5 15.00 80.00 95.00 OK
r-oldrel-windows-ix86+x86_64 2.0.5 14.00 88.00 102.00 OK

Check Details

Version: 2.0.5
Check: re-building of vignette outputs
Result: NOTE
    Error in re-building vignettes:
     ...
    Loading required package: survival
    Loading required package: splines
    Loading required package: igraph
    Error in texi2dvi(file = file, pdf = TRUE, clean = clean, quiet = quiet, :
     Running 'texi2dvi' on 'mRMRe.tex' failed.
    LaTeX errors:
    ! LaTeX Error: File `authblk.sty' not found.
    
    Type X to quit or <RETURN> to proceed,
    or enter new name. (Default extension: sty)
    
    est/mRMRe/vignettes/mRMRe.tex:11: ==> Fatal error occurred, no output PDF file
     produced!
    Calls: buildVignettes -> texi2pdf -> texi2dvi
    Execution halted
Flavor: r-release-osx-x86_64-mavericks