CRAN Package Check Results for Package mRMRe

Last updated on 2016-12-06 06:47:56.

Flavor Version Tinstall Tcheck Ttotal Status Flags
r-devel-linux-x86_64-debian-clang 2.0.5 4.87 51.37 56.24 WARN
r-devel-linux-x86_64-debian-gcc 2.0.5 5.29 49.82 55.11 WARN
r-devel-linux-x86_64-fedora-clang 2.0.5 129.39 WARN --no-stop-on-test-error
r-devel-linux-x86_64-fedora-gcc 2.0.5 119.87 WARN --no-stop-on-test-error
r-devel-macos-x86_64-clang 2.0.5 92.49 WARN
r-devel-windows-ix86+x86_64 2.0.5 20.00 113.00 133.00 WARN
r-patched-linux-x86_64 2.0.5 4.55 46.08 50.63 WARN
r-patched-solaris-sparc 2.0.5 723.80 WARN
r-patched-solaris-x86 2.0.5 149.70 WARN
r-release-linux-x86_64 2.0.5 4.33 46.54 50.87 WARN
r-release-osx-x86_64-mavericks 2.0.5 NOTE
r-release-windows-ix86+x86_64 2.0.5 26.00 145.00 171.00 WARN
r-oldrel-windows-ix86+x86_64 2.0.5 25.00 120.00 145.00 WARN

Check Details

Version: 2.0.5
Check: R code for possible problems
Result: NOTE
    correlate: no visible global function definition for ‘complete.cases’
    correlate: no visible global function definition for ‘qnorm’
    correlate: no visible global function definition for ‘pnorm’
    show,mRMRe.Data: no visible global function definition for ‘str’
    show,mRMRe.Filter: no visible global function definition for ‘str’
    show,mRMRe.Network: no visible global function definition for ‘str’
    Undefined global functions or variables:
     complete.cases pnorm qnorm str
    Consider adding
     importFrom("stats", "complete.cases", "pnorm", "qnorm")
     importFrom("utils", "str")
    to your NAMESPACE file.
Flavors: r-devel-linux-x86_64-debian-clang, r-devel-linux-x86_64-debian-gcc, r-devel-macos-x86_64-clang, r-devel-windows-ix86+x86_64, r-patched-linux-x86_64, r-patched-solaris-sparc, r-patched-solaris-x86, r-release-linux-x86_64, r-release-osx-x86_64-mavericks, r-release-windows-ix86+x86_64

Version: 2.0.5
Check: compilation flags in Makevars
Result: WARN
    Non-portable flags in variable 'PKG_CPPFLAGS':
     -g
    Non-portable flags in variable 'PKG_CFLAGS':
     -g
Flavors: r-devel-linux-x86_64-debian-clang, r-devel-linux-x86_64-debian-gcc, r-devel-macos-x86_64-clang, r-devel-windows-ix86+x86_64, r-patched-linux-x86_64, r-patched-solaris-sparc, r-patched-solaris-x86, r-release-linux-x86_64, r-release-windows-ix86+x86_64

Version: 2.0.5
Flags: --no-stop-on-test-error
Check: R code for possible problems
Result: NOTE
    correlate: no visible global function definition for ‘complete.cases’
    correlate: no visible global function definition for ‘qnorm’
    correlate: no visible global function definition for ‘pnorm’
    show,mRMRe.Data: no visible global function definition for ‘str’
    show,mRMRe.Filter: no visible global function definition for ‘str’
    show,mRMRe.Network: no visible global function definition for ‘str’
    Undefined global functions or variables:
     complete.cases pnorm qnorm str
    Consider adding
     importFrom("stats", "complete.cases", "pnorm", "qnorm")
     importFrom("utils", "str")
    to your NAMESPACE file.
Flavors: r-devel-linux-x86_64-fedora-clang, r-devel-linux-x86_64-fedora-gcc

Version: 2.0.5
Flags: --no-stop-on-test-error
Check: compilation flags in Makevars
Result: WARN
    Non-portable flags in variable 'PKG_CPPFLAGS':
     -g
    Non-portable flags in variable 'PKG_CFLAGS':
     -g
Flavors: r-devel-linux-x86_64-fedora-clang, r-devel-linux-x86_64-fedora-gcc

Version: 2.0.5
Check: data for ASCII and uncompressed saves
Result: WARN
    
     Note: significantly better compression could be obtained
     by using R CMD build --resave-data
     old_size new_size compress
     cgps.rda 1.5Mb 1.4Mb xz
Flavor: r-oldrel-windows-ix86+x86_64