CRAN Package Check Results for Package mRm

Last updated on 2016-12-05 02:47:04.

Flavor Version Tinstall Tcheck Ttotal Status Flags
r-devel-linux-x86_64-debian-clang 1.1.5 7.03 11.04 18.07 NOTE
r-devel-linux-x86_64-debian-gcc 1.1.5 6.52 10.99 17.51 NOTE
r-devel-linux-x86_64-fedora-clang 1.1.5 35.70 NOTE --no-stop-on-test-error
r-devel-linux-x86_64-fedora-gcc 1.1.5 30.67 NOTE --no-stop-on-test-error
r-devel-macos-x86_64-clang 1.1.5 28.29 NOTE
r-devel-windows-ix86+x86_64 1.1.5 35.00 33.00 68.00 NOTE
r-patched-linux-x86_64 1.1.5 5.95 9.84 15.79 NOTE
r-patched-solaris-sparc 1.1.5 163.50 NOTE
r-patched-solaris-x86 1.1.5 33.50 NOTE
r-release-linux-x86_64 1.1.5 5.95 9.49 15.44 NOTE
r-release-osx-x86_64-mavericks 1.1.5 NOTE
r-release-windows-ix86+x86_64 1.1.5 24.00 29.00 53.00 NOTE
r-oldrel-windows-ix86+x86_64 1.1.5 24.00 40.00 64.00 NOTE

Check Details

Version: 1.1.5
Check: DESCRIPTION meta-information
Result: NOTE
    Malformed Title field: should not end in a period.
Flavors: r-devel-linux-x86_64-debian-clang, r-devel-linux-x86_64-debian-gcc, r-devel-macos-x86_64-clang, r-devel-windows-ix86+x86_64, r-patched-linux-x86_64, r-patched-solaris-sparc, r-patched-solaris-x86, r-release-linux-x86_64, r-release-osx-x86_64-mavericks, r-release-windows-ix86+x86_64, r-oldrel-windows-ix86+x86_64

Version: 1.1.5
Check: R code for possible problems
Result: NOTE
    mrm: no visible global function definition for ‘na.omit’
    plot.mrm: no visible global function definition for ‘par’
    plot.mrm: no visible global function definition for ‘matplot’
    plot.mrm: no visible global function definition for ‘abline’
    plot.mrm: no visible global function definition for ‘legend’
    resp.patterns: no visible global function definition for ‘na.omit’
    sim.mrm: no visible global function definition for ‘rmultinom’
    sim.mrm: no visible global function definition for ‘rnorm’
    sim.mrm: no visible global function definition for ‘runif’
    starting.values: no visible global function definition for ‘runif’
    Undefined global functions or variables:
     abline legend matplot na.omit par rmultinom rnorm runif
    Consider adding
     importFrom("graphics", "abline", "legend", "matplot", "par")
     importFrom("stats", "na.omit", "rmultinom", "rnorm", "runif")
    to your NAMESPACE file.
Flavors: r-devel-linux-x86_64-debian-clang, r-devel-linux-x86_64-debian-gcc, r-devel-macos-x86_64-clang, r-devel-windows-ix86+x86_64, r-patched-linux-x86_64, r-patched-solaris-sparc, r-patched-solaris-x86, r-release-linux-x86_64, r-release-osx-x86_64-mavericks, r-release-windows-ix86+x86_64

Version: 1.1.5
Flags: --no-stop-on-test-error
Check: DESCRIPTION meta-information
Result: NOTE
    Malformed Title field: should not end in a period.
Flavors: r-devel-linux-x86_64-fedora-clang, r-devel-linux-x86_64-fedora-gcc

Version: 1.1.5
Flags: --no-stop-on-test-error
Check: R code for possible problems
Result: NOTE
    mrm: no visible global function definition for ‘na.omit’
    plot.mrm: no visible global function definition for ‘par’
    plot.mrm: no visible global function definition for ‘matplot’
    plot.mrm: no visible global function definition for ‘abline’
    plot.mrm: no visible global function definition for ‘legend’
    resp.patterns: no visible global function definition for ‘na.omit’
    sim.mrm: no visible global function definition for ‘rmultinom’
    sim.mrm: no visible global function definition for ‘rnorm’
    sim.mrm: no visible global function definition for ‘runif’
    starting.values: no visible global function definition for ‘runif’
    Undefined global functions or variables:
     abline legend matplot na.omit par rmultinom rnorm runif
    Consider adding
     importFrom("graphics", "abline", "legend", "matplot", "par")
     importFrom("stats", "na.omit", "rmultinom", "rnorm", "runif")
    to your NAMESPACE file.
Flavors: r-devel-linux-x86_64-fedora-clang, r-devel-linux-x86_64-fedora-gcc