CRAN Package Check Results for Package mRm

Last updated on 2015-03-30 03:49:17.

Flavor Version Tinstall Tcheck Ttotal Status Flags
r-devel-linux-x86_64-debian-clang 1.1.5 5.82 9.54 15.36 NOTE
r-devel-linux-x86_64-debian-gcc 1.1.5 6.05 9.29 15.34 NOTE
r-devel-linux-x86_64-fedora-clang 1.1.5 33.54 NOTE
r-devel-linux-x86_64-fedora-gcc 1.1.5 30.64 NOTE
r-devel-osx-x86_64-clang 1.1.5 34.96 NOTE
r-prerel-windows-ix86+x86_64 1.1.5 33.00 31.00 64.00 NOTE
r-prerel-linux-x86_64 1.1.5 6.18 9.25 15.43 NOTE
r-prerel-solaris-sparc 1.1.5 219.60 NOTE
r-prerel-solaris-x86 1.1.5 42.30 NOTE
r-release-linux-x86_64 1.1.5 6.25 10.54 16.80 OK
r-release-osx-x86_64-mavericks 1.1.5 OK
r-release-osx-x86_64-snowleopard 1.1.5 OK
r-release-windows-ix86+x86_64 1.1.5 31.00 34.00 65.00 OK
r-oldrel-windows-ix86+x86_64 1.1.5 23.00 36.00 59.00 OK

Check Details

Version: 1.1.5
Check: DESCRIPTION meta-information
Result: NOTE
    Malformed Title field: should not end in a period.
Flavors: r-devel-linux-x86_64-debian-clang, r-devel-linux-x86_64-debian-gcc, r-devel-linux-x86_64-fedora-clang, r-devel-linux-x86_64-fedora-gcc, r-devel-osx-x86_64-clang, r-prerel-windows-ix86+x86_64, r-prerel-linux-x86_64, r-prerel-solaris-sparc, r-prerel-solaris-x86