CRAN Package Check Results for Package mRm

Last updated on 2015-05-24 10:47:02.

Flavor Version Tinstall Tcheck Ttotal Status Flags
r-devel-linux-x86_64-debian-clang 1.1.5 5.74 9.79 15.54 NOTE
r-devel-linux-x86_64-debian-gcc 1.1.5 6.00 9.45 15.45 NOTE
r-devel-linux-x86_64-fedora-clang 1.1.5 32.70 NOTE
r-devel-linux-x86_64-fedora-gcc 1.1.5 28.33 NOTE
r-devel-osx-x86_64-clang 1.1.5 32.72 NOTE
r-devel-windows-ix86+x86_64 1.1.5 22.00 32.00 54.00 NOTE
r-patched-linux-x86_64 1.1.5 6.09 9.45 15.54 NOTE
r-patched-solaris-sparc 1.1.5 215.00 NOTE
r-patched-solaris-x86 1.1.5 43.70 NOTE
r-release-linux-x86_64 1.1.5 6.02 9.93 15.95 NOTE
r-release-osx-x86_64-mavericks 1.1.5 NOTE
r-release-osx-x86_64-snowleopard 1.1.5 NOTE
r-release-windows-ix86+x86_64 1.1.5 22.00 39.00 61.00 NOTE
r-oldrel-windows-ix86+x86_64 1.1.5 31.00 34.00 65.00 OK

Check Details

Version: 1.1.5
Check: DESCRIPTION meta-information
Result: NOTE
    Malformed Title field: should not end in a period.
Flavors: r-devel-linux-x86_64-debian-clang, r-devel-linux-x86_64-debian-gcc, r-devel-linux-x86_64-fedora-clang, r-devel-linux-x86_64-fedora-gcc, r-devel-osx-x86_64-clang, r-devel-windows-ix86+x86_64, r-patched-linux-x86_64, r-patched-solaris-sparc, r-patched-solaris-x86, r-release-linux-x86_64, r-release-osx-x86_64-mavericks, r-release-osx-x86_64-snowleopard, r-release-windows-ix86+x86_64