CRAN Package Check Results for Package mRm

Last updated on 2017-07-20 23:51:24.

Flavor Version Tinstall Tcheck Ttotal Status Flags
r-devel-linux-x86_64-debian-clang 1.1.6 7.01 19.24 26.25 NOTE
r-devel-linux-x86_64-debian-gcc 1.1.6 6.78 18.85 25.64 NOTE
r-devel-linux-x86_64-fedora-clang 1.1.6 37.72 NOTE
r-devel-linux-x86_64-fedora-gcc 1.1.6 30.91 NOTE
r-devel-windows-ix86+x86_64 1.1.6 26.00 38.00 64.00 OK
r-patched-linux-x86_64 1.1.6 6.51 18.81 25.32 NOTE
r-patched-solaris-x86 1.1.6 40.10 OK
r-release-linux-x86_64 1.1.6 6.53 19.08 25.61 NOTE
r-release-windows-ix86+x86_64 1.1.6 27.00 41.00 68.00 OK
r-release-osx-x86_64 1.1.6 OK
r-oldrel-windows-ix86+x86_64 1.1.6 28.00 37.00 65.00 OK
r-oldrel-osx-x86_64 1.1.6 OK

Check Details

Version: 1.1.6
Check: compiled code
Result: NOTE
    File ‘mRm/libs/mRm.so’:
     Found no calls to: ‘R_registerRoutines’, ‘R_useDynamicSymbols’
    
    It is good practice to register native routines and to disable symbol
    search.
    
    See ‘Writing portable packages’ in the ‘Writing R Extensions’ manual.
Flavors: r-devel-linux-x86_64-debian-clang, r-devel-linux-x86_64-debian-gcc, r-devel-linux-x86_64-fedora-clang, r-devel-linux-x86_64-fedora-gcc, r-patched-linux-x86_64, r-release-linux-x86_64