CRAN Package Check Results for Package mRm

Last updated on 2015-09-03 03:48:33.

Flavor Version Tinstall Tcheck Ttotal Status Flags
r-devel-linux-x86_64-debian-clang 1.1.5 5.64 9.06 14.69 NOTE
r-devel-linux-x86_64-debian-gcc 1.1.5 5.92 8.81 14.73 NOTE
r-devel-linux-x86_64-fedora-clang 1.1.5 33.36 NOTE
r-devel-linux-x86_64-fedora-gcc 1.1.5 27.50 NOTE
r-devel-osx-x86_64-clang 1.1.5 28.38 NOTE
r-devel-windows-ix86+x86_64 1.1.5 24.00 49.00 73.00 NOTE
r-patched-linux-x86_64 1.1.5 6.06 9.58 15.64 NOTE
r-patched-solaris-sparc 1.1.5 184.20 NOTE
r-patched-solaris-x86 1.1.5 38.70 NOTE
r-release-linux-x86_64 1.1.5 6.01 9.38 15.40 NOTE
r-release-osx-x86_64-mavericks 1.1.5 NOTE
r-release-windows-ix86+x86_64 1.1.5 24.00 37.00 61.00 NOTE
r-oldrel-windows-ix86+x86_64 1.1.5 31.00 34.00 65.00 OK

Check Details

Version: 1.1.5
Check: DESCRIPTION meta-information
Result: NOTE
    Malformed Title field: should not end in a period.
Flavors: r-devel-linux-x86_64-debian-clang, r-devel-linux-x86_64-debian-gcc, r-devel-linux-x86_64-fedora-clang, r-devel-linux-x86_64-fedora-gcc, r-devel-osx-x86_64-clang, r-devel-windows-ix86+x86_64, r-patched-linux-x86_64, r-patched-solaris-sparc, r-patched-solaris-x86, r-release-linux-x86_64, r-release-osx-x86_64-mavericks, r-release-windows-ix86+x86_64

Version: 1.1.5
Check: R code for possible problems
Result: NOTE
    mrm: no visible global function definition for ‘na.omit’
    plot.mrm: no visible global function definition for ‘par’
    plot.mrm: no visible global function definition for ‘matplot’
    plot.mrm: no visible global function definition for ‘abline’
    plot.mrm: no visible global function definition for ‘legend’
    resp.patterns: no visible global function definition for ‘na.omit’
    sim.mrm: no visible global function definition for ‘rmultinom’
    sim.mrm: no visible global function definition for ‘rnorm’
    sim.mrm: no visible global function definition for ‘runif’
    starting.values: no visible global function definition for ‘runif’
    Undefined global functions or variables:
     abline legend matplot na.omit par rmultinom rnorm runif
    Consider adding
     importFrom("graphics", "abline", "legend", "matplot", "par")
     importFrom("stats", "na.omit", "rmultinom", "rnorm", "runif")
    to your NAMESPACE.
Flavors: r-devel-linux-x86_64-debian-clang, r-devel-linux-x86_64-debian-gcc, r-devel-linux-x86_64-fedora-clang, r-devel-linux-x86_64-fedora-gcc, r-devel-windows-ix86+x86_64