CRAN Package Check Results for Package mRm

Last updated on 2018-02-23 18:47:42 CET.

Flavor Version Tinstall Tcheck Ttotal Status Flags
r-devel-linux-x86_64-debian-clang 1.1.6 11.07 17.59 28.66 NOTE
r-devel-linux-x86_64-debian-gcc 1.1.6 7.87 13.68 21.55 NOTE
r-devel-linux-x86_64-fedora-clang 1.1.6 38.88 NOTE
r-devel-linux-x86_64-fedora-gcc 1.1.6 32.72 NOTE
r-devel-windows-ix86+x86_64 1.1.6 35.00 45.00 80.00 OK
r-patched-linux-x86_64 1.1.6 8.73 16.29 25.02 NOTE
r-patched-solaris-x86 1.1.6 40.80 OK
r-release-linux-x86_64 1.1.6 8.83 16.24 25.07 NOTE
r-release-windows-ix86+x86_64 1.1.6 26.00 39.00 65.00 OK
r-release-osx-x86_64 1.1.6 OK
r-oldrel-windows-ix86+x86_64 1.1.6 28.00 37.00 65.00 OK
r-oldrel-osx-x86_64 1.1.6 OK

Check Details

Version: 1.1.6
Check: compiled code
Result: NOTE
    File ‘mRm/libs/mRm.so’:
     Found no calls to: ‘R_registerRoutines’, ‘R_useDynamicSymbols’
    
    It is good practice to register native routines and to disable symbol
    search.
    
    See ‘Writing portable packages’ in the ‘Writing R Extensions’ manual.
Flavors: r-devel-linux-x86_64-debian-clang, r-devel-linux-x86_64-debian-gcc, r-devel-linux-x86_64-fedora-clang, r-devel-linux-x86_64-fedora-gcc, r-patched-linux-x86_64, r-release-linux-x86_64