CRAN Package Check Results for Package mRm

Last updated on 2015-08-02 23:48:10.

Flavor Version Tinstall Tcheck Ttotal Status Flags
r-devel-linux-x86_64-debian-clang 1.1.5 6.76 9.96 16.71 NOTE
r-devel-linux-x86_64-debian-gcc 1.1.5 6.06 9.08 15.13 NOTE
r-devel-linux-x86_64-fedora-clang 1.1.5 32.47 NOTE
r-devel-linux-x86_64-fedora-gcc 1.1.5 27.81 NOTE
r-devel-osx-x86_64-clang 1.1.5 28.31 NOTE
r-devel-windows-ix86+x86_64 1.1.5 23.00 37.00 60.00 NOTE
r-patched-linux-x86_64 1.1.5 6.02 9.53 15.54 NOTE
r-patched-solaris-sparc 1.1.5 184.20 NOTE
r-patched-solaris-x86 1.1.5 39.20 NOTE
r-release-linux-x86_64 1.1.5 6.28 9.80 16.08 NOTE
r-release-osx-x86_64-mavericks 1.1.5 NOTE
r-release-windows-ix86+x86_64 1.1.5 23.00 33.00 56.00 NOTE
r-oldrel-windows-ix86+x86_64 1.1.5 31.00 34.00 65.00 OK

Check Details

Version: 1.1.5
Check: DESCRIPTION meta-information
Result: NOTE
    Malformed Title field: should not end in a period.
Flavors: r-devel-linux-x86_64-debian-clang, r-devel-linux-x86_64-debian-gcc, r-devel-linux-x86_64-fedora-clang, r-devel-linux-x86_64-fedora-gcc, r-devel-osx-x86_64-clang, r-devel-windows-ix86+x86_64, r-patched-linux-x86_64, r-patched-solaris-sparc, r-patched-solaris-x86, r-release-linux-x86_64, r-release-osx-x86_64-mavericks, r-release-windows-ix86+x86_64

Version: 1.1.5
Check: R code for possible problems
Result: NOTE
    mrm: no visible global function definition for ‘na.omit’
    plot.mrm: no visible global function definition for ‘par’
    plot.mrm: no visible global function definition for ‘matplot’
    plot.mrm: no visible global function definition for ‘abline’
    plot.mrm: no visible global function definition for ‘legend’
    resp.patterns: no visible global function definition for ‘na.omit’
    sim.mrm: no visible global function definition for ‘rmultinom’
    sim.mrm: no visible global function definition for ‘rnorm’
    sim.mrm: no visible global function definition for ‘runif’
    starting.values: no visible global function definition for ‘runif’
    Undefined global functions or variables:
     abline legend matplot na.omit par rmultinom rnorm runif
    Consider adding
     importFrom("graphics", "abline", "legend", "matplot", "par")
     importFrom("stats", "na.omit", "rmultinom", "rnorm", "runif")
    to your NAMESPACE.
Flavors: r-devel-linux-x86_64-debian-clang, r-devel-linux-x86_64-debian-gcc, r-devel-linux-x86_64-fedora-clang, r-devel-linux-x86_64-fedora-gcc, r-devel-windows-ix86+x86_64