CRAN Package Check Results for Package mRm

Last updated on 2017-05-30 14:47:18.

Flavor Version Tinstall Tcheck Ttotal Status Flags
r-devel-linux-x86_64-debian-clang 1.1.6 7.17 12.31 19.48 NOTE
r-devel-linux-x86_64-debian-gcc 1.1.6 6.50 12.44 18.95 NOTE
r-devel-linux-x86_64-fedora-clang 1.1.6 36.88 NOTE
r-devel-linux-x86_64-fedora-gcc 1.1.6 31.81 NOTE
r-devel-windows-ix86+x86_64 1.1.6 27.00 47.00 74.00 OK
r-patched-linux-x86_64 1.1.6 6.24 12.07 18.32 NOTE
r-patched-solaris-sparc 1.1.6 176.90 OK
r-patched-solaris-x86 1.1.6 40.70 OK
r-release-linux-x86_64 1.1.6 6.10 12.09 18.19 NOTE
r-release-windows-ix86+x86_64 1.1.6 27.00 41.00 68.00 OK
r-release-osx-x86_64 1.1.6 OK
r-oldrel-windows-ix86+x86_64 1.1.6 28.00 37.00 65.00 OK
r-oldrel-osx-x86_64 1.1.6 OK

Check Details

Version: 1.1.6
Check: compiled code
Result: NOTE
    File ‘mRm/libs/mRm.so’:
     Found no calls to: ‘R_registerRoutines’, ‘R_useDynamicSymbols’
    
    It is good practice to register native routines and to disable symbol
    search.
    
    See ‘Writing portable packages’ in the ‘Writing R Extensions’ manual.
Flavors: r-devel-linux-x86_64-debian-clang, r-devel-linux-x86_64-debian-gcc, r-devel-linux-x86_64-fedora-clang, r-devel-linux-x86_64-fedora-gcc, r-patched-linux-x86_64, r-release-linux-x86_64