CRAN Package Check Results for Package mRm

Last updated on 2016-02-07 22:46:51.

Flavor Version Tinstall Tcheck Ttotal Status Flags
r-devel-linux-x86_64-debian-gcc 1.1.5 5.87 8.47 14.34 NOTE
r-devel-linux-x86_64-fedora-clang 1.1.5 30.87 NOTE
r-devel-linux-x86_64-fedora-gcc 1.1.5 26.76 NOTE
r-devel-osx-x86_64-clang 1.1.5 31.24 NOTE
r-devel-windows-ix86+x86_64 1.1.5 34.00 39.00 73.00 NOTE
r-patched-linux-x86_64 1.1.5 6.14 9.23 15.37 NOTE
r-patched-solaris-sparc 1.1.5 164.80 NOTE
r-patched-solaris-x86 1.1.5 34.60 NOTE
r-release-linux-x86_64 1.1.5 5.96 9.03 14.99 NOTE
r-release-osx-x86_64-mavericks 1.1.5 NOTE
r-release-windows-ix86+x86_64 1.1.5 24.00 34.00 58.00 NOTE
r-oldrel-windows-ix86+x86_64 1.1.5 31.00 34.00 65.00 OK

Check Details

Version: 1.1.5
Check: DESCRIPTION meta-information
Result: NOTE
    Malformed Title field: should not end in a period.
Flavors: r-devel-linux-x86_64-debian-gcc, r-devel-linux-x86_64-fedora-clang, r-devel-linux-x86_64-fedora-gcc, r-devel-osx-x86_64-clang, r-devel-windows-ix86+x86_64, r-patched-linux-x86_64, r-patched-solaris-sparc, r-patched-solaris-x86, r-release-linux-x86_64, r-release-osx-x86_64-mavericks, r-release-windows-ix86+x86_64

Version: 1.1.5
Check: R code for possible problems
Result: NOTE
    mrm: no visible global function definition for ‘na.omit’
    plot.mrm: no visible global function definition for ‘par’
    plot.mrm: no visible global function definition for ‘matplot’
    plot.mrm: no visible global function definition for ‘abline’
    plot.mrm: no visible global function definition for ‘legend’
    resp.patterns: no visible global function definition for ‘na.omit’
    sim.mrm: no visible global function definition for ‘rmultinom’
    sim.mrm: no visible global function definition for ‘rnorm’
    sim.mrm: no visible global function definition for ‘runif’
    starting.values: no visible global function definition for ‘runif’
    Undefined global functions or variables:
     abline legend matplot na.omit par rmultinom rnorm runif
    Consider adding
     importFrom("graphics", "abline", "legend", "matplot", "par")
     importFrom("stats", "na.omit", "rmultinom", "rnorm", "runif")
    to your NAMESPACE file.
Flavors: r-devel-linux-x86_64-debian-gcc, r-devel-linux-x86_64-fedora-clang, r-devel-linux-x86_64-fedora-gcc, r-devel-osx-x86_64-clang, r-devel-windows-ix86+x86_64