CRAN Package Check Results for Package mRm

Last updated on 2017-09-23 17:47:58.

Flavor Version Tinstall Tcheck Ttotal Status Flags
r-devel-linux-x86_64-debian-clang 1.1.6 9.21 12.15 21.36 NOTE
r-devel-linux-x86_64-debian-gcc 1.1.6 6.71 11.53 18.24 NOTE
r-devel-linux-x86_64-fedora-clang 1.1.6 37.40 NOTE
r-devel-linux-x86_64-fedora-gcc 1.1.6 31.22 NOTE
r-devel-windows-ix86+x86_64 1.1.6 26.00 51.00 77.00 OK
r-patched-linux-x86_64 1.1.6 6.53 11.51 18.04 NOTE
r-patched-solaris-x86 1.1.6 41.00 OK
r-release-linux-x86_64 1.1.6 8.60 11.70 20.30 NOTE
r-release-windows-ix86+x86_64 1.1.6 26.00 39.00 65.00 OK
r-release-osx-x86_64 1.1.6 OK
r-oldrel-windows-ix86+x86_64 1.1.6 28.00 37.00 65.00 OK
r-oldrel-osx-x86_64 1.1.6 OK

Check Details

Version: 1.1.6
Check: compiled code
Result: NOTE
    File ‘mRm/libs/mRm.so’:
     Found no calls to: ‘R_registerRoutines’, ‘R_useDynamicSymbols’
    
    It is good practice to register native routines and to disable symbol
    search.
    
    See ‘Writing portable packages’ in the ‘Writing R Extensions’ manual.
Flavors: r-devel-linux-x86_64-debian-clang, r-devel-linux-x86_64-debian-gcc, r-devel-linux-x86_64-fedora-clang, r-devel-linux-x86_64-fedora-gcc, r-patched-linux-x86_64, r-release-linux-x86_64