CRAN Package Check Results for Package mRm

Last updated on 2017-11-23 11:52:32 CET.

Flavor Version Tinstall Tcheck Ttotal Status Flags
r-devel-linux-x86_64-debian-clang 1.1.6 7.08 17.68 24.76 NOTE
r-devel-linux-x86_64-debian-gcc 1.1.6 8.78 30.12 38.89 NOTE
r-devel-linux-x86_64-fedora-clang 1.1.6 35.46 NOTE
r-devel-linux-x86_64-fedora-gcc 1.1.6 29.25 NOTE
r-devel-windows-ix86+x86_64 1.1.6 38.00 48.00 86.00 OK
r-patched-linux-x86_64 1.1.6 9.07 32.57 41.63 NOTE
r-patched-solaris-x86 1.1.6 40.50 OK
r-release-linux-x86_64 1.1.6 6.55 12.11 18.66 NOTE
r-release-windows-ix86+x86_64 1.1.6 26.00 39.00 65.00 OK
r-release-osx-x86_64 1.1.6 OK
r-oldrel-windows-ix86+x86_64 1.1.6 28.00 37.00 65.00 OK
r-oldrel-osx-x86_64 1.1.6 OK

Check Details

Version: 1.1.6
Check: compiled code
Result: NOTE
    File ‘mRm/libs/mRm.so’:
     Found no calls to: ‘R_registerRoutines’, ‘R_useDynamicSymbols’
    
    It is good practice to register native routines and to disable symbol
    search.
    
    See ‘Writing portable packages’ in the ‘Writing R Extensions’ manual.
Flavors: r-devel-linux-x86_64-debian-clang, r-devel-linux-x86_64-debian-gcc, r-devel-linux-x86_64-fedora-clang, r-devel-linux-x86_64-fedora-gcc, r-patched-linux-x86_64, r-release-linux-x86_64