CRAN Package Check Results for Package mRm

Last updated on 2018-04-22 07:49:40 CEST.

Flavor Version Tinstall Tcheck Ttotal Status Flags
r-devel-linux-x86_64-debian-clang 1.1.6 12.76 17.73 30.49 NOTE
r-devel-linux-x86_64-debian-gcc 1.1.6 9.85 13.87 23.72 NOTE
r-devel-linux-x86_64-fedora-clang 1.1.6 38.60 NOTE
r-devel-linux-x86_64-fedora-gcc 1.1.6 32.86 NOTE
r-devel-windows-ix86+x86_64 1.1.6 36.00 47.00 83.00 OK
r-devel-osx-x86_64 1.1.6 OK
r-patched-linux-x86_64 1.1.6 11.95 16.99 28.94 NOTE
r-patched-solaris-x86 1.1.6 46.50 OK
r-release-linux-x86_64 1.1.6 11.82 16.38 28.20 NOTE
r-release-windows-ix86+x86_64 1.1.6 26.00 39.00 65.00 OK
r-release-osx-x86_64 1.1.6 OK
r-oldrel-windows-ix86+x86_64 1.1.6 28.00 37.00 65.00 OK

Check Details

Version: 1.1.6
Check: compiled code
Result: NOTE
    File ‘mRm/libs/mRm.so’:
     Found no calls to: ‘R_registerRoutines’, ‘R_useDynamicSymbols’
    
    It is good practice to register native routines and to disable symbol
    search.
    
    See ‘Writing portable packages’ in the ‘Writing R Extensions’ manual.
Flavors: r-devel-linux-x86_64-debian-clang, r-devel-linux-x86_64-debian-gcc, r-devel-linux-x86_64-fedora-clang, r-devel-linux-x86_64-fedora-gcc, r-patched-linux-x86_64, r-release-linux-x86_64