CRAN Package Check Results for Package mRm

Last updated on 2015-04-18 11:25:37.

Flavor Version Tinstall Tcheck Ttotal Status Flags
r-devel-linux-x86_64-debian-clang 1.1.5 5.74 9.43 15.17 NOTE
r-devel-linux-x86_64-debian-gcc 1.1.5 7.22 9.69 16.91 NOTE
r-devel-linux-x86_64-fedora-clang 1.1.5 32.02 NOTE
r-devel-linux-x86_64-fedora-gcc 1.1.5 28.58 NOTE
r-devel-osx-x86_64-clang 1.1.5 32.42 NOTE
r-patched-linux-x86_64 1.1.5 6.04 9.58 15.63 NOTE
r-patched-solaris-sparc 1.1.5 219.60 NOTE
r-patched-solaris-x86 1.1.5 42.70 NOTE
r-release-linux-x86_64 1.1.5 6.10 9.44 15.54 NOTE
r-release-osx-x86_64-mavericks 1.1.5 OK
r-release-osx-x86_64-snowleopard 1.1.5 OK
r-release-windows-ix86+x86_64 1.1.5 31.00 34.00 65.00 OK
r-oldrel-windows-ix86+x86_64 1.1.5 23.00 36.00 59.00 OK

Check Details

Version: 1.1.5
Check: DESCRIPTION meta-information
Result: NOTE
    Malformed Title field: should not end in a period.
Flavors: r-devel-linux-x86_64-debian-clang, r-devel-linux-x86_64-debian-gcc, r-devel-linux-x86_64-fedora-clang, r-devel-linux-x86_64-fedora-gcc, r-devel-osx-x86_64-clang, r-patched-linux-x86_64, r-patched-solaris-sparc, r-patched-solaris-x86, r-release-linux-x86_64