CRAN Package Check Results for Package mSTEM

Last updated on 2022-08-17 12:55:19 CEST.

Flavor Version Tinstall Tcheck Ttotal Status Flags
r-devel-linux-x86_64-debian-clang 1.0-1 2.41 24.78 27.19 NOTE
r-devel-linux-x86_64-debian-gcc 1.0-1 NOTE
r-devel-linux-x86_64-fedora-clang 1.0-1 44.08 NOTE
r-devel-linux-x86_64-fedora-gcc 1.0-1 43.96 NOTE
r-devel-windows-x86_64 1.0-1 8.00 49.00 57.00 NOTE
r-patched-linux-x86_64 1.0-1 2.85 23.62 26.47 NOTE
r-release-linux-x86_64 1.0-1 2.01 23.60 25.61 NOTE
r-release-macos-arm64 1.0-1 18.00 NOTE
r-release-macos-x86_64 1.0-1 22.00 NOTE
r-release-windows-x86_64 1.0-1 11.00 49.00 60.00 NOTE
r-oldrel-macos-arm64 1.0-1 20.00 NOTE
r-oldrel-macos-x86_64 1.0-1 28.00 NOTE
r-oldrel-windows-ix86+x86_64 1.0-1 7.00 47.00 54.00 NOTE

Check Details

Version: 1.0-1
Check: LazyData
Result: NOTE
     'LazyData' is specified without a 'data' directory
Flavors: r-devel-linux-x86_64-debian-clang, r-devel-linux-x86_64-debian-gcc, r-devel-linux-x86_64-fedora-clang, r-devel-linux-x86_64-fedora-gcc, r-devel-windows-x86_64, r-patched-linux-x86_64, r-release-linux-x86_64, r-release-macos-arm64, r-release-macos-x86_64, r-release-windows-x86_64, r-oldrel-macos-arm64, r-oldrel-macos-x86_64, r-oldrel-windows-ix86+x86_64