CRAN Package Check Results for Package mSigTools

Last updated on 2024-02-29 05:56:22 CET.

Flavor Version Tinstall Tcheck Ttotal Status Flags
r-devel-linux-x86_64-debian-clang 1.0.7 2.67 58.64 61.31 OK
r-devel-linux-x86_64-debian-gcc 1.0.7 1.87 49.47 51.34 OK
r-devel-linux-x86_64-fedora-clang 1.0.7 87.45 OK
r-devel-linux-x86_64-fedora-gcc 1.0.7 85.85 OK
r-devel-windows-x86_64 1.0.7 3.00 66.00 69.00 OK
r-patched-linux-x86_64 1.0.7 1.84 63.41 65.25 OK
r-release-linux-x86_64 1.0.7 2.30 59.43 61.73 OK
r-release-macos-arm64 1.0.7 30.00 OK
r-release-macos-x86_64 1.0.7 34.00 NOTE
r-release-windows-x86_64 1.0.7 4.00 84.00 88.00 OK
r-oldrel-macos-arm64 1.0.7 23.00 OK
r-oldrel-windows-x86_64 1.0.7 4.00 85.00 89.00 OK

Check Details

Version: 1.0.7
Check: package dependencies
Result: NOTE Package suggested but not available for checking: ‘ICAMS’ Flavor: r-release-macos-x86_64