CRAN Package Check Results for Package maRketSim

Last updated on 2014-07-25 03:49:48.

Flavor Version Tinstall Tcheck Ttotal Status Flags
r-devel-linux-x86_64-debian-clang 0.9.2 0.99 13.92 14.91 OK
r-devel-linux-x86_64-debian-gcc 0.9.2 0.96 13.39 14.36 OK
r-devel-linux-x86_64-fedora-clang 0.9.2 30.74 NOTE
r-devel-linux-x86_64-fedora-gcc 0.9.2 28.50 NOTE
r-devel-osx-x86_64-clang 0.9.2 29.88 OK
r-devel-windows-ix86+x86_64 0.9.2 3.00 23.00 26.00 OK
r-patched-linux-x86_64 0.9.2 0.97 14.11 15.08 OK
r-patched-solaris-sparc 0.9.2 167.20 OK
r-patched-solaris-x86 0.9.2 40.60 OK
r-release-linux-ix86 0.9.2 1.38 20.36 21.74 OK
r-release-linux-x86_64 0.9.2 0.99 14.23 15.22 OK
r-release-osx-x86_64-mavericks 0.9.2 NOTE
r-release-windows-ix86+x86_64 0.9.2 3.00 25.00 28.00 OK
r-oldrel-windows-ix86+x86_64 0.9.2 3.00 24.00 27.00 OK

Check Details

Version: 0.9.2
Check: top-level files
Result: NOTE
    Non-standard file/directory found at top level:
     ‘extdata’
Flavors: r-devel-linux-x86_64-fedora-clang, r-devel-linux-x86_64-fedora-gcc

Version: 0.9.2
Check: package dependencies
Result: NOTE
    Package suggested but not available for checking: ‘gsl’
Flavor: r-release-osx-x86_64-mavericks

Version: 0.9.2
Check: R code for possible problems
Result: NOTE
    findMaxMat: no visible global function definition for ‘lambert_W0’
Flavor: r-release-osx-x86_64-mavericks