CRAN Package Check Results for Package maRketSim

Last updated on 2014-09-23 07:50:11.

Flavor Version Tinstall Tcheck Ttotal Status Flags
r-devel-linux-x86_64-debian-clang 0.9.2 0.96 13.37 14.33 NOTE
r-devel-linux-x86_64-debian-gcc 0.9.2 0.94 13.45 14.39 NOTE
r-devel-linux-x86_64-fedora-clang 0.9.2 28.06 NOTE
r-devel-linux-x86_64-fedora-gcc 0.9.2 26.99 NOTE
r-devel-osx-x86_64-clang 0.9.2 30.21 NOTE
r-devel-windows-ix86+x86_64 0.9.2 5.00 21.00 26.00 NOTE
r-patched-linux-x86_64 0.9.2 0.95 13.73 14.68 NOTE
r-patched-solaris-sparc 0.9.2 164.90 OK
r-patched-solaris-x86 0.9.2 41.30 OK
r-release-linux-ix86 0.9.2 1.40 20.92 22.33 OK
r-release-linux-x86_64 0.9.2 1.08 14.29 15.37 NOTE
r-release-osx-x86_64-mavericks 0.9.2 NOTE
r-release-windows-ix86+x86_64 0.9.2 3.00 23.00 26.00 OK
r-oldrel-windows-ix86+x86_64 0.9.2 3.00 22.00 25.00 OK

Check Details

Version: 0.9.2
Check: top-level files
Result: NOTE
    Non-standard file/directory found at top level:
     ‘extdata’
Flavors: r-devel-linux-x86_64-debian-clang, r-devel-linux-x86_64-debian-gcc, r-devel-linux-x86_64-fedora-clang, r-devel-linux-x86_64-fedora-gcc, r-patched-linux-x86_64, r-release-linux-x86_64

Version: 0.9.2
Check: R code for possible problems
Result: NOTE
    aa.account: no visible binding for global variable ‘last’
    cashflow.portfolio.bond: no visible global function definition for
     ‘sort.data.frame’
    connectTheDots: no visible global function definition for
     ‘sort.data.frame’
    connectTheDots: no visible global function definition for ‘last’
    connectTheDots: no visible global function definition for ‘first’
    current.market: no visible global function definition for ‘last’
    findMaxMat: no visible global function definition for ‘lambert_W0’
    market.rate: no visible global function definition for ‘last’
    plot.history.market: no visible global function definition for
     ‘sort.data.frame’
    print.account: no visible binding for global variable ‘last’
Flavors: r-devel-linux-x86_64-debian-clang, r-devel-linux-x86_64-debian-gcc, r-devel-linux-x86_64-fedora-clang, r-devel-linux-x86_64-fedora-gcc, r-devel-osx-x86_64-clang, r-devel-windows-ix86+x86_64

Version: 0.9.2
Check: package dependencies
Result: NOTE
    Package suggested but not available for checking: ‘gsl’
Flavor: r-release-osx-x86_64-mavericks

Version: 0.9.2
Check: R code for possible problems
Result: NOTE
    findMaxMat: no visible global function definition for ‘lambert_W0’
Flavor: r-release-osx-x86_64-mavericks