CRAN Package Check Results for Package maRketSim

Last updated on 2015-03-05 19:47:57.

Flavor Version Tinstall Tcheck Ttotal Status Flags
r-devel-linux-x86_64-debian-clang 0.9.2 0.97 13.20 14.17 NOTE
r-devel-linux-x86_64-debian-gcc 0.9.2 0.93 13.28 14.21 NOTE
r-devel-linux-x86_64-fedora-clang 0.9.2 26.69 NOTE
r-devel-linux-x86_64-fedora-gcc 0.9.2 26.31 NOTE
r-devel-osx-x86_64-clang 0.9.2 29.61 NOTE
r-devel-windows-ix86+x86_64 0.9.2 3.00 23.00 26.00 NOTE
r-patched-linux-x86_64 0.9.2 1.00 14.19 15.19 NOTE
r-patched-solaris-sparc 0.9.2 179.50 NOTE
r-patched-solaris-x86 0.9.2 41.80 NOTE
r-release-linux-ix86 0.9.2 1.34 22.66 24.00 NOTE
r-release-linux-x86_64 0.9.2 1.02 15.22 16.24 NOTE
r-release-osx-x86_64-mavericks 0.9.2 NOTE
r-release-windows-ix86+x86_64 0.9.2 3.00 24.00 27.00 NOTE
r-oldrel-windows-ix86+x86_64 0.9.2 3.00 25.00 28.00 OK

Check Details

Version: 0.9.2
Check: top-level files
Result: NOTE
    Non-standard file/directory found at top level:
     ‘extdata’
Flavors: r-devel-linux-x86_64-debian-clang, r-devel-linux-x86_64-debian-gcc, r-devel-linux-x86_64-fedora-clang, r-devel-linux-x86_64-fedora-gcc, r-patched-linux-x86_64, r-release-linux-ix86, r-release-linux-x86_64

Version: 0.9.2
Check: dependencies in R code
Result: NOTE
    'library' or 'require' calls in package code:
     ‘gsl’ ‘taRifx’
     Please use :: or requireNamespace() instead.
     See section 'Suggested packages' in the 'Writing R Extensions' manual.
Flavors: r-devel-linux-x86_64-debian-clang, r-devel-linux-x86_64-debian-gcc, r-devel-linux-x86_64-fedora-clang, r-devel-linux-x86_64-fedora-gcc, r-devel-osx-x86_64-clang, r-devel-windows-ix86+x86_64, r-patched-linux-x86_64, r-patched-solaris-sparc, r-patched-solaris-x86

Version: 0.9.2
Check: S3 generic/method consistency
Result: NOTE
    Found the following apparent S3 methods exported but not registered:
     aa.account aa.default as.data.frame.bond
     as.data.frame.history.account as.data.frame.portfolio.bond
     as.history.account.sum.account cashflow.account cashflow.bond
     cashflow.cash cashflow.default cashflow.portfolio.bond
     count.history.account duration.account duration.bond duration.cash
     duration.default duration.history.account duration.portfolio.bond
     duration.sum.account fv.bond fv.cash fv.default issueTime.bond
     issueTime.default issueTime.portfolio.bond matTime.bond
     matTime.default matTime.portfolio.bond mktTime.account
     mktTime.default mktTime.history.account mktTime.market
     plot.history.account plot.history.market plot.sum.account
     plot.sum.vasicek.discrete plot.vasicek.discrete print.account
     print.bond print.cash print.history.account print.history.market
     print.market print.market.bond print.portfolio.bond print.sum.account
     print.sum.bond print.sum.market.bond print.sum.portfolio.bond
     pv.account pv.bond pv.cash pv.default pv.history.account
     pv.portfolio.bond rebalance.account rebalance.default summary.account
     summary.bond summary.market summary.market.bond
     summary.portfolio.bond summary.vasicek.discrete
    See section ‘Registering S3 methods’ in the ‘Writing R Extensions’
    manual.
Flavors: r-devel-linux-x86_64-debian-clang, r-devel-linux-x86_64-debian-gcc, r-devel-linux-x86_64-fedora-clang, r-devel-linux-x86_64-fedora-gcc, r-devel-osx-x86_64-clang

Version: 0.9.2
Check: R code for possible problems
Result: NOTE
    aa.account: no visible binding for global variable ‘last’
    cashflow.portfolio.bond: no visible global function definition for
     ‘sort.data.frame’
    connectTheDots: no visible global function definition for
     ‘sort.data.frame’
    connectTheDots: no visible global function definition for ‘last’
    connectTheDots: no visible global function definition for ‘first’
    current.market: no visible global function definition for ‘last’
    findMaxMat: no visible global function definition for ‘lambert_W0’
    market.rate: no visible global function definition for ‘last’
    plot.history.market: no visible global function definition for
     ‘sort.data.frame’
    print.account: no visible binding for global variable ‘last’
Flavors: r-devel-linux-x86_64-debian-clang, r-devel-linux-x86_64-debian-gcc, r-devel-linux-x86_64-fedora-clang, r-devel-linux-x86_64-fedora-gcc, r-devel-osx-x86_64-clang, r-devel-windows-ix86+x86_64, r-patched-linux-x86_64, r-patched-solaris-sparc, r-patched-solaris-x86, r-release-linux-ix86, r-release-linux-x86_64, r-release-osx-x86_64-mavericks, r-release-windows-ix86+x86_64