CRAN Package Check Results for Package maRketSim

Last updated on 2014-04-18 18:47:16.

Flavor Version Tinstall Tcheck Ttotal Status Flags
r-devel-linux-x86_64-debian-clang 0.9.2 1.11 13.86 14.97 OK
r-devel-linux-x86_64-debian-gcc OK
r-devel-linux-x86_64-fedora-clang 0.9.2 30.41 NOTE
r-devel-linux-x86_64-fedora-gcc 0.9.2 27.36 NOTE
r-devel-macosx-x86_64-clang 0.9.2 30.40 OK
r-devel-macosx-x86_64-gcc 0.9.2 NOTE
r-devel-windows-ix86+x86_64 0.9.2 2.00 20.00 22.00 OK
r-patched-linux-x86_64 0.9.2 1.04 14.85 15.89 OK
r-patched-solaris-sparc 0.9.2 167.20 OK
r-patched-solaris-x86 0.9.2 40.10 OK
r-release-linux-ix86 0.9.2 3.00 28.00 31.00 OK
r-release-linux-x86_64 0.9.2 1.04 14.16 15.20 OK
r-release-windows-ix86+x86_64 0.9.2 3.00 22.00 25.00 OK
r-oldrel-windows-ix86+x86_64 0.9.2 3.00 23.00 26.00 OK

Check Details

Version: 0.9.2
Check: top-level files
Result: NOTE
    Non-standard file/directory found at top level:
     ‘extdata’
Flavors: r-devel-linux-x86_64-fedora-clang, r-devel-linux-x86_64-fedora-gcc

Version: 0.9.2
Check: package dependencies
Result: NOTE
    Package suggested but not available for checking: ‘taRifx’
Flavor: r-devel-macosx-x86_64-gcc

Version: 0.9.2
Check: R code for possible problems
Result: NOTE
    aa.account: no visible binding for global variable ‘last’
    cashflow.portfolio.bond: no visible global function definition for
     ‘sort.data.frame’
    connectTheDots: no visible global function definition for
     ‘sort.data.frame’
    connectTheDots: no visible global function definition for ‘last’
    connectTheDots: no visible global function definition for ‘first’
    current.market: no visible global function definition for ‘last’
    market.rate: no visible global function definition for ‘last’
    plot.history.market: no visible global function definition for
     ‘sort.data.frame’
    print.account: no visible binding for global variable ‘last’
Flavor: r-devel-macosx-x86_64-gcc