CRAN Package Check Results for Package mada

Last updated on 2015-07-05 10:46:55.

Flavor Version Tinstall Tcheck Ttotal Status Flags
r-devel-linux-x86_64-debian-clang 0.5.7 1.06 22.48 23.54 NOTE
r-devel-linux-x86_64-debian-gcc 0.5.7 0.81 22.51 23.32 NOTE
r-devel-linux-x86_64-fedora-clang 0.5.7 45.71 NOTE
r-devel-linux-x86_64-fedora-gcc 0.5.7 42.96 NOTE
r-devel-osx-x86_64-clang 0.5.7 43.10 OK
r-devel-windows-ix86+x86_64 0.5.7 4.00 57.00 61.00 NOTE
r-patched-linux-x86_64 0.5.7 0.84 22.62 23.46 OK
r-patched-solaris-sparc 0.5.7 310.00 OK
r-patched-solaris-x86 0.5.7 59.50 OK
r-release-linux-x86_64 0.5.7 0.82 23.36 24.18 OK
r-release-osx-x86_64-mavericks 0.5.7 OK
r-release-windows-ix86+x86_64 0.5.7 4.00 42.00 46.00 OK
r-oldrel-windows-ix86+x86_64 0.5.7 6.00 71.00 77.00 OK

Check Details

Version: 0.5.7
Check: R code for possible problems
Result: NOTE
    AUC.phm: no visible global function definition for ‘coef’
    AUC.phm: no visible global function definition for ‘confint’
    CIrho: no visible global function definition for ‘qnorm’
    ROC.ellipse2: no visible global function definition for ‘vcov’
    ROC.ellipse2: no visible global function definition for ‘lines’
    ROC.ellipse2: no visible global function definition for ‘points’
    ROCellipse.default: no visible global function definition for ‘cor’
    ROCellipse.default: no visible global function definition for ‘plot’
    ROCellipse.default: no visible global function definition for ‘points’
    ROCellipse.default: no visible global function definition for ‘qnorm’
    ROCellipse.default: no visible global function definition for ‘lines’
    SummaryPts.reitsma: no visible global function definition for ‘coef’
    SummaryPts.reitsma: no visible global function definition for ‘vcov’
    anova.reitsma: no visible global function definition for ‘pchisq’
    binomCI: no visible global function definition for ‘qnorm’
    binomCI: no visible global function definition for ‘qbeta’
    binomCI: no visible global function definition for ‘qchisq’
    binomCI: no visible global function definition for ‘runif’
    binomCI : pbinom.abscont: no visible global function definition for
     ‘pbinom’
    binomCI : pbinom.abscont: no visible global function definition for
     ‘dbinom’
    binomCI : qbinom.abscont: no visible global function definition for
     ‘uniroot’
    cochran.Q: no visible global function definition for ‘pchisq’
    confint.reitsma: no visible global function definition for ‘coef’
    confint.reitsma: no visible global function definition for ‘vcov’
    confint.reitsma: no visible global function definition for ‘qnorm’
    crosshair.default: no visible global function definition for ‘plot’
    crosshair.default: no visible global function definition for ‘points’
    crosshair.default: no visible global function definition for ‘arrows’
    crosshair.reitsma: no visible global function definition for ‘points’
    crosshair.reitsma: no visible global function definition for ‘arrows’
    forestmada: no visible global function definition for ‘plot’
    forestmada: no visible global function definition for ‘abline’
    forestmada: no visible global function definition for ‘points’
    forestmada: no visible global function definition for ‘arrows’
    forestmada: no visible global function definition for ‘polygon’
    forestmada: no visible global function definition for ‘text’
    forestmada: no visible global function definition for ‘axis’
    inv.logit: no visible global function definition for ‘plogis’
    madad: no visible global function definition for ‘qnorm’
    madad: no visible global function definition for ‘cor’
    madad: no visible global function definition for ‘prop.test’
    mcsroc: no visible global function definition for ‘rpois’
    mcsroc: no visible global function definition for ‘rbinom’
    mcsroc: no visible global function definition for ‘lowess’
    mslSROC: no visible global function definition for ‘lm’
    mslSROC: no visible global function definition for ‘plot’
    mslSROC: no visible global function definition for ‘lines’
    phm.default: no visible global function definition for ‘pchisq’
    plot.phm: no visible global function definition for ‘plot’
    plot.phm: no visible global function definition for ‘lines’
    plot.phm: no visible global function definition for ‘confint’
    plot.reitsma: no visible global function definition for ‘plot’
    plot.reitsma: no visible global function definition for ‘coef’
    plot.reitsma: no visible global function definition for ‘lines’
    plot.reitsma: no visible global function definition for ‘vcov’
    print.anova.reitsma: no visible global function definition for
     ‘printCoefmat’
    print.reitsma: no visible global function definition for ‘AIC’
    print.reitsma: no visible global function definition for ‘BIC’
    print.summary.phm: no visible global function definition for ‘coef’
    print.summary.phm: no visible global function definition for ‘confint’
    print.summary.phm: no visible global function definition for ‘logLik’
    print.summary.phm: no visible global function definition for ‘AIC’
    print.summary.reitsma: no visible global function definition for
     ‘symnum’
    reitsma.default: no visible global function definition for
     ‘model.matrix’
    rsSROC: no visible global function definition for ‘plot’
    rsSROC: no visible global function definition for ‘lines’
    sroc.phm: no visible global function definition for ‘coef’
    summary.SummaryPts: no visible binding for global variable ‘median’
    summary.madauni: no visible global function definition for ‘coef’
    summary.madauni: no visible global function definition for ‘confint’
    summary.madauni : Q: no visible global function definition for ‘coef’
    summary.madauni: no visible global function definition for ‘qchisq’
    summary.madauni: no visible global function definition for ‘uniroot’
    summary.reitsma: no visible global function definition for ‘qnorm’
    summary.reitsma: no visible global function definition for ‘pnorm’
    summary.reitsma: no visible global function definition for ‘AIC’
    summary.reitsma: no visible global function definition for ‘BIC’
    talpha: no visible global function definition for ‘make.link’
    talpha : linkinv: no visible global function definition for ‘plogis’
    talpha : linkinv: no visible global function definition for ‘splinefun’
    Undefined global functions or variables:
     AIC BIC abline arrows axis coef confint cor dbinom lines lm logLik
     lowess make.link median model.matrix pbinom pchisq plogis plot pnorm
     points polygon printCoefmat prop.test qbeta qchisq qnorm rbinom rpois
     runif splinefun symnum text uniroot vcov
Flavors: r-devel-linux-x86_64-debian-clang, r-devel-linux-x86_64-debian-gcc, r-devel-linux-x86_64-fedora-clang, r-devel-linux-x86_64-fedora-gcc, r-devel-windows-ix86+x86_64