CRAN Package Check Results for Package mada

Last updated on 2014-07-22 22:48:13.

Flavor Version Tinstall Tcheck Ttotal Status Flags
r-devel-linux-x86_64-debian-clang 0.5.5 1.07 24.24 25.31 NOTE
r-devel-linux-x86_64-debian-gcc 0.5.5 0.91 23.80 24.72 NOTE
r-devel-linux-x86_64-fedora-clang 0.5.5 60.24 NOTE
r-devel-linux-x86_64-fedora-gcc 0.5.5 55.85 NOTE
r-devel-osx-x86_64-clang 0.5.5 53.43 NOTE
r-devel-windows-ix86+x86_64 0.5.5 4.00 45.00 49.00 NOTE
r-patched-linux-x86_64 0.5.5 1.00 24.10 25.11 NOTE
r-patched-solaris-sparc 0.5.5 297.70 NOTE
r-patched-solaris-x86 0.5.5 76.60 NOTE
r-release-linux-ix86 0.5.5 1.36 34.36 35.72 NOTE
r-release-linux-x86_64 0.5.5 0.96 24.85 25.80 NOTE
r-release-osx-x86_64-mavericks 0.5.5 NOTE
r-release-osx-x86_64-snowleopard 0.5.5 OK
r-release-windows-ix86+x86_64 0.5.5 4.00 44.00 48.00 NOTE
r-oldrel-windows-ix86+x86_64 0.5.5 5.00 43.00 48.00 NOTE

Check Details

Version: 0.5.5
Check: dependencies in R code
Result: NOTE
    Packages in Depends field not imported from:
     ‘ellipse’ ‘mvmeta’ ‘mvtnorm’
     These packages need to be imported from (in the NAMESPACE file)
     for when this namespace is loaded but not attached.
    See the information on DESCRIPTION files in the chapter ‘Creating R
    packages’ of the ‘Writing R Extensions’ manual.
Flavors: r-devel-linux-x86_64-debian-clang, r-devel-linux-x86_64-debian-gcc, r-devel-linux-x86_64-fedora-clang, r-devel-linux-x86_64-fedora-gcc, r-devel-osx-x86_64-clang, r-devel-windows-ix86+x86_64, r-patched-linux-x86_64, r-patched-solaris-sparc, r-patched-solaris-x86, r-release-linux-ix86, r-release-linux-x86_64, r-release-osx-x86_64-mavericks, r-release-windows-ix86+x86_64, r-oldrel-windows-ix86+x86_64