CRAN Package Check Results for Package mada

Last updated on 2015-01-26 03:52:27.

Flavor Version Tinstall Tcheck Ttotal Status Flags
r-devel-linux-x86_64-debian-clang 0.5.6 0.91 24.23 25.14 OK
r-devel-linux-x86_64-debian-gcc 0.5.6 0.94 22.78 23.72 OK
r-devel-linux-x86_64-fedora-clang 0.5.6 52.22 NOTE
r-devel-linux-x86_64-fedora-gcc 0.5.6 50.42 NOTE
r-devel-osx-x86_64-clang 0.5.6 55.69 NOTE
r-devel-windows-ix86+x86_64 0.5.6 6.00 39.00 45.00 OK
r-patched-linux-x86_64 0.5.6 1.47 25.32 26.78 OK
r-patched-solaris-sparc 0.5.6 291.70 OK
r-patched-solaris-x86 0.5.6 68.60 OK
r-release-linux-ix86 0.5.6 1.40 32.85 34.25 OK
r-release-linux-x86_64 0.5.6 0.99 25.36 26.35 OK
r-release-osx-x86_64-mavericks 0.5.6 OK
r-release-osx-x86_64-snowleopard 0.5.6 OK
r-release-windows-ix86+x86_64 0.5.6 5.00 44.00 49.00 OK
r-oldrel-windows-ix86+x86_64 0.5.6 5.00 43.00 48.00 OK

Check Details

Version: 0.5.6
Check: S3 generic/method consistency
Result: NOTE
    Found the following apparent S3 methods exported but not registered:
     print.madad print.madauni print.summary.madauni summary.madauni
     vcov.madauni
    See section ‘Registering S3 methods’ in the ‘Writing R Extensions’
    manual.
Flavors: r-devel-linux-x86_64-fedora-clang, r-devel-linux-x86_64-fedora-gcc, r-devel-osx-x86_64-clang