CRAN Package Check Results for Package madshapR

Last updated on 2024-02-26 00:50:50 CET.

Flavor Version Tinstall Tcheck Ttotal Status Flags
r-devel-linux-x86_64-debian-clang 1.0.3 23.72 215.78 239.50 OK
r-devel-linux-x86_64-debian-gcc 1.0.3 17.37 165.42 182.79 OK
r-devel-linux-x86_64-fedora-clang 1.0.3 288.35 NOTE
r-devel-linux-x86_64-fedora-gcc 1.0.3 289.88 NOTE
r-devel-windows-x86_64 1.0.3 19.00 190.00 209.00 OK
r-patched-linux-x86_64 1.0.3 16.71 210.22 226.93 OK
r-release-linux-x86_64 1.0.3 14.61 211.43 226.04 OK
r-release-macos-arm64 1.0.3 92.00 OK
r-release-macos-x86_64 1.0.3 212.00 OK
r-release-windows-x86_64 1.0.3 25.00 236.00 261.00 OK
r-oldrel-macos-arm64 1.0.3 117.00 OK
r-oldrel-windows-x86_64 1.0.3 26.00 226.00 252.00 OK

Check Details

Version: 1.0.3
Check: data for non-ASCII characters
Result: NOTE Note: found 16 marked UTF-8 strings Flavors: r-devel-linux-x86_64-fedora-clang, r-devel-linux-x86_64-fedora-gcc