CRAN Package Check Results for Package mafs

Last updated on 2017-11-18 23:49:50.

Flavor Version Tinstall Tcheck Ttotal Status Flags
r-devel-linux-x86_64-debian-clang 0.0.3 1.76 30.35 32.11 OK
r-devel-linux-x86_64-debian-gcc 0.0.3 2.01 33.78 35.79 OK
r-devel-linux-x86_64-fedora-clang 0.0.3 66.13 NOTE
r-devel-linux-x86_64-fedora-gcc 0.0.3 57.90 NOTE
r-devel-windows-ix86+x86_64 0.0.3 14.00 81.00 95.00 OK
r-patched-linux-x86_64 0.0.3 1.79 29.65 31.44 OK
r-patched-solaris-x86 0.0.3 89.70 NOTE
r-release-linux-x86_64 0.0.3 1.77 31.56 33.32 OK
r-release-windows-ix86+x86_64 0.0.3 10.00 80.00 90.00 OK
r-release-osx-x86_64 0.0.3 NOTE
r-oldrel-windows-ix86+x86_64 0.0.3 5.00 82.00 87.00 OK
r-oldrel-osx-x86_64 0.0.3 NOTE

Check Details

Version: 0.0.3
Check: dependencies in R code
Result: NOTE
    Namespaces in Imports field not imported from:
     ‘Rcpp’ ‘cmprsk’ ‘colorspace’ ‘etm’ ‘fracdiff’ ‘gtable’ ‘munsell’
     ‘numDeriv’ ‘plyr’ ‘quadprog’ ‘scales’ ‘timeDate’ ‘tseries’ ‘zoo’
     All declared Imports should be used.
Flavors: r-devel-linux-x86_64-fedora-clang, r-devel-linux-x86_64-fedora-gcc, r-patched-solaris-x86, r-release-osx-x86_64, r-oldrel-osx-x86_64