CRAN Package Check Results for Package mafs

Last updated on 2018-07-21 00:55:06 CEST.

Flavor Version Tinstall Tcheck Ttotal Status Flags
r-devel-linux-x86_64-debian-clang 0.0.3 3.87 59.21 63.08 OK
r-devel-linux-x86_64-debian-gcc 0.0.3 3.42 45.03 48.45 OK
r-devel-linux-x86_64-fedora-clang 0.0.3 72.24 NOTE
r-devel-linux-x86_64-fedora-gcc 0.0.3 66.79 NOTE
r-devel-windows-ix86+x86_64 0.0.3 8.00 69.00 77.00 OK
r-patched-linux-x86_64 0.0.3 OK
r-patched-solaris-x86 0.0.3 104.70 NOTE
r-release-linux-x86_64 0.0.3 3.78 49.85 53.63 OK
r-release-windows-ix86+x86_64 0.0.3 16.00 86.00 102.00 OK
r-release-osx-x86_64 0.0.3 NOTE
r-oldrel-windows-ix86+x86_64 0.0.3 8.00 111.00 119.00 OK
r-oldrel-osx-x86_64 0.0.3 NOTE

Check Details

Version: 0.0.3
Check: dependencies in R code
Result: NOTE
    Namespaces in Imports field not imported from:
     ‘Rcpp’ ‘cmprsk’ ‘colorspace’ ‘etm’ ‘fracdiff’ ‘gtable’ ‘munsell’
     ‘numDeriv’ ‘plyr’ ‘quadprog’ ‘scales’ ‘timeDate’ ‘tseries’ ‘zoo’
     All declared Imports should be used.
Flavors: r-devel-linux-x86_64-fedora-clang, r-devel-linux-x86_64-fedora-gcc, r-patched-solaris-x86, r-release-osx-x86_64, r-oldrel-osx-x86_64