CRAN Package Check Results for Package mafs

Last updated on 2018-10-16 11:48:09 CEST.

Flavor Version Tinstall Tcheck Ttotal Status Flags
r-devel-linux-x86_64-debian-clang 0.0.3 4.24 58.06 62.30 OK
r-devel-linux-x86_64-debian-gcc 0.0.3 3.85 45.87 49.72 OK
r-devel-linux-x86_64-fedora-clang 0.0.3 72.84 NOTE
r-devel-linux-x86_64-fedora-gcc 0.0.3 69.00 NOTE
r-devel-windows-ix86+x86_64 0.0.3 15.00 98.00 113.00 OK
r-patched-linux-x86_64 0.0.3 2.96 49.29 52.25 OK
r-patched-solaris-x86 0.0.3 98.90 NOTE
r-release-linux-x86_64 0.0.3 2.82 48.90 51.72 OK
r-release-windows-ix86+x86_64 0.0.3 13.00 92.00 105.00 OK
r-release-osx-x86_64 0.0.3 NOTE
r-oldrel-windows-ix86+x86_64 0.0.3 12.00 71.00 83.00 OK
r-oldrel-osx-x86_64 0.0.3 NOTE

Check Details

Version: 0.0.3
Check: dependencies in R code
Result: NOTE
    Namespaces in Imports field not imported from:
     ‘Rcpp’ ‘cmprsk’ ‘colorspace’ ‘etm’ ‘fracdiff’ ‘gtable’ ‘munsell’
     ‘numDeriv’ ‘plyr’ ‘quadprog’ ‘scales’ ‘timeDate’ ‘tseries’ ‘zoo’
     All declared Imports should be used.
Flavors: r-devel-linux-x86_64-fedora-clang, r-devel-linux-x86_64-fedora-gcc, r-patched-solaris-x86, r-release-osx-x86_64, r-oldrel-osx-x86_64