CRAN Package Check Results for Package mafs

Last updated on 2018-01-18 10:48:27 CET.

Flavor Version Tinstall Tcheck Ttotal Status Flags
r-devel-linux-x86_64-debian-clang 0.0.3 2.58 40.67 43.25 OK
r-devel-linux-x86_64-debian-gcc 0.0.3 1.97 35.25 37.22 OK
r-devel-linux-x86_64-fedora-clang 0.0.3 56.27 NOTE
r-devel-linux-x86_64-fedora-gcc 0.0.3 53.20 NOTE
r-devel-windows-ix86+x86_64 0.0.3 7.00 57.00 64.00 OK
r-patched-linux-x86_64 0.0.3 2.73 44.95 47.68 OK
r-patched-solaris-x86 0.0.3 91.60 NOTE
r-release-linux-x86_64 0.0.3 2.33 44.91 47.24 OK
r-release-windows-ix86+x86_64 0.0.3 7.00 59.00 66.00 OK
r-release-osx-x86_64 0.0.3 NOTE
r-oldrel-windows-ix86+x86_64 0.0.3 10.00 49.00 59.00 OK
r-oldrel-osx-x86_64 0.0.3 NOTE

Check Details

Version: 0.0.3
Check: dependencies in R code
Result: NOTE
    Namespaces in Imports field not imported from:
     ‘Rcpp’ ‘cmprsk’ ‘colorspace’ ‘etm’ ‘fracdiff’ ‘gtable’ ‘munsell’
     ‘numDeriv’ ‘plyr’ ‘quadprog’ ‘scales’ ‘timeDate’ ‘tseries’ ‘zoo’
     All declared Imports should be used.
Flavors: r-devel-linux-x86_64-fedora-clang, r-devel-linux-x86_64-fedora-gcc, r-patched-solaris-x86, r-release-osx-x86_64, r-oldrel-osx-x86_64