CRAN Package Check Results for Package magclass

Last updated on 2024-02-22 17:48:18 CET.

Flavor Version Tinstall Tcheck Ttotal Status Flags
r-devel-linux-x86_64-debian-clang 6.13.2 NOTE
r-devel-linux-x86_64-debian-gcc 6.13.2 9.65 109.44 119.09 NOTE
r-devel-linux-x86_64-fedora-clang 6.13.2 198.27 NOTE
r-devel-linux-x86_64-fedora-gcc 6.13.2 201.81 NOTE
r-devel-windows-x86_64 6.13.2 11.00 137.00 148.00 NOTE
r-patched-linux-x86_64 6.13.2 12.55 144.21 156.76 NOTE
r-release-linux-x86_64 6.13.2 11.22 141.98 153.20 NOTE
r-release-macos-arm64 6.13.2 69.00 NOTE
r-release-macos-x86_64 6.13.2 202.00 NOTE
r-release-windows-x86_64 6.13.2 15.00 166.00 181.00 NOTE
r-oldrel-macos-arm64 6.13.2 62.00 NOTE
r-oldrel-windows-x86_64 6.13.2 18.00 162.00 180.00 NOTE

Check Details

Version: 6.13.2
Check: package dependencies
Result: NOTE Packages suggested but not available for checking: 'lpjmlkit', 'quitte' Flavors: r-devel-linux-x86_64-debian-clang, r-devel-linux-x86_64-debian-gcc, r-devel-linux-x86_64-fedora-clang, r-devel-linux-x86_64-fedora-gcc, r-patched-linux-x86_64, r-release-linux-x86_64, r-release-windows-x86_64, r-oldrel-windows-x86_64

Version: 6.13.2
Check: Rd cross-references
Result: NOTE Undeclared packages ‘rlang’, ‘vctrs’ in Rd xrefs Flavor: r-devel-linux-x86_64-fedora-clang

Version: 6.13.2
Check: package dependencies
Result: NOTE Package suggested but not available for checking: 'quitte' Flavors: r-devel-windows-x86_64, r-release-macos-arm64, r-release-macos-x86_64, r-oldrel-macos-arm64