CRAN Package Check Results for Package magic

Last updated on 2016-02-12 05:48:03.

Flavor Version Tinstall Tcheck Ttotal Status Flags
r-devel-linux-x86_64-debian-gcc 1.5-6 1.10 20.72 21.82 NOTE
r-devel-linux-x86_64-fedora-clang 1.5-6 42.46 NOTE
r-devel-linux-x86_64-fedora-gcc 1.5-6 39.30 NOTE
r-devel-osx-x86_64-clang 1.5-6 49.67 NOTE
r-devel-windows-ix86+x86_64 1.5-6 8.00 44.00 52.00 NOTE
r-patched-linux-x86_64 1.5-6 1.12 22.41 23.52 NOTE
r-patched-solaris-sparc 1.5-6 268.80 NOTE
r-patched-solaris-x86 1.5-6 54.40 NOTE
r-release-linux-x86_64 1.5-6 1.17 22.20 23.37 NOTE
r-release-osx-x86_64-mavericks 1.5-6 NOTE
r-release-windows-ix86+x86_64 1.5-6 4.00 42.00 46.00 NOTE
r-oldrel-windows-ix86+x86_64 1.5-6 5.00 44.00 49.00 NOTE

Check Details

Version: 1.5-6
Check: dependencies in R code
Result: NOTE
    Package in Depends field not imported from: ‘abind’
     These packages need to be imported from (in the NAMESPACE file)
     for when this namespace is loaded but not attached.
Flavors: r-devel-linux-x86_64-debian-gcc, r-devel-linux-x86_64-fedora-clang, r-devel-linux-x86_64-fedora-gcc, r-devel-osx-x86_64-clang, r-devel-windows-ix86+x86_64, r-patched-linux-x86_64, r-patched-solaris-sparc, r-patched-solaris-x86, r-release-linux-x86_64, r-release-osx-x86_64-mavericks, r-release-windows-ix86+x86_64, r-oldrel-windows-ix86+x86_64

Version: 1.5-6
Check: R code for possible problems
Result: NOTE
    inc_to_inc : randint: no visible global function definition for ‘runif’
    is.alicehypercube: no visible global function definition for ‘combn’
    magicplot: no visible global function definition for ‘par’
    magicplot: no visible global function definition for ‘plot’
    magicplot: no visible global function definition for ‘text’
    magicplot: no visible global function definition for ‘points’
    magicplot: no visible global function definition for ‘lines’
    Undefined global functions or variables:
     combn lines par plot points runif text
    Consider adding
     importFrom("graphics", "lines", "par", "plot", "points", "text")
     importFrom("stats", "runif")
     importFrom("utils", "combn")
    to your NAMESPACE file.
Flavors: r-devel-linux-x86_64-debian-gcc, r-devel-linux-x86_64-fedora-clang, r-devel-linux-x86_64-fedora-gcc, r-devel-osx-x86_64-clang, r-devel-windows-ix86+x86_64