CRAN Package Check Results for Package magic

Last updated on 2017-12-16 05:47:56 CET.

Flavor Version Tinstall Tcheck Ttotal Status Flags
r-devel-linux-x86_64-debian-clang 1.5-6 1.30 44.98 46.28 NOTE
r-devel-linux-x86_64-debian-gcc 1.5-6 1.26 35.69 36.95 NOTE
r-devel-linux-x86_64-fedora-clang 1.5-6 54.44 NOTE
r-devel-linux-x86_64-fedora-gcc 1.5-6 51.73 NOTE
r-devel-windows-ix86+x86_64 1.5-6 9.00 61.00 70.00 NOTE
r-patched-linux-x86_64 1.5-6 1.44 44.35 45.79 NOTE
r-patched-solaris-x86 1.5-6 70.10 NOTE
r-release-linux-x86_64 1.5-6 1.40 43.82 45.22 NOTE
r-release-windows-ix86+x86_64 1.5-6 5.00 63.00 68.00 NOTE
r-release-osx-x86_64 1.5-6 NOTE
r-oldrel-windows-ix86+x86_64 1.5-6 3.00 56.00 59.00 NOTE
r-oldrel-osx-x86_64 1.5-6 NOTE

Check Details

Version: 1.5-6
Check: dependencies in R code
Result: NOTE
    Package in Depends field not imported from: ‘abind’
     These packages need to be imported from (in the NAMESPACE file)
     for when this namespace is loaded but not attached.
Flavors: r-devel-linux-x86_64-debian-clang, r-devel-linux-x86_64-debian-gcc, r-devel-linux-x86_64-fedora-clang, r-devel-linux-x86_64-fedora-gcc, r-devel-windows-ix86+x86_64, r-patched-linux-x86_64, r-patched-solaris-x86, r-release-linux-x86_64, r-release-windows-ix86+x86_64, r-release-osx-x86_64, r-oldrel-windows-ix86+x86_64, r-oldrel-osx-x86_64

Version: 1.5-6
Check: R code for possible problems
Result: NOTE
    inc_to_inc : randint: no visible global function definition for ‘runif’
    is.alicehypercube: no visible global function definition for ‘combn’
    magicplot: no visible global function definition for ‘par’
    magicplot: no visible global function definition for ‘plot’
    magicplot: no visible global function definition for ‘text’
    magicplot: no visible global function definition for ‘points’
    magicplot: no visible global function definition for ‘lines’
    Undefined global functions or variables:
     combn lines par plot points runif text
    Consider adding
     importFrom("graphics", "lines", "par", "plot", "points", "text")
     importFrom("stats", "runif")
     importFrom("utils", "combn")
    to your NAMESPACE file.
Flavors: r-devel-linux-x86_64-debian-clang, r-devel-linux-x86_64-debian-gcc, r-devel-linux-x86_64-fedora-clang, r-devel-linux-x86_64-fedora-gcc, r-devel-windows-ix86+x86_64, r-patched-linux-x86_64, r-patched-solaris-x86, r-release-linux-x86_64, r-release-windows-ix86+x86_64, r-release-osx-x86_64, r-oldrel-windows-ix86+x86_64, r-oldrel-osx-x86_64