CRAN Package Check Results for Package magic

Last updated on 2015-05-26 15:47:33.

Flavor Version Tinstall Tcheck Ttotal Status Flags
r-devel-linux-x86_64-debian-clang 1.5-6 1.12 23.06 24.18 NOTE
r-devel-linux-x86_64-debian-gcc 1.5-6 1.05 21.99 23.04 NOTE
r-devel-linux-x86_64-fedora-clang 1.5-6 47.20 NOTE
r-devel-linux-x86_64-fedora-gcc 1.5-6 43.46 NOTE
r-devel-osx-x86_64-clang 1.5-6 49.81 NOTE
r-devel-windows-ix86+x86_64 1.5-6 4.00 42.00 46.00 NOTE
r-patched-linux-x86_64 1.5-6 1.22 22.82 24.04 NOTE
r-patched-solaris-sparc 1.5-6 311.20 NOTE
r-patched-solaris-x86 1.5-6 60.00 NOTE
r-release-linux-x86_64 1.5-6 1.07 22.63 23.70 NOTE
r-release-osx-x86_64-mavericks 1.5-6 NOTE
r-release-osx-x86_64-snowleopard 1.5-6 NOTE
r-release-windows-ix86+x86_64 1.5-6 3.00 47.00 50.00 NOTE
r-oldrel-windows-ix86+x86_64 1.5-6 5.00 44.00 49.00 NOTE

Check Details

Version: 1.5-6
Check: dependencies in R code
Result: NOTE
    Package in Depends field not imported from: ‘abind’
     These packages need to be imported from (in the NAMESPACE file)
     for when this namespace is loaded but not attached.
Flavors: r-devel-linux-x86_64-debian-clang, r-devel-linux-x86_64-debian-gcc, r-devel-linux-x86_64-fedora-clang, r-devel-linux-x86_64-fedora-gcc, r-devel-osx-x86_64-clang, r-devel-windows-ix86+x86_64, r-patched-linux-x86_64, r-patched-solaris-sparc, r-patched-solaris-x86, r-release-linux-x86_64, r-release-osx-x86_64-mavericks, r-release-osx-x86_64-snowleopard, r-release-windows-ix86+x86_64, r-oldrel-windows-ix86+x86_64