CRAN Package Check Results for Package magic

Last updated on 2015-04-27 10:48:49.

Flavor Version Tinstall Tcheck Ttotal Status Flags
r-devel-linux-x86_64-debian-clang 1.5-6 1.07 23.55 24.62 NOTE
r-devel-linux-x86_64-debian-gcc 1.5-6 1.19 22.54 23.74 NOTE
r-devel-linux-x86_64-fedora-clang 1.5-6 46.78 NOTE
r-devel-linux-x86_64-fedora-gcc 1.5-6 45.62 NOTE
r-devel-osx-x86_64-clang 1.5-6 49.99 NOTE
r-devel-windows-ix86+x86_64 1.5-6 4.00 44.00 48.00 NOTE
r-patched-linux-x86_64 1.5-6 1.04 23.03 24.08 NOTE
r-patched-solaris-sparc 1.5-6 291.80 NOTE
r-patched-solaris-x86 1.5-6 59.70 NOTE
r-release-linux-x86_64 1.5-6 1.06 22.49 23.54 NOTE
r-release-osx-x86_64-mavericks 1.5-6 NOTE
r-release-osx-x86_64-snowleopard 1.5-6 NOTE
r-release-windows-ix86+x86_64 1.5-6 3.00 47.00 50.00 NOTE
r-oldrel-windows-ix86+x86_64 1.5-6 5.00 44.00 49.00 NOTE

Check Details

Version: 1.5-6
Check: dependencies in R code
Result: NOTE
    Package in Depends field not imported from: ‘abind’
     These packages need to be imported from (in the NAMESPACE file)
     for when this namespace is loaded but not attached.
Flavors: r-devel-linux-x86_64-debian-clang, r-devel-linux-x86_64-debian-gcc, r-devel-linux-x86_64-fedora-clang, r-devel-linux-x86_64-fedora-gcc, r-devel-osx-x86_64-clang, r-devel-windows-ix86+x86_64, r-patched-solaris-sparc, r-patched-solaris-x86, r-release-osx-x86_64-mavericks, r-release-osx-x86_64-snowleopard, r-release-windows-ix86+x86_64, r-oldrel-windows-ix86+x86_64