CRAN Package Check Results for Package magic

Last updated on 2014-04-19 18:47:43.

Flavor Version Tinstall Tcheck Ttotal Status Flags
r-devel-linux-x86_64-debian-clang 1.5-6 1.13 23.73 24.86 NOTE
r-devel-linux-x86_64-debian-gcc 1.5-6 1.24 24.42 25.66 NOTE
r-devel-linux-x86_64-fedora-clang 1.5-6 51.14 NOTE
r-devel-linux-x86_64-fedora-gcc 1.5-6 50.79 NOTE
r-devel-macosx-x86_64-clang 1.5-6 46.06 NOTE
r-devel-macosx-x86_64-gcc 1.5-6 NOTE
r-devel-windows-ix86+x86_64 1.5-6 3.00 39.00 42.00 NOTE
r-patched-linux-x86_64 1.5-6 1.14 23.47 24.60 NOTE
r-patched-solaris-sparc 1.5-6 281.20 NOTE
r-patched-solaris-x86 1.5-6 65.70 NOTE
r-release-linux-ix86 NOTE
r-release-linux-x86_64 1.5-6 1.17 23.68 24.84 NOTE
r-release-macosx-x86_64 1.5-6 OK
r-release-windows-ix86+x86_64 1.5-6 5.00 55.00 60.00 NOTE
r-oldrel-windows-ix86+x86_64 1.5-6 3.00 44.00 47.00 NOTE

Check Details

Version: 1.5-6
Check: dependencies in R code
Result: NOTE
    Package in Depends field not imported from: ‘abind’
     These packages need to be imported from (in the NAMESPACE file)
     for when this namespace is loaded but not attached.
    See the information on DESCRIPTION files in the chapter ‘Creating R
    packages’ of the ‘Writing R Extensions’ manual.
Flavors: r-devel-linux-x86_64-debian-clang, r-devel-linux-x86_64-debian-gcc, r-devel-linux-x86_64-fedora-clang, r-devel-linux-x86_64-fedora-gcc, r-devel-macosx-x86_64-clang, r-devel-macosx-x86_64-gcc, r-devel-windows-ix86+x86_64, r-patched-linux-x86_64, r-patched-solaris-sparc, r-patched-solaris-x86, r-release-linux-ix86, r-release-linux-x86_64, r-release-windows-ix86+x86_64, r-oldrel-windows-ix86+x86_64