CRAN Package Check Results for Package magic

Last updated on 2017-02-21 13:48:21.

Flavor Version Tinstall Tcheck Ttotal Status Flags
r-devel-linux-x86_64-debian-clang 1.5-6 1.01 29.79 30.80 NOTE
r-devel-linux-x86_64-debian-gcc 1.5-6 1.01 30.15 31.16 NOTE
r-devel-linux-x86_64-fedora-clang 1.5-6 51.93 NOTE --no-stop-on-test-error
r-devel-linux-x86_64-fedora-gcc 1.5-6 51.06 NOTE --no-stop-on-test-error
r-devel-macos-x86_64-clang 1.5-6 44.79 NOTE --no-stop-on-test-error
r-devel-windows-ix86+x86_64 1.5-6 6.00 81.00 87.00 NOTE
r-patched-linux-x86_64 1.5-6 1.03 24.42 25.45 NOTE
r-patched-solaris-sparc 1.5-6 277.20 NOTE
r-patched-solaris-x86 1.5-6 57.10 NOTE
r-release-linux-x86_64 1.5-6 0.97 23.47 24.44 NOTE
r-release-osx-x86_64-mavericks 1.5-6 NOTE
r-release-windows-ix86+x86_64 1.5-6 3.00 56.00 59.00 NOTE
r-oldrel-windows-ix86+x86_64 1.5-6 4.00 56.00 60.00 NOTE

Check Details

Version: 1.5-6
Check: dependencies in R code
Result: NOTE
    Package in Depends field not imported from: ‘abind’
     These packages need to be imported from (in the NAMESPACE file)
     for when this namespace is loaded but not attached.
Flavors: r-devel-linux-x86_64-debian-clang, r-devel-linux-x86_64-debian-gcc, r-devel-windows-ix86+x86_64, r-patched-linux-x86_64, r-patched-solaris-sparc, r-patched-solaris-x86, r-release-linux-x86_64, r-release-osx-x86_64-mavericks, r-release-windows-ix86+x86_64, r-oldrel-windows-ix86+x86_64

Version: 1.5-6
Check: R code for possible problems
Result: NOTE
    inc_to_inc : randint: no visible global function definition for ‘runif’
    is.alicehypercube: no visible global function definition for ‘combn’
    magicplot: no visible global function definition for ‘par’
    magicplot: no visible global function definition for ‘plot’
    magicplot: no visible global function definition for ‘text’
    magicplot: no visible global function definition for ‘points’
    magicplot: no visible global function definition for ‘lines’
    Undefined global functions or variables:
     combn lines par plot points runif text
    Consider adding
     importFrom("graphics", "lines", "par", "plot", "points", "text")
     importFrom("stats", "runif")
     importFrom("utils", "combn")
    to your NAMESPACE file.
Flavors: r-devel-linux-x86_64-debian-clang, r-devel-linux-x86_64-debian-gcc, r-devel-windows-ix86+x86_64, r-patched-linux-x86_64, r-patched-solaris-sparc, r-patched-solaris-x86, r-release-linux-x86_64, r-release-osx-x86_64-mavericks, r-release-windows-ix86+x86_64

Version: 1.5-6
Flags: --no-stop-on-test-error
Check: dependencies in R code
Result: NOTE
    Package in Depends field not imported from: ‘abind’
     These packages need to be imported from (in the NAMESPACE file)
     for when this namespace is loaded but not attached.
Flavors: r-devel-linux-x86_64-fedora-clang, r-devel-linux-x86_64-fedora-gcc, r-devel-macos-x86_64-clang

Version: 1.5-6
Flags: --no-stop-on-test-error
Check: R code for possible problems
Result: NOTE
    inc_to_inc : randint: no visible global function definition for ‘runif’
    is.alicehypercube: no visible global function definition for ‘combn’
    magicplot: no visible global function definition for ‘par’
    magicplot: no visible global function definition for ‘plot’
    magicplot: no visible global function definition for ‘text’
    magicplot: no visible global function definition for ‘points’
    magicplot: no visible global function definition for ‘lines’
    Undefined global functions or variables:
     combn lines par plot points runif text
    Consider adding
     importFrom("graphics", "lines", "par", "plot", "points", "text")
     importFrom("stats", "runif")
     importFrom("utils", "combn")
    to your NAMESPACE file.
Flavors: r-devel-linux-x86_64-fedora-clang, r-devel-linux-x86_64-fedora-gcc, r-devel-macos-x86_64-clang