CRAN Package Check Results for Package magic

Last updated on 2015-03-01 12:47:40.

Flavor Version Tinstall Tcheck Ttotal Status Flags
r-devel-linux-x86_64-debian-clang 1.5-6 1.09 22.56 23.64 NOTE
r-devel-linux-x86_64-debian-gcc 1.5-6 1.06 22.00 23.07 NOTE
r-devel-linux-x86_64-fedora-clang 1.5-6 48.43 NOTE
r-devel-linux-x86_64-fedora-gcc 1.5-6 44.52 NOTE
r-devel-osx-x86_64-clang 1.5-6 51.11 NOTE
r-devel-windows-ix86+x86_64 1.5-6 7.00 42.00 49.00 NOTE
r-patched-linux-x86_64 1.5-6 1.18 24.45 25.63 NOTE
r-patched-solaris-sparc 1.5-6 286.50 NOTE
r-patched-solaris-x86 1.5-6 66.80 NOTE
r-release-linux-ix86 1.5-6 2.00 33.04 35.04 NOTE
r-release-linux-x86_64 1.5-6 1.15 24.58 25.73 NOTE
r-release-osx-x86_64-mavericks 1.5-6 NOTE
r-release-osx-x86_64-snowleopard 1.5-6 OK
r-release-windows-ix86+x86_64 1.5-6 4.00 42.00 46.00 NOTE
r-oldrel-windows-ix86+x86_64 1.5-6 3.00 44.00 47.00 NOTE

Check Details

Version: 1.5-6
Check: dependencies in R code
Result: NOTE
    Package in Depends field not imported from: ‘abind’
     These packages need to be imported from (in the NAMESPACE file)
     for when this namespace is loaded but not attached.
Flavors: r-devel-linux-x86_64-debian-clang, r-devel-linux-x86_64-debian-gcc, r-devel-linux-x86_64-fedora-clang, r-devel-linux-x86_64-fedora-gcc, r-devel-osx-x86_64-clang, r-devel-windows-ix86+x86_64, r-patched-linux-x86_64, r-patched-solaris-x86

Version: 1.5-6
Check: dependencies in R code
Result: NOTE
    Package in Depends field not imported from: ‘abind’
     These packages need to be imported from (in the NAMESPACE file)
     for when this namespace is loaded but not attached.
    See the information on DESCRIPTION files in the chapter ‘Creating R
    packages’ of the ‘Writing R Extensions’ manual.
Flavors: r-patched-solaris-sparc, r-release-linux-ix86, r-release-linux-x86_64, r-release-osx-x86_64-mavericks, r-release-windows-ix86+x86_64, r-oldrel-windows-ix86+x86_64