CRAN Package Check Results for Package magic

Last updated on 2015-08-01 23:47:20.

Flavor Version Tinstall Tcheck Ttotal Status Flags
r-devel-linux-x86_64-debian-clang 1.5-6 1.17 21.76 22.93 NOTE
r-devel-linux-x86_64-debian-gcc 1.5-6 1.06 21.42 22.48 NOTE
r-devel-linux-x86_64-fedora-clang 1.5-6 45.19 NOTE
r-devel-linux-x86_64-fedora-gcc 1.5-6 42.50 NOTE
r-devel-osx-x86_64-clang 1.5-6 43.13 NOTE
r-devel-windows-ix86+x86_64 1.5-6 5.00 63.00 68.00 NOTE
r-patched-linux-x86_64 1.5-6 1.06 21.93 22.98 NOTE
r-patched-solaris-sparc 1.5-6 286.10 NOTE
r-patched-solaris-x86 1.5-6 59.50 NOTE
r-release-linux-x86_64 1.5-6 1.16 22.15 23.31 NOTE
r-release-osx-x86_64-mavericks 1.5-6 NOTE
r-release-windows-ix86+x86_64 1.5-6 4.00 43.00 47.00 NOTE
r-oldrel-windows-ix86+x86_64 1.5-6 5.00 44.00 49.00 NOTE

Check Details

Version: 1.5-6
Check: dependencies in R code
Result: NOTE
    Package in Depends field not imported from: ‘abind’
     These packages need to be imported from (in the NAMESPACE file)
     for when this namespace is loaded but not attached.
Flavors: r-devel-linux-x86_64-debian-clang, r-devel-linux-x86_64-debian-gcc, r-devel-linux-x86_64-fedora-clang, r-devel-linux-x86_64-fedora-gcc, r-devel-osx-x86_64-clang, r-devel-windows-ix86+x86_64, r-patched-linux-x86_64, r-patched-solaris-sparc, r-patched-solaris-x86, r-release-linux-x86_64, r-release-osx-x86_64-mavericks, r-release-windows-ix86+x86_64, r-oldrel-windows-ix86+x86_64

Version: 1.5-6
Check: R code for possible problems
Result: NOTE
    inc_to_inc : randint: no visible global function definition for ‘runif’
    is.alicehypercube: no visible global function definition for ‘combn’
    magicplot: no visible global function definition for ‘par’
    magicplot: no visible global function definition for ‘plot’
    magicplot: no visible global function definition for ‘text’
    magicplot: no visible global function definition for ‘points’
    magicplot: no visible global function definition for ‘lines’
    Undefined global functions or variables:
     combn lines par plot points runif text
    Consider adding
     importFrom("graphics", "lines", "par", "plot", "points", "text")
     importFrom("stats", "runif")
     importFrom("utils", "combn")
    to your NAMESPACE.
Flavors: r-devel-linux-x86_64-debian-clang, r-devel-linux-x86_64-debian-gcc, r-devel-linux-x86_64-fedora-clang, r-devel-linux-x86_64-fedora-gcc, r-devel-windows-ix86+x86_64