CRAN Package Check Results for Package magic

Last updated on 2016-06-26 08:46:37.

Flavor Version Tinstall Tcheck Ttotal Status Flags
r-devel-linux-x86_64-debian-gcc 1.5-6 1.05 23.18 24.24 NOTE
r-devel-linux-x86_64-fedora-clang 1.5-6 42.18 NOTE
r-devel-linux-x86_64-fedora-gcc 1.5-6 38.83 NOTE
r-devel-osx-x86_64-clang 1.5-6 37.29 NOTE
r-devel-windows-ix86+x86_64 1.5-6 9.00 56.00 65.00 NOTE
r-patched-linux-x86_64 1.5-6 1.06 23.40 24.46 NOTE
r-patched-solaris-sparc 1.5-6 264.30 NOTE
r-release-linux-x86_64 1.5-6 1.08 23.35 24.43 NOTE
r-release-osx-x86_64-mavericks 1.5-6 NOTE
r-release-windows-ix86+x86_64 1.5-6 9.00 66.00 75.00 NOTE
r-oldrel-windows-ix86+x86_64 1.5-6 4.00 42.00 46.00 NOTE

Check Details

Version: 1.5-6
Check: dependencies in R code
Result: NOTE
    Package in Depends field not imported from: ‘abind’
     These packages need to be imported from (in the NAMESPACE file)
     for when this namespace is loaded but not attached.
Flavors: r-devel-linux-x86_64-debian-gcc, r-devel-linux-x86_64-fedora-clang, r-devel-linux-x86_64-fedora-gcc, r-devel-osx-x86_64-clang, r-devel-windows-ix86+x86_64, r-patched-linux-x86_64, r-patched-solaris-sparc, r-patched-solaris-x86, r-release-linux-x86_64, r-release-osx-x86_64-mavericks, r-release-windows-ix86+x86_64, r-oldrel-windows-ix86+x86_64

Version: 1.5-6
Check: R code for possible problems
Result: NOTE
    inc_to_inc : randint: no visible global function definition for ‘runif’
    is.alicehypercube: no visible global function definition for ‘combn’
    magicplot: no visible global function definition for ‘par’
    magicplot: no visible global function definition for ‘plot’
    magicplot: no visible global function definition for ‘text’
    magicplot: no visible global function definition for ‘points’
    magicplot: no visible global function definition for ‘lines’
    Undefined global functions or variables:
     combn lines par plot points runif text
    Consider adding
     importFrom("graphics", "lines", "par", "plot", "points", "text")
     importFrom("stats", "runif")
     importFrom("utils", "combn")
    to your NAMESPACE file.
Flavors: r-devel-linux-x86_64-debian-gcc, r-devel-linux-x86_64-fedora-clang, r-devel-linux-x86_64-fedora-gcc, r-devel-osx-x86_64-clang, r-devel-windows-ix86+x86_64, r-patched-linux-x86_64, r-patched-solaris-sparc, r-patched-solaris-x86, r-release-linux-x86_64, r-release-osx-x86_64-mavericks, r-release-windows-ix86+x86_64