CRAN Package Check Results for Package magic

Last updated on 2017-10-17 01:48:03.

Flavor Version Tinstall Tcheck Ttotal Status Flags
r-devel-linux-x86_64-debian-clang 1.5-6 1.28 29.86 31.14 NOTE
r-devel-linux-x86_64-debian-gcc 1.5-6 1.55 33.28 34.83 NOTE
r-devel-linux-x86_64-fedora-clang 1.5-6 59.89 NOTE
r-devel-linux-x86_64-fedora-gcc 1.5-6 55.23 NOTE
r-devel-windows-ix86+x86_64 1.5-6 9.00 63.00 72.00 NOTE
r-patched-linux-x86_64 1.5-6 1.26 29.01 30.27 NOTE
r-patched-solaris-x86 1.5-6 71.70 NOTE
r-release-linux-x86_64 1.5-6 1.12 28.68 29.80 NOTE
r-release-windows-ix86+x86_64 1.5-6 5.00 63.00 68.00 NOTE
r-release-osx-x86_64 1.5-6 NOTE
r-oldrel-windows-ix86+x86_64 1.5-6 3.00 56.00 59.00 NOTE
r-oldrel-osx-x86_64 1.5-6 NOTE

Check Details

Version: 1.5-6
Check: dependencies in R code
Result: NOTE
    Package in Depends field not imported from: ‘abind’
     These packages need to be imported from (in the NAMESPACE file)
     for when this namespace is loaded but not attached.
Flavors: r-devel-linux-x86_64-debian-clang, r-devel-linux-x86_64-debian-gcc, r-devel-linux-x86_64-fedora-clang, r-devel-linux-x86_64-fedora-gcc, r-devel-windows-ix86+x86_64, r-patched-linux-x86_64, r-patched-solaris-x86, r-release-linux-x86_64, r-release-windows-ix86+x86_64, r-release-osx-x86_64, r-oldrel-windows-ix86+x86_64, r-oldrel-osx-x86_64

Version: 1.5-6
Check: R code for possible problems
Result: NOTE
    inc_to_inc : randint: no visible global function definition for ‘runif’
    is.alicehypercube: no visible global function definition for ‘combn’
    magicplot: no visible global function definition for ‘par’
    magicplot: no visible global function definition for ‘plot’
    magicplot: no visible global function definition for ‘text’
    magicplot: no visible global function definition for ‘points’
    magicplot: no visible global function definition for ‘lines’
    Undefined global functions or variables:
     combn lines par plot points runif text
    Consider adding
     importFrom("graphics", "lines", "par", "plot", "points", "text")
     importFrom("stats", "runif")
     importFrom("utils", "combn")
    to your NAMESPACE file.
Flavors: r-devel-linux-x86_64-debian-clang, r-devel-linux-x86_64-debian-gcc, r-devel-linux-x86_64-fedora-clang, r-devel-linux-x86_64-fedora-gcc, r-devel-windows-ix86+x86_64, r-patched-linux-x86_64, r-patched-solaris-x86, r-release-linux-x86_64, r-release-windows-ix86+x86_64, r-release-osx-x86_64, r-oldrel-windows-ix86+x86_64, r-oldrel-osx-x86_64