CRAN Package Check Results for Package magick

Last updated on 2019-08-20 22:47:19 CEST.

Flavor Version Tinstall Tcheck Ttotal Status Flags
r-devel-linux-x86_64-debian-clang 2.1 116.64 142.67 259.31 OK
r-devel-linux-x86_64-debian-gcc 2.1 88.61 111.45 200.06 OK
r-devel-linux-x86_64-fedora-clang 2.1 459.49 NOTE
r-devel-linux-x86_64-fedora-gcc 2.1 401.45 OK
r-devel-windows-ix86+x86_64 2.1 462.00 386.00 848.00 NOTE
r-patched-linux-x86_64 2.1 106.33 130.92 237.25 OK
r-patched-solaris-x86 2.1 246.00 WARN
r-release-linux-x86_64 2.1 110.25 131.01 241.26 OK
r-release-windows-ix86+x86_64 2.1 291.00 291.00 582.00 NOTE
r-release-osx-x86_64 2.1 NOTE
r-oldrel-windows-ix86+x86_64 2.1 379.00 383.00 762.00 NOTE
r-oldrel-osx-x86_64 2.1 NOTE

Check Details

Version: 2.1
Check: installed package size
Result: NOTE
     installed size is 13.3Mb
     sub-directories of 1Mb or more:
     doc 6.8Mb
     libs 6.1Mb
Flavors: r-devel-linux-x86_64-fedora-clang, r-devel-windows-ix86+x86_64, r-patched-solaris-x86, r-release-windows-ix86+x86_64, r-release-osx-x86_64, r-oldrel-windows-ix86+x86_64, r-oldrel-osx-x86_64

Version: 2.1
Check: package dependencies
Result: NOTE
    Packages suggested but not available for checking:
     'av', 'rsvg', 'tesseract', 'gifski'
Flavor: r-patched-solaris-x86

Version: 2.1
Check: Rd cross-references
Result: NOTE
    Packages unavailable to check Rd xrefs: ‘rsvg’, ‘tesseract’, ‘gifski’, ‘av’
Flavor: r-patched-solaris-x86

Version: 2.1
Check: re-building of vignette outputs
Result: WARN
    Error(s) in re-building vignettes:
     ...
    --- re-building ‘intro.Rmd’ using rmarkdown
    Warning in engine$weave(file, quiet = quiet, encoding = enc) :
     Pandoc (>= 1.12.3) and/or pandoc-citeproc not available. Falling back to R Markdown v1.
    Warning in library(package, lib.loc = lib.loc, character.only = TRUE, logical.return = TRUE, :
     there is no package called 'rsvg'
    Warning in library(package, lib.loc = lib.loc, character.only = TRUE, logical.return = TRUE, :
     there is no package called 'rsvg'
    Quitting from lines 227-236 (intro.Rmd)
    Error: processing vignette 'intro.Rmd' failed with diagnostics:
    Magick: non-conforming drawing primitive definition `text' @ error/draw.c/RenderMVGContent/4337
    --- failed re-building ‘intro.Rmd’
    
    SUMMARY: processing the following file failed:
     ‘intro.Rmd’
    
    Error: Vignette re-building failed.
    Execution halted
Flavor: r-patched-solaris-x86