CRAN Package Check Results for Package magma

Last updated on 2014-07-26 11:52:22.

Flavor Version Tinstall Tcheck Ttotal Status Flags
r-devel-linux-x86_64-debian-clang 1.3.0-2 1.54 19.00 20.54 NOTE --install=fake
r-devel-linux-x86_64-debian-gcc 1.3.0-2 1.52 18.23 19.76 NOTE --install=fake
r-devel-linux-x86_64-fedora-clang 1.3.0-2 40.61 NOTE --install=fake
r-devel-linux-x86_64-fedora-gcc 1.3.0-2 36.77 NOTE --install=fake
r-patched-linux-x86_64 1.3.0-2 1.56 18.55 20.11 NOTE --install=fake
r-release-linux-ix86 1.3.0-2 1.98 25.24 27.22 NOTE --install=fake
r-release-linux-x86_64 1.3.0-2 1.62 19.01 20.62 NOTE --install=fake
r-release-osx-x86_64-mavericks 1.3.0-2 ERROR
r-release-osx-x86_64-snowleopard 1.3.0-2 ERROR

Check Details

Version: 1.3.0-2
Flags: --install=fake
Check: dependencies in R code
Result: NOTE
    Package in Depends field not imported from: ‘methods’
     These packages need to be imported from (in the NAMESPACE file)
     for when this namespace is loaded but not attached.
    See the information on DESCRIPTION files in the chapter ‘Creating R
    packages’ of the ‘Writing R Extensions’ manual.
Flavors: r-devel-linux-x86_64-debian-clang, r-devel-linux-x86_64-debian-gcc, r-devel-linux-x86_64-fedora-clang, r-devel-linux-x86_64-fedora-gcc, r-patched-linux-x86_64, r-release-linux-ix86, r-release-linux-x86_64

Version: 1.3.0-2
Check: whether package can be installed
Result: ERROR
    Installation failed.
    See ‘/Builds/CRAN-QA-Simon/packages/mavericks-x86_64/results/3.1/magma.Rcheck/00install.out’ for details.
Flavor: r-release-osx-x86_64-mavericks

Version: 1.3.0-2
Check: whether package can be installed
Result: ERROR
    Installation failed.
    See ‘/Volumes/XT3/Builds/R-dev-web/QA/Simon/packages/snowleopard-x86_64/results/3.1/magma.Rcheck/00install.out’ for details.
Flavor: r-release-osx-x86_64-snowleopard