CRAN Package Check Results for Package magma

Last updated on 2014-12-20 14:47:57.

Flavor Version Tinstall Tcheck Ttotal Status Flags
r-devel-linux-x86_64-debian-clang 1.3.0-2 1.66 19.35 21.01 NOTE --install=fake
r-devel-linux-x86_64-debian-gcc 1.3.0-2 1.52 18.53 20.05 NOTE --install=fake
r-devel-linux-x86_64-fedora-clang 1.3.0-2 41.51 NOTE --install=fake
r-devel-linux-x86_64-fedora-gcc 1.3.0-2 37.64 NOTE --install=fake
r-patched-linux-x86_64 1.3.0-2 1.54 18.94 20.48 NOTE --install=fake
r-release-linux-ix86 1.3.0-2 1.92 24.87 26.79 NOTE --install=fake
r-release-linux-x86_64 1.3.0-2 1.55 19.78 21.33 NOTE --install=fake
r-release-osx-x86_64-mavericks 1.3.0-2 ERROR
r-release-osx-x86_64-snowleopard 1.3.0-2 ERROR

Check Details

Version: 1.3.0-2
Flags: --install=fake
Check: dependencies in R code
Result: NOTE
    Package in Depends field not imported from: ‘methods’
     These packages need to be imported from (in the NAMESPACE file)
     for when this namespace is loaded but not attached.
    See the information on DESCRIPTION files in the chapter ‘Creating R
    packages’ of the ‘Writing R Extensions’ manual.
Flavors: r-devel-linux-x86_64-debian-clang, r-devel-linux-x86_64-debian-gcc, r-devel-linux-x86_64-fedora-clang, r-devel-linux-x86_64-fedora-gcc, r-patched-linux-x86_64, r-release-linux-ix86, r-release-linux-x86_64

Version: 1.3.0-2
Check: whether package can be installed
Result: ERROR
    Installation failed.
Flavors: r-release-osx-x86_64-mavericks, r-release-osx-x86_64-snowleopard