CRAN Package Check Results for Package magma

Last updated on 2014-11-25 22:47:13.

Flavor Version Tinstall Tcheck Ttotal Status Flags
r-devel-linux-x86_64-debian-clang 1.3.0-2 1.68 18.93 20.61 NOTE --install=fake
r-devel-linux-x86_64-debian-gcc 1.3.0-2 1.41 17.90 19.31 NOTE --install=fake
r-devel-linux-x86_64-fedora-clang 1.3.0-2 40.56 NOTE --install=fake
r-devel-linux-x86_64-fedora-gcc 1.3.0-2 38.31 NOTE --install=fake
r-patched-linux-x86_64 1.3.0-2 1.56 19.01 20.57 NOTE --install=fake
r-release-linux-ix86 1.3.0-2 1.91 24.98 26.88 NOTE --install=fake
r-release-linux-x86_64 1.3.0-2 1.56 19.12 20.68 NOTE --install=fake
r-release-osx-x86_64-mavericks 1.3.0-2 ERROR
r-release-osx-x86_64-snowleopard 1.3.0-2 ERROR

Check Details

Version: 1.3.0-2
Flags: --install=fake
Check: dependencies in R code
Result: NOTE
    Package in Depends field not imported from: ‘methods’
     These packages need to be imported from (in the NAMESPACE file)
     for when this namespace is loaded but not attached.
    See the information on DESCRIPTION files in the chapter ‘Creating R
    packages’ of the ‘Writing R Extensions’ manual.
Flavors: r-devel-linux-x86_64-debian-clang, r-devel-linux-x86_64-debian-gcc, r-devel-linux-x86_64-fedora-clang, r-devel-linux-x86_64-fedora-gcc, r-patched-linux-x86_64, r-release-linux-ix86, r-release-linux-x86_64

Version: 1.3.0-2
Check: whether package can be installed
Result: ERROR
    Installation failed.
Flavors: r-release-osx-x86_64-mavericks, r-release-osx-x86_64-snowleopard