CRAN Package Check Results for Package magma

Last updated on 2015-01-26 16:46:44.

Flavor Version Tinstall Tcheck Ttotal Status Flags
r-devel-linux-x86_64-debian-clang 1.3.0-2 1.41 17.88 19.30 WARN --install=fake
r-devel-linux-x86_64-debian-gcc 1.3.0-2 1.36 17.39 18.75 WARN --install=fake
r-devel-linux-x86_64-fedora-clang 1.3.0-2 40.12 WARN --install=fake
r-devel-linux-x86_64-fedora-gcc 1.3.0-2 37.07 WARN --install=fake
r-patched-linux-x86_64 1.3.0-2 1.52 19.69 21.22 WARN --install=fake
r-release-linux-ix86 1.3.0-2 1.92 24.98 26.91 NOTE --install=fake
r-release-linux-x86_64 1.3.0-2 1.56 19.41 20.96 NOTE --install=fake
r-release-osx-x86_64-mavericks 1.3.0-2 ERROR
r-release-osx-x86_64-snowleopard 1.3.0-2 ERROR

Check Details

Version: 1.3.0-2
Flags: --install=fake
Check: dependencies in R code
Result: NOTE
    Package in Depends field not imported from: ‘methods’
     These packages need to be imported from (in the NAMESPACE file)
     for when this namespace is loaded but not attached.
Flavors: r-devel-linux-x86_64-debian-clang, r-devel-linux-x86_64-debian-gcc, r-devel-linux-x86_64-fedora-clang, r-devel-linux-x86_64-fedora-gcc

Version: 1.3.0-2
Flags: --install=fake
Check: for GNU extensions in Makefiles
Result: WARN
    Found the following file(s) containing GNU extensions:
     src/Makefile.in
    Portable Makefiles do not use GNU extensions such as +=, :=, $(shell),
    $(wildcard), ifeq ... endif. See section ‘Writing portable packages’ in
    the ‘Writing R Extensions’ manual.
Flavors: r-devel-linux-x86_64-debian-clang, r-devel-linux-x86_64-debian-gcc, r-devel-linux-x86_64-fedora-clang, r-devel-linux-x86_64-fedora-gcc, r-patched-linux-x86_64

Version: 1.3.0-2
Flags: --install=fake
Check: dependencies in R code
Result: NOTE
    Package in Depends field not imported from: ‘methods’
     These packages need to be imported from (in the NAMESPACE file)
     for when this namespace is loaded but not attached.
    See the information on DESCRIPTION files in the chapter ‘Creating R
    packages’ of the ‘Writing R Extensions’ manual.
Flavors: r-patched-linux-x86_64, r-release-linux-ix86, r-release-linux-x86_64

Version: 1.3.0-2
Check: whether package can be installed
Result: ERROR
    Installation failed.
Flavors: r-release-osx-x86_64-mavericks, r-release-osx-x86_64-snowleopard