CRAN Package Check Results for Package magma

Last updated on 2014-04-20 03:47:30.

Flavor Version Tinstall Tcheck Ttotal Status Flags
r-devel-linux-x86_64-debian-clang 1.3.0-2 1.68 20.57 22.25 NOTE --install=fake
r-devel-linux-x86_64-debian-gcc 1.3.0-2 1.72 20.79 22.51 NOTE --install=fake
r-devel-linux-x86_64-fedora-clang 1.3.0-2 40.77 NOTE --install=fake
r-devel-linux-x86_64-fedora-gcc 1.3.0-2 39.65 NOTE --install=fake
r-devel-macosx-x86_64-gcc 1.3.0-2 ERROR
r-patched-linux-x86_64 1.3.0-2 1.66 20.59 22.25 NOTE --install=fake
r-release-linux-ix86 NOTE --install=fake
r-release-linux-x86_64 1.3.0-2 1.68 20.41 22.10 NOTE --install=fake
r-release-macosx-x86_64 1.3.0-2 ERROR

Check Details

Version: 1.3.0-2
Flags: --install=fake
Check: dependencies in R code
Result: NOTE
    Package in Depends field not imported from: ‘methods’
     These packages need to be imported from (in the NAMESPACE file)
     for when this namespace is loaded but not attached.
    See the information on DESCRIPTION files in the chapter ‘Creating R
    packages’ of the ‘Writing R Extensions’ manual.
Flavors: r-devel-linux-x86_64-debian-clang, r-devel-linux-x86_64-debian-gcc, r-devel-linux-x86_64-fedora-clang, r-devel-linux-x86_64-fedora-gcc, r-patched-linux-x86_64, r-release-linux-ix86, r-release-linux-x86_64

Version: 1.3.0-2
Check: whether package can be installed
Result: ERROR
    Installation failed.
    See ‘/Volumes/XT3/Builds/R-dev-web/QA/Simon/packages/snowleopard-x86_64/results/3.2/magma.Rcheck/00install.out’ for details.
Flavor: r-devel-macosx-x86_64-gcc

Version: 1.3.0-2
Check: whether package can be installed
Result: ERROR
    Installation failed.
    See ‘/Volumes/XT3/Builds/R-dev-web/QA/Simon/packages/snowleopard-x86_64/results/3.1/magma.Rcheck/00install.out’ for details.
Flavor: r-release-macosx-x86_64