CRAN Package Check Results for Package magma

Last updated on 2015-03-06 14:47:00.

Flavor Version Tinstall Tcheck Ttotal Status Flags
r-devel-linux-x86_64-debian-clang 1.3.0-2 1.17 15.83 17.00 WARN --install=fake
r-devel-linux-x86_64-debian-gcc 1.3.0-2 1.11 14.89 16.00 WARN --install=fake
r-devel-linux-x86_64-fedora-clang 1.3.0-2 30.94 WARN --install=fake
r-devel-linux-x86_64-fedora-gcc 1.3.0-2 30.22 WARN --install=fake
r-patched-linux-x86_64 1.3.0-2 1.51 19.85 21.36 WARN --install=fake
r-release-linux-ix86 1.3.0-2 1.87 26.05 27.92 NOTE --install=fake
r-release-linux-x86_64 1.3.0-2 1.69 19.38 21.06 NOTE --install=fake
r-release-osx-x86_64-mavericks 1.3.0-2 ERROR
r-release-osx-x86_64-snowleopard 1.3.0-2 ERROR

Check Details

Version: 1.3.0-2
Flags: --install=fake
Check: dependencies in R code
Result: NOTE
    Package in Depends field not imported from: ‘methods’
     These packages need to be imported from (in the NAMESPACE file)
     for when this namespace is loaded but not attached.
Flavors: r-devel-linux-x86_64-debian-clang, r-devel-linux-x86_64-debian-gcc, r-devel-linux-x86_64-fedora-clang, r-devel-linux-x86_64-fedora-gcc, r-patched-linux-x86_64

Version: 1.3.0-2
Flags: --install=fake
Check: for GNU extensions in Makefiles
Result: WARN
    Found the following file(s) containing GNU extensions:
     src/Makefile.in
    Portable Makefiles do not use GNU extensions such as +=, :=, $(shell),
    $(wildcard), ifeq ... endif. See section ‘Writing portable packages’ in
    the ‘Writing R Extensions’ manual.
Flavors: r-devel-linux-x86_64-debian-clang, r-devel-linux-x86_64-debian-gcc, r-devel-linux-x86_64-fedora-clang, r-devel-linux-x86_64-fedora-gcc, r-patched-linux-x86_64

Version: 1.3.0-2
Flags: --install=fake
Check: dependencies in R code
Result: NOTE
    Package in Depends field not imported from: ‘methods’
     These packages need to be imported from (in the NAMESPACE file)
     for when this namespace is loaded but not attached.
    See the information on DESCRIPTION files in the chapter ‘Creating R
    packages’ of the ‘Writing R Extensions’ manual.
Flavors: r-release-linux-ix86, r-release-linux-x86_64

Version: 1.3.0-2
Check: whether package can be installed
Result: ERROR
    Installation failed.
Flavors: r-release-osx-x86_64-mavericks, r-release-osx-x86_64-snowleopard