CRAN Package Check Results for Package magma

Last updated on 2014-10-01 03:48:13.

Flavor Version Tinstall Tcheck Ttotal Status Flags
r-devel-linux-x86_64-debian-clang 1.3.0-2 1.60 18.75 20.35 NOTE --install=fake
r-devel-linux-x86_64-debian-gcc 1.3.0-2 1.46 18.18 19.64 NOTE --install=fake
r-devel-linux-x86_64-fedora-clang 1.3.0-2 40.19 NOTE --install=fake
r-devel-linux-x86_64-fedora-gcc 1.3.0-2 36.70 NOTE --install=fake
r-patched-linux-x86_64 1.3.0-2 1.57 19.02 20.59 NOTE --install=fake
r-release-linux-ix86 1.3.0-2 2.13 25.94 28.07 NOTE --install=fake
r-release-linux-x86_64 1.3.0-2 1.60 19.06 20.66 NOTE --install=fake
r-release-osx-x86_64-mavericks 1.3.0-2 ERROR
r-release-osx-x86_64-snowleopard 1.3.0-2 ERROR

Check Details

Version: 1.3.0-2
Flags: --install=fake
Check: dependencies in R code
Result: NOTE
    Package in Depends field not imported from: ‘methods’
     These packages need to be imported from (in the NAMESPACE file)
     for when this namespace is loaded but not attached.
    See the information on DESCRIPTION files in the chapter ‘Creating R
    packages’ of the ‘Writing R Extensions’ manual.
Flavors: r-devel-linux-x86_64-debian-clang, r-devel-linux-x86_64-debian-gcc, r-devel-linux-x86_64-fedora-clang, r-devel-linux-x86_64-fedora-gcc, r-patched-linux-x86_64, r-release-linux-ix86, r-release-linux-x86_64

Version: 1.3.0-2
Check: whether package can be installed
Result: ERROR
    Installation failed.
Flavors: r-release-osx-x86_64-mavericks, r-release-osx-x86_64-snowleopard