CRAN Package Check Results for Package maic

Last updated on 2024-02-25 15:51:24 CET.

Flavor Version Tinstall Tcheck Ttotal Status Flags
r-devel-linux-x86_64-debian-clang 0.1.4 3.34 42.90 46.24 NOTE
r-devel-linux-x86_64-debian-gcc 0.1.4 2.67 32.79 35.46 NOTE
r-devel-linux-x86_64-fedora-clang 0.1.4 57.03 NOTE
r-devel-linux-x86_64-fedora-gcc 0.1.4 54.58 NOTE
r-devel-windows-x86_64 0.1.4 5.00 57.00 62.00 NOTE
r-patched-linux-x86_64 0.1.4 11.96 42.28 54.24 NOTE
r-release-linux-x86_64 0.1.4 3.39 42.38 45.77 NOTE
r-release-macos-arm64 0.1.4 24.00 NOTE
r-release-macos-x86_64 0.1.4 31.00 NOTE
r-release-windows-x86_64 0.1.4 6.00 54.00 60.00 NOTE
r-oldrel-macos-arm64 0.1.4 23.00 OK
r-oldrel-windows-x86_64 0.1.4 6.00 63.00 69.00 OK

Check Details

Version: 0.1.4
Check: package subdirectories
Result: NOTE Problems with news in ‘NEWS.md’: No news entries found. Flavors: r-devel-linux-x86_64-debian-clang, r-devel-linux-x86_64-debian-gcc, r-devel-linux-x86_64-fedora-clang, r-devel-linux-x86_64-fedora-gcc, r-devel-windows-x86_64, r-patched-linux-x86_64, r-release-linux-x86_64, r-release-macos-arm64, r-release-macos-x86_64, r-release-windows-x86_64