CRAN Package Check Results for Package makemyprior

Last updated on 2021-12-03 17:49:07 CET.

Flavor Version Tinstall Tcheck Ttotal Status Flags
r-devel-linux-x86_64-debian-clang 1.0.0 19.65 155.13 174.78 NOTE
r-devel-linux-x86_64-debian-gcc 1.0.0 12.35 117.54 129.89 NOTE
r-devel-linux-x86_64-fedora-clang 1.0.0 213.16 NOTE
r-devel-linux-x86_64-fedora-gcc 1.0.0 196.07 NOTE
r-devel-windows-x86_64-new-UL 1.0.0 38.00 219.00 257.00 NOTE
r-devel-windows-x86_64-new-TK 1.0.0 NOTE
r-devel-windows-x86_64-old 1.0.0 31.00 149.00 180.00 OK
r-patched-linux-x86_64 1.0.0 17.17 155.40 172.57 NOTE
r-release-linux-x86_64 1.0.0 17.59 153.03 170.62 NOTE
r-release-macos-arm64 1.0.0 NOTE
r-release-macos-x86_64 1.0.0 WARN
r-release-windows-ix86+x86_64 1.0.0 37.00 192.00 229.00 OK
r-oldrel-macos-x86_64 1.0.0 WARN
r-oldrel-windows-ix86+x86_64 1.0.0 39.00 187.00 226.00 OK

Check Details

Version: 1.0.0
Check: package dependencies
Result: NOTE
    Package suggested but not available for checking: 'INLA'
Flavors: r-devel-linux-x86_64-debian-clang, r-devel-linux-x86_64-debian-gcc, r-devel-windows-x86_64-new-UL, r-devel-windows-x86_64-new-TK, r-patched-linux-x86_64, r-release-linux-x86_64, r-release-macos-arm64, r-release-macos-x86_64, r-oldrel-macos-x86_64

Version: 1.0.0
Check: Rd cross-references
Result: NOTE
    Package unavailable to check Rd xrefs: 'INLA'
Flavors: r-devel-linux-x86_64-debian-clang, r-devel-linux-x86_64-debian-gcc, r-devel-windows-x86_64-new-UL, r-devel-windows-x86_64-new-TK, r-patched-linux-x86_64, r-release-linux-x86_64, r-release-macos-arm64, r-release-macos-x86_64, r-oldrel-macos-x86_64

Version: 1.0.0
Check: dependencies in R code
Result: NOTE
    Namespaces in Imports field not imported from:
     ‘knitr’ ‘rmarkdown’ ‘testthat’
     All declared Imports should be used.
Flavors: r-devel-linux-x86_64-fedora-clang, r-devel-linux-x86_64-fedora-gcc, r-devel-windows-x86_64-new-TK, r-release-macos-arm64, r-release-macos-x86_64, r-oldrel-macos-x86_64

Version: 1.0.0
Check: re-building of vignette outputs
Result: WARN
    Error(s) in re-building vignettes:
    --- re-building ‘latin_square.Rmd’ using rmarkdown
    Warning in engine$weave(file, quiet = quiet, encoding = enc) :
     Pandoc (>= 1.12.3) not available. Falling back to R Markdown v1.
    Quitting from lines 90-91 (latin_square.Rmd)
    Error: processing vignette 'latin_square.Rmd' failed with diagnostics:
    invalid 'path' argument
    --- failed re-building ‘latin_square.Rmd’
    
    --- re-building ‘make_prior.Rmd’ using rmarkdown
    Warning in engine$weave(file, quiet = quiet, encoding = enc) :
     Pandoc (>= 1.12.3) not available. Falling back to R Markdown v1.
    Quitting from lines 141-145 (make_prior.Rmd)
    Error: processing vignette 'make_prior.Rmd' failed with diagnostics:
    invalid 'path' argument
    --- failed re-building ‘make_prior.Rmd’
    
    --- re-building ‘neonatal_mortality.Rmd’ using rmarkdown
    Warning in engine$weave(file, quiet = quiet, encoding = enc) :
     Pandoc (>= 1.12.3) not available. Falling back to R Markdown v1.
    --- finished re-building ‘neonatal_mortality.Rmd’
    
    --- re-building ‘wheat_breeding.Rmd’ using rmarkdown
    Warning in engine$weave(file, quiet = quiet, encoding = enc) :
     Pandoc (>= 1.12.3) not available. Falling back to R Markdown v1.
    Quitting from lines 94-95 (wheat_breeding.Rmd)
    Error: processing vignette 'wheat_breeding.Rmd' failed with diagnostics:
    invalid 'path' argument
    --- failed re-building ‘wheat_breeding.Rmd’
    
    SUMMARY: processing the following files failed:
     ‘latin_square.Rmd’ ‘make_prior.Rmd’ ‘wheat_breeding.Rmd’
    
    Error: Vignette re-building failed.
    Execution halted
Flavors: r-release-macos-x86_64, r-oldrel-macos-x86_64