CRAN Package Check Results for Package mallet

Last updated on 2019-02-17 18:46:53 CET.

Flavor Version Tinstall Tcheck Ttotal Status Flags
r-devel-linux-x86_64-debian-clang 1.0 2.34 31.20 33.54 NOTE
r-devel-linux-x86_64-debian-gcc 1.0 2.10 24.58 26.68 NOTE
r-devel-linux-x86_64-fedora-clang 1.0 41.49 NOTE
r-devel-linux-x86_64-fedora-gcc 1.0 38.23 NOTE
r-devel-windows-ix86+x86_64 1.0 6.00 45.00 51.00 NOTE
r-patched-linux-x86_64 1.0 1.80 29.75 31.55 NOTE
r-patched-solaris-x86 1.0 57.30 NOTE
r-release-linux-x86_64 1.0 NOTE
r-release-windows-ix86+x86_64 1.0 5.00 44.00 49.00 NOTE
r-release-osx-x86_64 1.0 NOTE
r-oldrel-windows-ix86+x86_64 1.0 6.00 57.00 63.00 NOTE
r-oldrel-osx-x86_64 1.0 NOTE

Check Details

Version: 1.0
Check: dependencies in R code
Result: NOTE
    Package in Depends field not imported from: ‘rJava’
     These packages need to be imported from (in the NAMESPACE file)
     for when this namespace is loaded but not attached.
Flavors: r-devel-linux-x86_64-debian-clang, r-devel-linux-x86_64-debian-gcc, r-devel-linux-x86_64-fedora-clang, r-devel-linux-x86_64-fedora-gcc, r-devel-windows-ix86+x86_64, r-patched-linux-x86_64, r-patched-solaris-x86, r-release-linux-x86_64, r-release-windows-ix86+x86_64, r-release-osx-x86_64, r-oldrel-windows-ix86+x86_64, r-oldrel-osx-x86_64

Version: 1.0
Check: R code for possible problems
Result: NOTE
    MalletLDA: no visible global function definition for ‘.jnew’
    mallet.doc.topics: no visible global function definition for
     ‘.jevalArray’
    mallet.import: no visible global function definition for ‘J’
    mallet.import: no visible global function definition for ‘.jnew’
    mallet.import: no visible global function definition for ‘.jcast’
    mallet.subset.topic.words: no visible global function definition for
     ‘.jevalArray’
    mallet.topic.hclust: no visible global function definition for ‘hclust’
    mallet.topic.hclust: no visible global function definition for ‘dist’
    mallet.topic.words: no visible global function definition for
     ‘.jevalArray’
    mallet.word.freqs: no visible global function definition for
     ‘.jevalArray’
    Undefined global functions or variables:
     .jcast .jevalArray .jnew J dist hclust
    Consider adding
     importFrom("stats", "dist", "hclust")
    to your NAMESPACE file.
Flavors: r-devel-linux-x86_64-debian-clang, r-devel-linux-x86_64-debian-gcc, r-devel-linux-x86_64-fedora-clang, r-devel-linux-x86_64-fedora-gcc, r-devel-windows-ix86+x86_64, r-patched-linux-x86_64, r-patched-solaris-x86, r-release-linux-x86_64, r-release-windows-ix86+x86_64, r-release-osx-x86_64, r-oldrel-windows-ix86+x86_64, r-oldrel-osx-x86_64