CRAN Package Check Results for Package manhattanly

Last updated on 2019-10-14 05:47:00 CEST.

Flavor Version Tinstall Tcheck Ttotal Status Flags
r-devel-linux-x86_64-debian-clang 0.2.0 6.55 54.28 60.83 OK
r-devel-linux-x86_64-debian-gcc 0.2.0 5.22 42.02 47.24 OK
r-devel-linux-x86_64-fedora-clang 0.2.0 76.78 OK
r-devel-linux-x86_64-fedora-gcc 0.2.0 72.25 OK
r-devel-windows-ix86+x86_64 0.2.0 17.00 116.00 133.00 OK
r-patched-linux-x86_64 0.2.0 6.48 52.16 58.64 OK
r-patched-solaris-x86 0.2.0 103.60 WARN
r-release-linux-x86_64 0.2.0 5.28 53.12 58.40 OK
r-release-windows-ix86+x86_64 0.2.0 23.00 69.00 92.00 OK
r-release-osx-x86_64 0.2.0 WARN
r-oldrel-windows-ix86+x86_64 0.2.0 8.00 69.00 77.00 OK
r-oldrel-osx-x86_64 0.2.0 WARN

Check Details

Version: 0.2.0
Check: re-building of vignette outputs
Result: WARN
    Error(s) in re-building vignettes:
     ...
    --- re-building ‘manhattanly.Rmd’ using rmarkdown
    Warning in engine$weave(file, quiet = quiet, encoding = enc) :
     Pandoc (>= 1.12.3) and/or pandoc-citeproc not available. Falling back to R Markdown v1.
    Loading required package: ggplot2
    
    Attaching package: 'plotly'
    
    The following object is masked from 'package:ggplot2':
    
     last_plot
    
    The following object is masked from 'package:stats':
    
     filter
    
    The following object is masked from 'package:graphics':
    
     layout
    
    Quitting from lines 95-96 (manhattanly.Rmd)
    Error: processing vignette 'manhattanly.Rmd' failed with diagnostics:
    there is no package called 'webshot'
    --- failed re-building ‘manhattanly.Rmd’
    
    SUMMARY: processing the following file failed:
     ‘manhattanly.Rmd’
    
    Error: Vignette re-building failed.
    Execution halted
Flavor: r-patched-solaris-x86

Version: 0.2.0
Check: re-building of vignette outputs
Result: WARN
    Error(s) in re-building vignettes:
    --- re-building ‘manhattanly.Rmd’ using rmarkdown
    Warning in engine$weave(file, quiet = quiet, encoding = enc) :
     Pandoc (>= 1.12.3) and/or pandoc-citeproc not available. Falling back to R Markdown v1.
    Loading required package: ggplot2
    
    Attaching package: 'plotly'
    
    The following object is masked from 'package:ggplot2':
    
     last_plot
    
    The following object is masked from 'package:stats':
    
     filter
    
    The following object is masked from 'package:graphics':
    
     layout
    
    PhantomJS not found. You can install it with webshot::install_phantomjs(). If it is installed, please make sure the phantomjs executable can be found via the PATH variable.
    Warning in normalizePath(f2) :
     path[1]="webshotd4a14dcd902a.png": No such file or directory
    Warning in file(con, "rb") :
     cannot open file 'webshotd4a14dcd902a.png': No such file or directory
    Quitting from lines 95-96 (manhattanly.Rmd)
    Error: processing vignette 'manhattanly.Rmd' failed with diagnostics:
    cannot open the connection
    --- failed re-building ‘manhattanly.Rmd’
    
    SUMMARY: processing the following file failed:
     ‘manhattanly.Rmd’
    
    Error: Vignette re-building failed.
    Execution halted
Flavor: r-release-osx-x86_64

Version: 0.2.0
Check: re-building of vignette outputs
Result: WARN
    Error in re-building vignettes:
     ...
    Loading required package: ggplot2
    
    Attaching package: 'plotly'
    
    The following object is masked from 'package:ggplot2':
    
     last_plot
    
    The following object is masked from 'package:stats':
    
     filter
    
    The following object is masked from 'package:graphics':
    
     layout
    
    PhantomJS not found. You can install it with webshot::install_phantomjs(). If it is installed, please make sure the phantomjs executable can be found via the PATH variable.
    Warning in normalizePath(f2) :
     path[1]="./webshot1b95497e3633.png": No such file or directory
    Warning in file(con, "rb") :
     cannot open file './webshot1b95497e3633.png': No such file or directory
    Quitting from lines 95-96 (manhattanly.Rmd)
    Error: processing vignette 'manhattanly.Rmd' failed with diagnostics:
    cannot open the connection
    Execution halted
Flavor: r-oldrel-osx-x86_64