Last updated on 2025-04-30 21:52:50 CEST.
Flavor | Version | Tinstall | Tcheck | Ttotal | Status | Flags |
---|---|---|---|---|---|---|
r-devel-linux-x86_64-debian-clang | 1.3.2 | 22.21 | 212.33 | 234.54 | NOTE | |
r-devel-linux-x86_64-debian-gcc | 1.3.2 | 14.05 | 137.45 | 151.50 | OK | |
r-devel-linux-x86_64-fedora-clang | 1.3.2 | 373.36 | OK | |||
r-devel-linux-x86_64-fedora-gcc | 1.3.2 | 344.08 | OK | |||
r-devel-windows-x86_64 | 1.3.2 | 24.00 | 208.00 | 232.00 | OK | |
r-patched-linux-x86_64 | 1.3.2 | 26.31 | 194.96 | 221.27 | OK | |
r-release-linux-x86_64 | 1.3.2 | 21.00 | 196.23 | 217.23 | OK | |
r-release-macos-arm64 | 1.3.2 | 82.00 | OK | |||
r-release-macos-x86_64 | 1.3.2 | 196.00 | OK | |||
r-release-windows-x86_64 | 1.3.2 | 25.00 | 217.00 | 242.00 | OK | |
r-oldrel-macos-arm64 | 1.3.2 | 85.00 | OK | |||
r-oldrel-macos-x86_64 | 1.3.2 | 133.00 | OK | |||
r-oldrel-windows-x86_64 | 1.3.2 | 32.00 | 252.00 | 284.00 | OK |
Version: 1.3.2
Check: examples
Result: NOTE
Examples with CPU (user + system) or elapsed time > 5s
user system elapsed
measure_features 9.557 0.095 13.232
mark_triangles 4.950 0.027 5.947
Flavor: r-devel-linux-x86_64-debian-clang
Version: 1.3.2
Check: examples
Result: NA
user system elapsed
measure_features 5.602 0.013 5.697
OK
Flavor: r-devel-linux-x86_64-debian-gcc