CRAN Package Check Results for Package maotai

Last updated on 2025-04-24 02:50:13 CEST.

Flavor Version Tinstall Tcheck Ttotal Status Flags
r-devel-linux-x86_64-debian-clang 0.2.6 100.16 86.76 186.92 OK
r-devel-linux-x86_64-debian-gcc 0.2.6 68.97 66.91 135.88 OK
r-devel-linux-x86_64-fedora-clang 0.2.6 336.27 OK
r-devel-linux-x86_64-fedora-gcc 0.2.6 318.76 OK
r-devel-windows-x86_64 0.2.6 102.00 130.00 232.00 OK
r-patched-linux-x86_64 0.2.6 96.41 83.40 179.81 OK
r-release-linux-x86_64 0.2.6 94.79 84.29 179.08 OK
r-release-macos-arm64 0.2.6 68.00 OK
r-release-macos-x86_64 0.2.6 110.00 OK
r-release-windows-x86_64 0.2.6 114.00 127.00 241.00 OK
r-oldrel-macos-arm64 0.2.6 71.00 NOTE
r-oldrel-macos-x86_64 0.2.6 101.00 NOTE
r-oldrel-windows-x86_64 0.2.6 129.00 153.00 282.00 OK

Check Details

Version: 0.2.6
Check: installed package size
Result: NOTE installed size is 6.4Mb sub-directories of 1Mb or more: libs 6.0Mb Flavors: r-oldrel-macos-arm64, r-oldrel-macos-x86_64