CRAN Package Check Results for Package mapboxapi

Last updated on 2021-04-11 20:47:13 CEST.

Flavor Version Tinstall Tcheck Ttotal Status Flags
r-devel-linux-x86_64-debian-clang 0.2 9.26 69.25 78.51 NOTE
r-devel-linux-x86_64-debian-gcc 0.2 6.61 51.34 57.95 NOTE
r-devel-linux-x86_64-fedora-clang 0.2 104.68 NOTE
r-devel-linux-x86_64-fedora-gcc 0.2 85.37 NOTE
r-devel-windows-ix86+x86_64 0.2 24.00 88.00 112.00 NOTE
r-devel-windows-x86_64-gcc10-UCRT 0.2 NOTE
r-patched-linux-x86_64 0.2 8.39 62.58 70.97 OK
r-patched-solaris-x86 0.2 168.10 OK
r-release-linux-x86_64 0.2 7.03 62.25 69.28 OK
r-release-macos-x86_64 0.2 OK
r-release-windows-ix86+x86_64 0.2 24.00 106.00 130.00 OK
r-oldrel-macos-x86_64 0.2 OK
r-oldrel-windows-ix86+x86_64 0.2 17.00 79.00 96.00 OK

Check Details

Version: 0.2
Check: LazyData
Result: NOTE
     'LazyData' is specified without a 'data' directory
Flavors: r-devel-linux-x86_64-debian-clang, r-devel-linux-x86_64-debian-gcc, r-devel-linux-x86_64-fedora-clang, r-devel-linux-x86_64-fedora-gcc, r-devel-windows-ix86+x86_64, r-devel-windows-x86_64-gcc10-UCRT