CRAN Package Check Results for Package mapdata

Last updated on 2016-02-09 01:48:08.

Flavor Version Tinstall Tcheck Ttotal Status Flags
r-devel-linux-x86_64-debian-gcc 2.2-6 10.29 9.65 19.94 NOTE
r-devel-linux-x86_64-fedora-clang 2.2-6 34.15 NOTE
r-devel-linux-x86_64-fedora-gcc 2.2-6 32.98 NOTE
r-devel-osx-x86_64-clang 2.2-6 50.35 NOTE
r-devel-windows-ix86+x86_64 2.2-6 75.00 23.00 98.00 NOTE
r-patched-linux-x86_64 2.2-6 11.51 10.15 21.67 NOTE
r-patched-solaris-sparc 2.2-6 231.50 NOTE
r-patched-solaris-x86 2.2-6 51.20 NOTE
r-release-linux-x86_64 2.2-6 10.93 10.69 21.62 NOTE
r-release-osx-x86_64-mavericks 2.2-6 NOTE
r-release-windows-ix86+x86_64 2.2-6 54.00 22.00 76.00 NOTE
r-oldrel-windows-ix86+x86_64 2.2-5 79.00 22.00 101.00 NOTE

Check Details

Version: 2.2-6
Check: installed package size
Result: NOTE
     installed size is 32.7Mb
     sub-directories of 1Mb or more:
     mapdata 32.6Mb
Flavors: r-devel-linux-x86_64-debian-gcc, r-devel-linux-x86_64-fedora-clang, r-devel-linux-x86_64-fedora-gcc, r-devel-osx-x86_64-clang, r-devel-windows-ix86+x86_64, r-patched-linux-x86_64, r-patched-solaris-sparc, r-patched-solaris-x86, r-release-linux-x86_64, r-release-osx-x86_64-mavericks, r-release-windows-ix86+x86_64

Version: 2.2-5
Check: installed package size
Result: NOTE
     installed size is 32.7Mb
     sub-directories of 1Mb or more:
     mapdata 32.6Mb
Flavor: r-oldrel-windows-ix86+x86_64