CRAN Package Check Results for Package mapdata

Last updated on 2018-09-21 04:51:10 CEST.

Flavor Version Tinstall Tcheck Ttotal Status Flags
r-devel-linux-x86_64-debian-clang 2.3.0 15.37 19.38 34.75 OK
r-devel-linux-x86_64-debian-gcc 2.3.0 12.25 15.69 27.94 OK
r-devel-linux-x86_64-fedora-clang 2.3.0 41.21 NOTE
r-devel-linux-x86_64-fedora-gcc 2.3.0 38.47 OK
r-devel-windows-ix86+x86_64 2.3.0 82.00 31.00 113.00 NOTE
r-patched-linux-x86_64 2.3.0 14.11 17.65 31.76 OK
r-patched-solaris-x86 2.3.0 62.60 NOTE
r-release-linux-x86_64 2.3.0 13.74 17.96 31.70 OK
r-release-windows-ix86+x86_64 2.3.0 81.00 32.00 113.00 NOTE
r-release-osx-x86_64 2.3.0 NOTE
r-oldrel-windows-ix86+x86_64 2.3.0 68.00 43.00 111.00 NOTE
r-oldrel-osx-x86_64 2.3.0 NOTE

Check Details

Version: 2.3.0
Check: installed package size
Result: NOTE
     installed size is 33.5Mb
     sub-directories of 1Mb or more:
     mapdata 33.4Mb
Flavors: r-devel-linux-x86_64-fedora-clang, r-devel-windows-ix86+x86_64, r-patched-solaris-x86, r-release-windows-ix86+x86_64, r-release-osx-x86_64, r-oldrel-windows-ix86+x86_64, r-oldrel-osx-x86_64