CRAN Package Check Results for Package mapdata

Last updated on 2017-03-01 19:48:42.

Flavor Version Tinstall Tcheck Ttotal Status Flags
r-devel-linux-x86_64-debian-clang 2.2-6 10.79 12.94 23.72 OK
r-devel-linux-x86_64-debian-gcc 2.2-6 10.84 12.70 23.54 OK
r-devel-linux-x86_64-fedora-clang 2.2-6 37.92 NOTE --no-stop-on-test-error
r-devel-linux-x86_64-fedora-gcc 2.2-6 36.51 NOTE --no-stop-on-test-error
r-devel-macos-x86_64-clang 2.2-6 36.41 NOTE --no-stop-on-test-error
r-devel-windows-ix86+x86_64 2.2-6 65.00 38.00 103.00 NOTE
r-patched-linux-x86_64 2.2-6 10.51 11.07 21.58 OK
r-patched-solaris-sparc 2.2-6 226.80 NOTE
r-patched-solaris-x86 2.2-6 50.30 NOTE
r-release-linux-x86_64 2.2-6 10.64 11.18 21.82 OK
r-release-osx-x86_64-mavericks 2.2-6 NOTE
r-release-windows-ix86+x86_64 2.2-6 80.00 52.00 132.00 NOTE
r-oldrel-windows-ix86+x86_64 2.2-6 84.00 57.00 141.00 NOTE

Check Details

Version: 2.2-6
Flags: --no-stop-on-test-error
Check: installed package size
Result: NOTE
     installed size is 32.7Mb
     sub-directories of 1Mb or more:
     mapdata 32.6Mb
Flavors: r-devel-linux-x86_64-fedora-clang, r-devel-linux-x86_64-fedora-gcc, r-devel-macos-x86_64-clang

Version: 2.2-6
Check: installed package size
Result: NOTE
     installed size is 32.7Mb
     sub-directories of 1Mb or more:
     mapdata 32.6Mb
Flavors: r-devel-windows-ix86+x86_64, r-patched-solaris-sparc, r-patched-solaris-x86, r-release-osx-x86_64-mavericks, r-release-windows-ix86+x86_64, r-oldrel-windows-ix86+x86_64