CRAN Package Check Results for Package mapdata

Last updated on 2016-07-30 08:48:19.

Flavor Version Tinstall Tcheck Ttotal Status Flags
r-devel-linux-x86_64-debian-clang 2.2-6 10.73 10.68 21.41 NOTE
r-devel-linux-x86_64-debian-gcc 2.2-6 10.53 10.17 20.71 NOTE
r-devel-linux-x86_64-fedora-clang 2.2-6 33.67 NOTE
r-devel-linux-x86_64-fedora-gcc 2.2-6 32.04 NOTE
r-devel-osx-x86_64-clang 2.2-6 34.19 NOTE
r-devel-windows-ix86+x86_64 2.2-6 65.00 27.00 92.00 NOTE
r-patched-linux-x86_64 2.2-6 11.31 12.37 23.68 NOTE
r-patched-solaris-sparc 2.2-6 232.40 NOTE
r-patched-solaris-x86 2.2-6 49.20 NOTE
r-release-linux-x86_64 2.2-6 12.81 12.40 25.21 NOTE
r-release-osx-x86_64-mavericks 2.2-6 NOTE
r-release-windows-ix86+x86_64 2.2-6 79.00 32.00 111.00 NOTE
r-oldrel-windows-ix86+x86_64 2.2-6 79.00 31.00 110.00 NOTE

Check Details

Version: 2.2-6
Check: installed package size
Result: NOTE
     installed size is 32.7Mb
     sub-directories of 1Mb or more:
     mapdata 32.6Mb
Flavors: r-devel-linux-x86_64-debian-clang, r-devel-linux-x86_64-debian-gcc, r-devel-linux-x86_64-fedora-clang, r-devel-linux-x86_64-fedora-gcc, r-devel-osx-x86_64-clang, r-devel-windows-ix86+x86_64, r-patched-linux-x86_64, r-patched-solaris-sparc, r-patched-solaris-x86, r-release-linux-x86_64, r-release-osx-x86_64-mavericks, r-release-windows-ix86+x86_64, r-oldrel-windows-ix86+x86_64