CRAN Package Check Results for Package mapdata

Last updated on 2015-08-30 19:47:07.

Flavor Version Tinstall Tcheck Ttotal Status Flags
r-devel-linux-x86_64-debian-clang 2.2-5 9.63 9.59 19.22 NOTE
r-devel-linux-x86_64-debian-gcc 2.2-5 9.80 9.50 19.30 NOTE
r-devel-linux-x86_64-fedora-clang 2.2-5 34.62 NOTE
r-devel-linux-x86_64-fedora-gcc 2.2-5 32.44 NOTE
r-devel-osx-x86_64-clang 2.2-5 45.15 NOTE
r-devel-windows-ix86+x86_64 2.2-5 78.00 23.00 101.00 NOTE
r-patched-linux-x86_64 2.2-5 9.48 10.31 19.78 NOTE
r-patched-solaris-sparc 2.2-5 234.30 NOTE
r-patched-solaris-x86 2.2-5 57.70 NOTE
r-release-linux-x86_64 2.2-5 9.45 11.26 20.71 NOTE
r-release-osx-x86_64-mavericks 2.2-5 NOTE
r-release-windows-ix86+x86_64 2.2-5 66.00 21.00 87.00 NOTE
r-oldrel-windows-ix86+x86_64 2.2-5 72.00 40.00 112.00 NOTE

Check Details

Version: 2.2-5
Check: installed package size
Result: NOTE
     installed size is 32.7Mb
     sub-directories of 1Mb or more:
     mapdata 32.6Mb
Flavors: r-devel-linux-x86_64-debian-clang, r-devel-linux-x86_64-debian-gcc, r-devel-linux-x86_64-fedora-clang, r-devel-linux-x86_64-fedora-gcc, r-devel-osx-x86_64-clang, r-devel-windows-ix86+x86_64, r-patched-linux-x86_64, r-patched-solaris-sparc, r-patched-solaris-x86, r-release-linux-x86_64, r-release-osx-x86_64-mavericks, r-release-windows-ix86+x86_64, r-oldrel-windows-ix86+x86_64