CRAN Package Check Results for Package mapdata

Last updated on 2014-11-01 05:48:56.

Flavor Version Tinstall Tcheck Ttotal Status Flags
r-devel-linux-x86_64-debian-clang 2.2-3 10.20 11.58 21.78 NOTE
r-devel-linux-x86_64-debian-gcc 2.2-3 9.84 11.16 21.00 NOTE
r-devel-linux-x86_64-fedora-clang 2.2-3 39.58 NOTE
r-devel-linux-x86_64-fedora-gcc 2.2-3 38.95 NOTE
r-devel-osx-x86_64-clang 2.2-3 48.42 NOTE
r-devel-windows-ix86+x86_64 2.2-3 65.00 20.00 85.00 NOTE
r-patched-linux-x86_64 2.2-3 10.17 11.50 21.67 NOTE
r-patched-solaris-sparc 2.2-3 252.10 NOTE
r-patched-solaris-x86 2.2-3 61.10 NOTE
r-release-linux-ix86 2.2-3 14.98 18.09 33.08 NOTE
r-release-linux-x86_64 2.2-3 10.10 11.16 21.27 NOTE
r-release-osx-x86_64-mavericks 2.2-3 NOTE
r-release-osx-x86_64-snowleopard 2.2-3 NOTE
r-release-windows-ix86+x86_64 2.2-3 66.00 19.00 85.00 NOTE
r-oldrel-windows-ix86+x86_64 2.2-3 68.00 19.00 87.00 NOTE

Check Details

Version: 2.2-3
Check: installed package size
Result: NOTE
     installed size is 32.7Mb
     sub-directories of 1Mb or more:
     mapdata 32.6Mb
Flavors: r-devel-linux-x86_64-debian-clang, r-devel-linux-x86_64-debian-gcc, r-devel-linux-x86_64-fedora-clang, r-devel-linux-x86_64-fedora-gcc, r-devel-osx-x86_64-clang, r-devel-windows-ix86+x86_64, r-patched-linux-x86_64, r-patched-solaris-sparc, r-patched-solaris-x86, r-release-linux-ix86, r-release-linux-x86_64, r-release-osx-x86_64-mavericks, r-release-osx-x86_64-snowleopard, r-release-windows-ix86+x86_64, r-oldrel-windows-ix86+x86_64