CRAN Package Check Results for Package mapdata

Last updated on 2014-12-20 16:49:03.

Flavor Version Tinstall Tcheck Ttotal Status Flags
r-devel-linux-x86_64-debian-clang 2.2-3 10.18 11.46 21.64 NOTE
r-devel-linux-x86_64-debian-gcc 2.2-3 10.04 11.27 21.31 NOTE
r-devel-linux-x86_64-fedora-clang 2.2-3 41.56 NOTE
r-devel-linux-x86_64-fedora-gcc 2.2-3 35.11 NOTE
r-devel-osx-x86_64-clang 2.2-3 47.89 NOTE
r-devel-windows-ix86+x86_64 2.2-3 80.00 46.00 126.00 NOTE
r-patched-linux-x86_64 2.2-3 10.35 11.47 21.82 NOTE
r-patched-solaris-sparc 2.2-3 252.10 NOTE
r-patched-solaris-x86 2.2-3 60.60 NOTE
r-release-linux-ix86 2.2-3 14.09 17.85 31.94 NOTE
r-release-linux-x86_64 2.2-3 11.52 11.46 22.98 NOTE
r-release-osx-x86_64-mavericks 2.2-3 NOTE
r-release-osx-x86_64-snowleopard 2.2-3 NOTE
r-release-windows-ix86+x86_64 2.2-3 65.00 22.00 87.00 NOTE
r-oldrel-windows-ix86+x86_64 2.2-3 68.00 19.00 87.00 NOTE

Check Details

Version: 2.2-3
Check: installed package size
Result: NOTE
     installed size is 32.7Mb
     sub-directories of 1Mb or more:
     mapdata 32.6Mb
Flavors: r-devel-linux-x86_64-debian-clang, r-devel-linux-x86_64-debian-gcc, r-devel-linux-x86_64-fedora-clang, r-devel-linux-x86_64-fedora-gcc, r-devel-osx-x86_64-clang, r-devel-windows-ix86+x86_64, r-patched-linux-x86_64, r-patched-solaris-sparc, r-patched-solaris-x86, r-release-linux-ix86, r-release-linux-x86_64, r-release-osx-x86_64-mavericks, r-release-osx-x86_64-snowleopard, r-release-windows-ix86+x86_64, r-oldrel-windows-ix86+x86_64