CRAN Package Check Results for Package mapdata

Last updated on 2014-04-21 17:47:54.

Flavor Version Tinstall Tcheck Ttotal Status Flags
r-devel-linux-x86_64-debian-clang 2.2-2 9.64 11.61 21.25 NOTE
r-devel-linux-x86_64-debian-gcc 2.2-2 9.22 11.67 20.89 NOTE
r-devel-linux-x86_64-fedora-clang 2.2-2 39.73 NOTE
r-devel-linux-x86_64-fedora-gcc 2.2-2 37.89 NOTE
r-devel-osx-x86_64-clang 2.2-2 42.84 NOTE
r-devel-osx-x86_64-gcc 2.2-2 NOTE
r-devel-windows-ix86+x86_64 2.2-2 64.00 22.00 86.00 NOTE
r-patched-linux-x86_64 2.2-2 9.50 11.60 21.10 NOTE
r-patched-solaris-sparc 2.2-2 253.80 NOTE
r-patched-solaris-x86 2.2-2 61.20 NOTE
r-release-linux-x86_64 2.2-2 9.30 11.63 20.93 NOTE
r-release-osx-x86_64-mavericks 2.2-2 WARN
r-release-windows-ix86+x86_64 2.2-2 74.00 27.00 101.00 NOTE
r-oldrel-windows-ix86+x86_64 2.2-2 60.00 21.00 81.00 NOTE

Check Details

Version: 2.2-2
Check: installed package size
Result: NOTE
     installed size is 32.7Mb
     sub-directories of 1Mb or more:
     mapdata 32.6Mb
Flavors: r-devel-linux-x86_64-debian-clang, r-devel-linux-x86_64-debian-gcc, r-devel-linux-x86_64-fedora-clang, r-devel-linux-x86_64-fedora-gcc, r-devel-osx-x86_64-clang, r-devel-osx-x86_64-gcc, r-devel-windows-ix86+x86_64, r-patched-linux-x86_64, r-patched-solaris-sparc, r-patched-solaris-x86, r-release-linux-x86_64, r-release-osx-x86_64-mavericks, r-release-windows-ix86+x86_64, r-oldrel-windows-ix86+x86_64

Version: 2.2-2
Check: PDF version of manual
Result: WARNING
    LaTeX errors when creating PDF version.
    This typically indicates Rd problems.
    LaTeX errors found:
    ! LaTeX Error: File `upquote.sty' not found.
    
    Type X to quit or <RETURN> to proceed,
    or enter new name. (Default extension: sty)
    
    5c2dec7/Rd2.tex:8: ==> Fatal error occurred, no output PDF file produced!
Flavor: r-release-osx-x86_64-mavericks