CRAN Package Check Results for Package mapdata

Last updated on 2014-09-02 08:47:18.

Flavor Version Tinstall Tcheck Ttotal Status Flags
r-devel-linux-x86_64-debian-clang 2.2-3 10.13 10.56 20.68 NOTE
r-devel-linux-x86_64-debian-gcc 2.2-3 9.84 10.65 20.49 NOTE
r-devel-linux-x86_64-fedora-clang 2.2-3 38.60 NOTE
r-devel-linux-x86_64-fedora-gcc 2.2-3 36.82 NOTE
r-devel-osx-x86_64-clang 2.2-3 46.51 NOTE
r-devel-windows-ix86+x86_64 2.2-3 66.00 20.00 86.00 NOTE
r-patched-linux-x86_64 2.2-3 10.00 10.60 20.60 NOTE
r-patched-solaris-sparc 2.2-3 252.10 NOTE
r-patched-solaris-x86 2.2-3 59.60 NOTE
r-release-linux-ix86 2.2-3 14.69 18.11 32.80 NOTE
r-release-linux-x86_64 2.2-3 10.31 11.06 21.37 NOTE
r-release-osx-x86_64-mavericks 2.2-3 NOTE
r-release-osx-x86_64-snowleopard 2.2-3 NOTE
r-release-windows-ix86+x86_64 2.2-3 76.00 23.00 99.00 NOTE
r-oldrel-windows-ix86+x86_64 2.2-3 56.00 34.00 90.00 NOTE

Check Details

Version: 2.2-3
Check: installed package size
Result: NOTE
     installed size is 32.7Mb
     sub-directories of 1Mb or more:
     mapdata 32.6Mb
Flavors: r-devel-linux-x86_64-debian-clang, r-devel-linux-x86_64-debian-gcc, r-devel-linux-x86_64-fedora-clang, r-devel-linux-x86_64-fedora-gcc, r-devel-osx-x86_64-clang, r-devel-windows-ix86+x86_64, r-patched-linux-x86_64, r-patched-solaris-sparc, r-patched-solaris-x86, r-release-linux-ix86, r-release-linux-x86_64, r-release-osx-x86_64-mavericks, r-release-osx-x86_64-snowleopard, r-release-windows-ix86+x86_64, r-oldrel-windows-ix86+x86_64