CRAN Package Check Results for Package mapdata

Last updated on 2015-07-08 03:48:10.

Flavor Version Tinstall Tcheck Ttotal Status Flags
r-devel-linux-x86_64-debian-clang 2.2-3 9.37 10.19 19.56 NOTE
r-devel-linux-x86_64-debian-gcc 2.2-3 9.27 9.69 18.96 NOTE
r-devel-linux-x86_64-fedora-clang 2.2-3 34.69 NOTE
r-devel-linux-x86_64-fedora-gcc 2.2-3 32.67 NOTE
r-devel-osx-x86_64-clang 2.2-3 38.09 NOTE
r-devel-windows-ix86+x86_64 2.2-3 65.00 30.00 95.00 NOTE
r-patched-linux-x86_64 2.2-3 9.39 10.16 19.54 NOTE
r-patched-solaris-sparc 2.2-3 267.40 NOTE
r-patched-solaris-x86 2.2-3 56.10 NOTE
r-release-linux-x86_64 2.2-3 9.39 10.03 19.42 NOTE
r-release-osx-x86_64-mavericks 2.2-3 NOTE
r-release-windows-ix86+x86_64 2.2-3 65.00 20.00 85.00 NOTE
r-oldrel-windows-ix86+x86_64 2.2-3 80.00 23.00 103.00 NOTE

Check Details

Version: 2.2-3
Check: installed package size
Result: NOTE
     installed size is 32.7Mb
     sub-directories of 1Mb or more:
     mapdata 32.6Mb
Flavors: r-devel-linux-x86_64-debian-clang, r-devel-linux-x86_64-debian-gcc, r-devel-linux-x86_64-fedora-clang, r-devel-linux-x86_64-fedora-gcc, r-devel-osx-x86_64-clang, r-devel-windows-ix86+x86_64, r-patched-linux-x86_64, r-patched-solaris-sparc, r-patched-solaris-x86, r-release-linux-x86_64, r-release-osx-x86_64-mavericks, r-release-windows-ix86+x86_64, r-oldrel-windows-ix86+x86_64