CRAN Package Check Results for Package mapdata

Last updated on 2014-08-22 22:46:40.

Flavor Version Tinstall Tcheck Ttotal Status Flags
r-devel-linux-x86_64-debian-clang 2.2-3 10.43 10.75 21.18 NOTE
r-devel-linux-x86_64-debian-gcc 2.2-3 10.00 10.51 20.51 NOTE
r-devel-linux-x86_64-fedora-clang 2.2-3 38.80 NOTE
r-devel-linux-x86_64-fedora-gcc 2.2-3 34.32 NOTE
r-devel-osx-x86_64-clang 2.2-3 47.51 NOTE
r-devel-windows-ix86+x86_64 2.2-3 69.00 20.00 89.00 NOTE
r-patched-linux-x86_64 2.2-3 10.27 10.52 20.80 NOTE
r-patched-solaris-sparc 2.2-3 252.10 NOTE
r-patched-solaris-x86 2.2-3 60.00 NOTE
r-release-linux-ix86 2.2-3 15.02 18.15 33.17 NOTE
r-release-linux-x86_64 2.2-3 10.11 11.57 21.68 NOTE
r-release-osx-x86_64-mavericks 2.2-3 NOTE
r-release-osx-x86_64-snowleopard 2.2-3 NOTE
r-release-windows-ix86+x86_64 2.2-3 76.00 23.00 99.00 NOTE
r-oldrel-windows-ix86+x86_64 2.2-3 56.00 34.00 90.00 NOTE

Check Details

Version: 2.2-3
Check: installed package size
Result: NOTE
     installed size is 32.7Mb
     sub-directories of 1Mb or more:
     mapdata 32.6Mb
Flavors: r-devel-linux-x86_64-debian-clang, r-devel-linux-x86_64-debian-gcc, r-devel-linux-x86_64-fedora-clang, r-devel-linux-x86_64-fedora-gcc, r-devel-osx-x86_64-clang, r-devel-windows-ix86+x86_64, r-patched-linux-x86_64, r-patched-solaris-sparc, r-patched-solaris-x86, r-release-linux-ix86, r-release-linux-x86_64, r-release-osx-x86_64-mavericks, r-release-osx-x86_64-snowleopard, r-release-windows-ix86+x86_64, r-oldrel-windows-ix86+x86_64