CRAN Package Check Results for Package mapdata

Last updated on 2016-09-27 03:50:54.

Flavor Version Tinstall Tcheck Ttotal Status Flags
r-devel-linux-x86_64-debian-clang 2.2-6 10.57 10.93 21.50 NOTE
r-devel-linux-x86_64-debian-gcc 2.2-6 11.51 11.10 22.60 NOTE
r-devel-linux-x86_64-fedora-clang 2.2-6 34.83 NOTE
r-devel-linux-x86_64-fedora-gcc 2.2-6 32.95 NOTE
r-devel-macos-x86_64-clang 2.2-6 32.64 NOTE
r-devel-windows-ix86+x86_64 2.2-6 79.00 31.00 110.00 NOTE
r-patched-linux-x86_64 2.2-6 10.26 10.86 21.12 NOTE
r-patched-solaris-sparc 2.2-6 232.40 NOTE
r-patched-solaris-x86 2.2-6 49.20 NOTE
r-release-linux-x86_64 2.2-6 11.67 11.01 22.67 NOTE
r-release-osx-x86_64-mavericks 2.2-6 NOTE
r-release-windows-ix86+x86_64 2.2-6 77.00 34.00 111.00 NOTE
r-oldrel-windows-ix86+x86_64 2.2-6 84.00 32.00 116.00 NOTE

Check Details

Version: 2.2-6
Check: installed package size
Result: NOTE
     installed size is 32.7Mb
     sub-directories of 1Mb or more:
     mapdata 32.6Mb
Flavors: r-devel-linux-x86_64-debian-clang, r-devel-linux-x86_64-debian-gcc, r-devel-linux-x86_64-fedora-clang, r-devel-linux-x86_64-fedora-gcc, r-devel-macos-x86_64-clang, r-devel-windows-ix86+x86_64, r-patched-linux-x86_64, r-patched-solaris-sparc, r-patched-solaris-x86, r-release-linux-x86_64, r-release-osx-x86_64-mavericks, r-release-windows-ix86+x86_64, r-oldrel-windows-ix86+x86_64