CRAN Package Check Results for Package mapdata

Last updated on 2017-01-22 19:47:04.

Flavor Version Tinstall Tcheck Ttotal Status Flags
r-devel-linux-x86_64-debian-clang 2.2-6 10.81 12.10 22.91 OK
r-devel-linux-x86_64-debian-gcc 2.2-6 10.20 12.27 22.48 OK
r-devel-linux-x86_64-fedora-clang 2.2-6 37.32 NOTE --no-stop-on-test-error
r-devel-linux-x86_64-fedora-gcc 2.2-6 36.12 NOTE --no-stop-on-test-error
r-devel-macos-x86_64-clang 2.2-6 34.34 NOTE --no-stop-on-test-error
r-devel-windows-ix86+x86_64 2.2-6 68.00 29.00 97.00 NOTE
r-patched-linux-x86_64 2.2-6 10.23 10.79 21.02 OK
r-patched-solaris-sparc 2.2-6 226.80 NOTE
r-patched-solaris-x86 2.2-6 52.00 NOTE
r-release-linux-x86_64 2.2-6 10.51 11.65 22.17 OK
r-release-osx-x86_64-mavericks 2.2-6 NOTE
r-release-windows-ix86+x86_64 2.2-6 85.00 29.00 114.00 NOTE
r-oldrel-windows-ix86+x86_64 2.2-6 84.00 32.00 116.00 NOTE

Check Details

Version: 2.2-6
Flags: --no-stop-on-test-error
Check: installed package size
Result: NOTE
     installed size is 32.7Mb
     sub-directories of 1Mb or more:
     mapdata 32.6Mb
Flavors: r-devel-linux-x86_64-fedora-clang, r-devel-linux-x86_64-fedora-gcc, r-devel-macos-x86_64-clang

Version: 2.2-6
Check: installed package size
Result: NOTE
     installed size is 32.7Mb
     sub-directories of 1Mb or more:
     mapdata 32.6Mb
Flavors: r-devel-windows-ix86+x86_64, r-patched-solaris-sparc, r-patched-solaris-x86, r-release-osx-x86_64-mavericks, r-release-windows-ix86+x86_64, r-oldrel-windows-ix86+x86_64