CRAN Package Check Results for Package mapdata

Last updated on 2014-07-23 17:48:59.

Flavor Version Tinstall Tcheck Ttotal Status Flags
r-devel-linux-x86_64-debian-clang 2.2-3 10.40 10.85 21.25 NOTE
r-devel-linux-x86_64-debian-gcc 2.2-3 10.25 10.58 20.83 NOTE
r-devel-linux-x86_64-fedora-clang 2.2-3 38.93 NOTE
r-devel-linux-x86_64-fedora-gcc 2.2-3 37.41 NOTE
r-devel-osx-x86_64-clang 2.2-3 46.84 NOTE
r-devel-windows-ix86+x86_64 2.2-3 66.00 21.00 87.00 NOTE
r-patched-linux-x86_64 2.2-3 10.25 10.63 20.88 NOTE
r-patched-solaris-sparc 2.2-3 241.30 NOTE
r-patched-solaris-x86 2.2-3 59.50 NOTE
r-release-linux-ix86 2.2-3 14.89 18.13 33.02 NOTE
r-release-linux-x86_64 2.2-3 10.40 11.15 21.56 NOTE
r-release-osx-x86_64-mavericks 2.2-3 NOTE
r-release-osx-x86_64-snowleopard 2.2-3 NOTE
r-release-windows-ix86+x86_64 2.2-3 76.00 23.00 99.00 NOTE
r-oldrel-windows-ix86+x86_64 2.2-3 56.00 34.00 90.00 NOTE

Check Details

Version: 2.2-3
Check: installed package size
Result: NOTE
     installed size is 32.7Mb
     sub-directories of 1Mb or more:
     mapdata 32.6Mb
Flavors: r-devel-linux-x86_64-debian-clang, r-devel-linux-x86_64-debian-gcc, r-devel-linux-x86_64-fedora-clang, r-devel-linux-x86_64-fedora-gcc, r-devel-osx-x86_64-clang, r-devel-windows-ix86+x86_64, r-patched-linux-x86_64, r-patched-solaris-sparc, r-patched-solaris-x86, r-release-linux-ix86, r-release-linux-x86_64, r-release-osx-x86_64-mavericks, r-release-osx-x86_64-snowleopard, r-release-windows-ix86+x86_64, r-oldrel-windows-ix86+x86_64