CRAN Package Check Results for Package mapdata

Last updated on 2017-10-19 01:46:20.

Flavor Version Tinstall Tcheck Ttotal Status Flags
r-devel-linux-x86_64-debian-clang 2.2-6 11.07 13.10 24.18 OK
r-devel-linux-x86_64-debian-gcc 2.2-6 12.30 13.06 25.36 OK
r-devel-linux-x86_64-fedora-clang 2.2-6 39.17 NOTE
r-devel-linux-x86_64-fedora-gcc 2.2-6 37.60 NOTE
r-devel-windows-ix86+x86_64 2.2-6 75.00 30.00 105.00 NOTE
r-patched-linux-x86_64 2.2-6 10.43 12.78 23.21 OK
r-patched-solaris-x86 2.2-6 60.00 NOTE
r-release-linux-x86_64 2.2-6 10.62 12.79 23.41 OK
r-release-windows-ix86+x86_64 2.2-6 74.00 27.00 101.00 NOTE
r-release-osx-x86_64 2.2-6 NOTE
r-oldrel-windows-ix86+x86_64 2.2-6 80.00 37.00 117.00 NOTE
r-oldrel-osx-x86_64 2.2-6 NOTE

Check Details

Version: 2.2-6
Check: installed package size
Result: NOTE
     installed size is 32.7Mb
     sub-directories of 1Mb or more:
     mapdata 32.6Mb
Flavors: r-devel-linux-x86_64-fedora-clang, r-devel-linux-x86_64-fedora-gcc, r-devel-windows-ix86+x86_64, r-patched-solaris-x86, r-release-windows-ix86+x86_64, r-release-osx-x86_64, r-oldrel-windows-ix86+x86_64, r-oldrel-osx-x86_64