CRAN Package Check Results for Package mapdata

Last updated on 2017-08-23 01:46:26.

Flavor Version Tinstall Tcheck Ttotal Status Flags
r-devel-linux-x86_64-debian-clang 2.2-6 10.69 13.36 24.05 OK
r-devel-linux-x86_64-debian-gcc 2.2-6 10.46 13.03 23.49 OK
r-devel-linux-x86_64-fedora-clang 2.2-6 43.09 NOTE
r-devel-linux-x86_64-fedora-gcc 2.2-6 37.70 NOTE
r-devel-windows-ix86+x86_64 2.2-6 73.00 34.00 107.00 NOTE
r-patched-linux-x86_64 2.2-6 10.28 12.70 22.98 OK
r-patched-solaris-x86 2.2-6 60.60 NOTE
r-release-linux-x86_64 2.2-6 10.42 13.27 23.69 OK
r-release-windows-ix86+x86_64 2.2-6 64.00 36.00 100.00 NOTE
r-release-osx-x86_64 2.2-6 NOTE
r-oldrel-windows-ix86+x86_64 2.2-6 66.00 27.00 93.00 NOTE
r-oldrel-osx-x86_64 2.2-6 NOTE

Check Details

Version: 2.2-6
Check: installed package size
Result: NOTE
     installed size is 32.7Mb
     sub-directories of 1Mb or more:
     mapdata 32.6Mb
Flavors: r-devel-linux-x86_64-fedora-clang, r-devel-linux-x86_64-fedora-gcc, r-devel-windows-ix86+x86_64, r-patched-solaris-x86, r-release-windows-ix86+x86_64, r-release-osx-x86_64, r-oldrel-windows-ix86+x86_64, r-oldrel-osx-x86_64