CRAN Package Check Results for Package mapdata

Last updated on 2016-08-27 04:50:59.

Flavor Version Tinstall Tcheck Ttotal Status Flags
r-devel-linux-x86_64-debian-clang 2.2-6 11.14 10.77 21.91 NOTE
r-devel-linux-x86_64-debian-gcc 2.2-6 13.97 13.12 27.09 NOTE
r-devel-linux-x86_64-fedora-clang 2.2-6 35.47 NOTE
r-devel-linux-x86_64-fedora-gcc 2.2-6 33.27 NOTE
r-devel-osx-x86_64-clang 2.2-6 33.00 NOTE
r-devel-windows-ix86+x86_64 2.2-6 72.00 27.00 99.00 NOTE
r-patched-linux-x86_64 2.2-6 10.29 10.63 20.93 NOTE
r-patched-solaris-sparc 2.2-6 232.40 NOTE
r-patched-solaris-x86 2.2-6 49.60 NOTE
r-release-linux-x86_64 2.2-6 10.21 10.51 20.72 NOTE
r-release-osx-x86_64-mavericks 2.2-6 NOTE
r-release-windows-ix86+x86_64 2.2-6 75.00 26.00 101.00 NOTE
r-oldrel-windows-ix86+x86_64 2.2-6 60.00 29.00 89.00 NOTE

Check Details

Version: 2.2-6
Check: installed package size
Result: NOTE
     installed size is 32.7Mb
     sub-directories of 1Mb or more:
     mapdata 32.6Mb
Flavors: r-devel-linux-x86_64-debian-clang, r-devel-linux-x86_64-debian-gcc, r-devel-linux-x86_64-fedora-clang, r-devel-linux-x86_64-fedora-gcc, r-devel-osx-x86_64-clang, r-devel-windows-ix86+x86_64, r-patched-linux-x86_64, r-patched-solaris-sparc, r-patched-solaris-x86, r-release-linux-x86_64, r-release-osx-x86_64-mavericks, r-release-windows-ix86+x86_64, r-oldrel-windows-ix86+x86_64