CRAN Package Check Results for Package mapdata

Last updated on 2016-06-27 21:47:09.

Flavor Version Tinstall Tcheck Ttotal Status Flags
r-devel-linux-x86_64-debian-gcc 2.2-6 11.01 10.25 21.25 NOTE
r-devel-linux-x86_64-fedora-clang 2.2-6 33.40 NOTE
r-devel-linux-x86_64-fedora-gcc 2.2-6 31.39 NOTE
r-devel-osx-x86_64-clang 2.2-6 35.03 NOTE
r-devel-windows-ix86+x86_64 2.2-6 67.00 41.00 108.00 NOTE
r-patched-linux-x86_64 2.2-6 11.47 10.67 22.14 NOTE
r-patched-solaris-sparc 2.2-6 237.70 NOTE
r-patched-solaris-x86 2.2-6 50.30 NOTE
r-release-linux-x86_64 2.2-6 10.98 10.59 21.58 NOTE
r-release-osx-x86_64-mavericks 2.2-6 NOTE
r-release-windows-ix86+x86_64 2.2-6 77.00 34.00 111.00 NOTE
r-oldrel-windows-ix86+x86_64 2.2-6 77.00 35.00 112.00 NOTE

Check Details

Version: 2.2-6
Check: installed package size
Result: NOTE
     installed size is 32.7Mb
     sub-directories of 1Mb or more:
     mapdata 32.6Mb
Flavors: r-devel-linux-x86_64-debian-gcc, r-devel-linux-x86_64-fedora-clang, r-devel-linux-x86_64-fedora-gcc, r-devel-osx-x86_64-clang, r-devel-windows-ix86+x86_64, r-patched-linux-x86_64, r-patched-solaris-sparc, r-patched-solaris-x86, r-release-linux-x86_64, r-release-osx-x86_64-mavericks, r-release-windows-ix86+x86_64, r-oldrel-windows-ix86+x86_64