CRAN Package Check Results for Package mapdata

Last updated on 2018-06-23 11:50:15 CEST.

Flavor Version Tinstall Tcheck Ttotal Status Flags
r-devel-linux-x86_64-debian-clang 2.3.0 13.27 19.00 32.27 OK
r-devel-linux-x86_64-debian-gcc 2.3.0 11.12 15.08 26.20 OK
r-devel-linux-x86_64-fedora-clang 2.3.0 41.33 NOTE
r-devel-linux-x86_64-fedora-gcc 2.3.0 39.43 OK
r-devel-windows-ix86+x86_64 2.3.0 80.00 42.00 122.00 NOTE
r-patched-linux-x86_64 2.3.0 14.77 18.01 32.78 OK
r-patched-solaris-x86 2.3.0 63.70 NOTE
r-release-linux-x86_64 2.3.0 14.53 17.65 32.18 OK
r-release-windows-ix86+x86_64 2.3.0 69.00 30.00 99.00 NOTE
r-release-osx-x86_64 2.3.0 NOTE
r-oldrel-windows-ix86+x86_64 2.3.0 81.00 43.00 124.00 NOTE
r-oldrel-osx-x86_64 2.3.0 NOTE

Check Details

Version: 2.3.0
Check: installed package size
Result: NOTE
     installed size is 33.5Mb
     sub-directories of 1Mb or more:
     mapdata 33.4Mb
Flavors: r-devel-linux-x86_64-fedora-clang, r-devel-windows-ix86+x86_64, r-patched-solaris-x86, r-release-windows-ix86+x86_64, r-release-osx-x86_64, r-oldrel-windows-ix86+x86_64, r-oldrel-osx-x86_64