CRAN Package Check Results for Package mapdata

Last updated on 2015-03-07 03:50:11.

Flavor Version Tinstall Tcheck Ttotal Status Flags
r-devel-linux-x86_64-debian-clang 2.2-3 10.30 10.26 20.56 NOTE
r-devel-linux-x86_64-debian-gcc 2.2-3 9.97 10.12 20.10 NOTE
r-devel-linux-x86_64-fedora-clang 2.2-3 36.53 NOTE
r-devel-linux-x86_64-fedora-gcc 2.2-3 34.11 NOTE
r-devel-osx-x86_64-clang 2.2-3 48.82 NOTE
r-devel-windows-ix86+x86_64 2.2-3 78.00 20.00 98.00 NOTE
r-patched-linux-x86_64 2.2-3 10.18 11.70 21.88 NOTE
r-patched-solaris-sparc 2.2-3 275.70 NOTE
r-patched-solaris-x86 2.2-3 60.80 NOTE
r-release-linux-ix86 2.2-3 14.74 21.83 36.57 NOTE
r-release-linux-x86_64 2.2-3 10.27 11.74 22.01 NOTE
r-release-osx-x86_64-mavericks 2.2-3 NOTE
r-release-osx-x86_64-snowleopard 2.2-3 NOTE
r-release-windows-ix86+x86_64 2.2-3 65.00 22.00 87.00 NOTE
r-oldrel-windows-ix86+x86_64 2.2-3 68.00 19.00 87.00 NOTE

Check Details

Version: 2.2-3
Check: installed package size
Result: NOTE
     installed size is 32.7Mb
     sub-directories of 1Mb or more:
     mapdata 32.6Mb
Flavors: r-devel-linux-x86_64-debian-clang, r-devel-linux-x86_64-debian-gcc, r-devel-linux-x86_64-fedora-clang, r-devel-linux-x86_64-fedora-gcc, r-devel-osx-x86_64-clang, r-devel-windows-ix86+x86_64, r-patched-linux-x86_64, r-patched-solaris-sparc, r-patched-solaris-x86, r-release-linux-ix86, r-release-linux-x86_64, r-release-osx-x86_64-mavericks, r-release-osx-x86_64-snowleopard, r-release-windows-ix86+x86_64, r-oldrel-windows-ix86+x86_64