CRAN Package Check Results for Package mapdata

Last updated on 2017-06-25 16:52:06.

Flavor Version Tinstall Tcheck Ttotal Status Flags
r-devel-linux-x86_64-debian-clang 2.2-6 10.66 13.25 23.90 OK
r-devel-linux-x86_64-debian-gcc 2.2-6 10.57 12.93 23.49 OK
r-devel-linux-x86_64-fedora-clang 2.2-6 39.79 NOTE
r-devel-linux-x86_64-fedora-gcc 2.2-6 37.59 NOTE
r-devel-windows-ix86+x86_64 2.2-6 77.00 28.00 105.00 NOTE
r-patched-linux-x86_64 2.2-6 10.38 12.37 22.76 OK
r-patched-solaris-sparc 2.2-6 252.70 NOTE
r-patched-solaris-x86 2.2-6 57.90 NOTE
r-release-linux-x86_64 2.2-6 10.61 12.71 23.31 OK
r-release-windows-ix86+x86_64 2.2-6 69.00 40.00 109.00 NOTE
r-release-osx-x86_64 2.2-6 NOTE
r-oldrel-windows-ix86+x86_64 2.2-6 65.00 34.00 99.00 NOTE
r-oldrel-osx-x86_64 2.2-6 NOTE

Check Details

Version: 2.2-6
Check: installed package size
Result: NOTE
     installed size is 32.7Mb
     sub-directories of 1Mb or more:
     mapdata 32.6Mb
Flavors: r-devel-linux-x86_64-fedora-clang, r-devel-linux-x86_64-fedora-gcc, r-devel-windows-ix86+x86_64, r-patched-solaris-sparc, r-patched-solaris-x86, r-release-windows-ix86+x86_64, r-release-osx-x86_64, r-oldrel-windows-ix86+x86_64, r-oldrel-osx-x86_64