CRAN Package Check Results for Package mapdata

Last updated on 2015-01-28 15:47:13.

Flavor Version Tinstall Tcheck Ttotal Status Flags
r-devel-linux-x86_64-debian-clang 2.2-3 10.24 10.48 20.72 NOTE
r-devel-linux-x86_64-debian-gcc 2.2-3 10.13 10.83 20.96 NOTE
r-devel-linux-x86_64-fedora-clang 2.2-3 41.31 NOTE
r-devel-linux-x86_64-fedora-gcc 2.2-3 39.58 NOTE
r-devel-osx-x86_64-clang 2.2-3 48.63 NOTE
r-devel-windows-ix86+x86_64 2.2-3 62.00 22.00 84.00 NOTE
r-patched-linux-x86_64 2.2-3 10.35 11.68 22.03 NOTE
r-patched-solaris-sparc 2.2-3 253.70 NOTE
r-patched-solaris-x86 2.2-3 61.00 NOTE
r-release-linux-ix86 2.2-3 14.14 17.84 31.99 NOTE
r-release-linux-x86_64 2.2-3 10.63 11.72 22.36 NOTE
r-release-osx-x86_64-mavericks 2.2-3 NOTE
r-release-osx-x86_64-snowleopard 2.2-3 NOTE
r-release-windows-ix86+x86_64 2.2-3 65.00 22.00 87.00 NOTE
r-oldrel-windows-ix86+x86_64 2.2-3 68.00 19.00 87.00 NOTE

Check Details

Version: 2.2-3
Check: installed package size
Result: NOTE
     installed size is 32.7Mb
     sub-directories of 1Mb or more:
     mapdata 32.6Mb
Flavors: r-devel-linux-x86_64-debian-clang, r-devel-linux-x86_64-debian-gcc, r-devel-linux-x86_64-fedora-clang, r-devel-linux-x86_64-fedora-gcc, r-devel-osx-x86_64-clang, r-devel-windows-ix86+x86_64, r-patched-linux-x86_64, r-patched-solaris-sparc, r-patched-solaris-x86, r-release-linux-ix86, r-release-linux-x86_64, r-release-osx-x86_64-mavericks, r-release-osx-x86_64-snowleopard, r-release-windows-ix86+x86_64, r-oldrel-windows-ix86+x86_64