CRAN Package Check Results for Package mapdata

Last updated on 2017-04-28 17:47:43.

Flavor Version Tinstall Tcheck Ttotal Status Flags
r-devel-linux-x86_64-debian-clang 2.2-6 10.75 13.85 24.60 OK
r-devel-linux-x86_64-debian-gcc 2.2-6 10.69 12.91 23.60 OK
r-devel-linux-x86_64-fedora-clang 2.2-6 41.70 NOTE --no-stop-on-test-error
r-devel-linux-x86_64-fedora-gcc 2.2-6 36.76 NOTE --no-stop-on-test-error
r-devel-windows-ix86+x86_64 2.2-6 62.00 40.00 102.00 NOTE
r-patched-linux-x86_64 2.2-6 10.56 13.53 24.09 OK
r-patched-solaris-sparc 2.2-6 252.70 NOTE
r-patched-solaris-x86 2.2-6 58.00 NOTE
r-release-linux-x86_64 2.2-6 10.74 13.87 24.61 OK
r-release-windows-ix86+x86_64 2.2-6 79.00 28.00 107.00 NOTE
r-release-osx-x86_64 2.2-6 NOTE
r-oldrel-windows-ix86+x86_64 2.2-6 79.00 26.00 105.00 NOTE
r-oldrel-osx-x86_64 2.2-6 NOTE

Check Details

Version: 2.2-6
Flags: --no-stop-on-test-error
Check: installed package size
Result: NOTE
     installed size is 32.7Mb
     sub-directories of 1Mb or more:
     mapdata 32.6Mb
Flavors: r-devel-linux-x86_64-fedora-clang, r-devel-linux-x86_64-fedora-gcc

Version: 2.2-6
Check: installed package size
Result: NOTE
     installed size is 32.7Mb
     sub-directories of 1Mb or more:
     mapdata 32.6Mb
Flavors: r-devel-windows-ix86+x86_64, r-patched-solaris-sparc, r-patched-solaris-x86, r-release-windows-ix86+x86_64, r-release-osx-x86_64, r-oldrel-windows-ix86+x86_64, r-oldrel-osx-x86_64