CRAN Package Check Results for Package mapdata

Last updated on 2016-12-09 07:48:36.

Flavor Version Tinstall Tcheck Ttotal Status Flags
r-devel-linux-x86_64-debian-clang 2.2-6 11.36 12.10 23.46 OK
r-devel-linux-x86_64-debian-gcc 2.2-6 10.42 12.15 22.57 OK
r-devel-linux-x86_64-fedora-clang 2.2-6 38.27 NOTE --no-stop-on-test-error
r-devel-linux-x86_64-fedora-gcc 2.2-6 37.16 NOTE --no-stop-on-test-error
r-devel-macos-x86_64-clang 2.2-6 35.46 NOTE
r-devel-windows-ix86+x86_64 2.2-6 67.00 34.00 101.00 NOTE
r-patched-linux-x86_64 2.2-6 10.57 10.71 21.28 OK
r-patched-solaris-sparc 2.2-6 232.40 NOTE
r-patched-solaris-x86 2.2-6 49.60 NOTE
r-release-linux-x86_64 2.2-6 10.85 10.99 21.84 OK
r-release-osx-x86_64-mavericks 2.2-6 NOTE
r-release-windows-ix86+x86_64 2.2-6 67.00 43.00 110.00 NOTE
r-oldrel-windows-ix86+x86_64 2.2-6 79.00 26.00 105.00 NOTE

Check Details

Version: 2.2-6
Flags: --no-stop-on-test-error
Check: installed package size
Result: NOTE
     installed size is 32.7Mb
     sub-directories of 1Mb or more:
     mapdata 32.6Mb
Flavors: r-devel-linux-x86_64-fedora-clang, r-devel-linux-x86_64-fedora-gcc

Version: 2.2-6
Check: installed package size
Result: NOTE
     installed size is 32.7Mb
     sub-directories of 1Mb or more:
     mapdata 32.6Mb
Flavors: r-devel-macos-x86_64-clang, r-devel-windows-ix86+x86_64, r-patched-solaris-sparc, r-patched-solaris-x86, r-release-osx-x86_64-mavericks, r-release-windows-ix86+x86_64, r-oldrel-windows-ix86+x86_64