CRAN Package Check Results for Package mapdata

Last updated on 2017-12-13 07:48:31 CET.

Flavor Version Tinstall Tcheck Ttotal Status Flags
r-devel-linux-x86_64-debian-clang 2.2-6 13.92 15.48 29.40 OK
r-devel-linux-x86_64-debian-gcc 2.2-6 10.42 13.05 23.47 OK
r-devel-linux-x86_64-fedora-clang 2.2-6 37.18 NOTE
r-devel-linux-x86_64-fedora-gcc 2.2-6 37.85 NOTE
r-devel-windows-ix86+x86_64 2.2-6 64.00 28.00 92.00 NOTE
r-patched-linux-x86_64 2.2-6 14.17 16.20 30.37 OK
r-patched-solaris-x86 2.2-6 57.00 NOTE
r-release-linux-x86_64 2.2-6 14.19 16.13 30.32 OK
r-release-windows-ix86+x86_64 2.2-6 65.00 59.00 124.00 NOTE
r-release-osx-x86_64 2.2-6 NOTE
r-oldrel-windows-ix86+x86_64 2.2-6 77.00 33.00 110.00 NOTE
r-oldrel-osx-x86_64 2.2-6 NOTE

Check Details

Version: 2.2-6
Check: installed package size
Result: NOTE
     installed size is 32.7Mb
     sub-directories of 1Mb or more:
     mapdata 32.6Mb
Flavors: r-devel-linux-x86_64-fedora-clang, r-devel-linux-x86_64-fedora-gcc, r-devel-windows-ix86+x86_64, r-patched-solaris-x86, r-release-windows-ix86+x86_64, r-release-osx-x86_64, r-oldrel-windows-ix86+x86_64, r-oldrel-osx-x86_64