CRAN Package Check Results for Package mapdata

Last updated on 2016-05-28 11:49:17.

Flavor Version Tinstall Tcheck Ttotal Status Flags
r-devel-linux-x86_64-debian-gcc 2.2-6 10.53 10.36 20.89 NOTE
r-devel-linux-x86_64-fedora-clang 2.2-6 34.57 NOTE
r-devel-linux-x86_64-fedora-gcc 2.2-6 32.01 NOTE
r-devel-osx-x86_64-clang 2.2-6 50.53 NOTE
r-devel-windows-ix86+x86_64 2.2-6 63.00 27.00 90.00 NOTE
r-patched-linux-x86_64 2.2-6 11.16 10.09 21.25 NOTE
r-patched-solaris-sparc 2.2-6 228.70 NOTE
r-patched-solaris-x86 2.2-6 50.30 NOTE
r-release-linux-x86_64 2.2-6 11.01 10.27 21.28 NOTE
r-release-osx-x86_64-mavericks 2.2-6 NOTE
r-release-windows-ix86+x86_64 2.2-6 74.00 36.00 110.00 NOTE
r-oldrel-windows-ix86+x86_64 2.2-6 66.00 41.00 107.00 NOTE

Check Details

Version: 2.2-6
Check: installed package size
Result: NOTE
     installed size is 32.7Mb
     sub-directories of 1Mb or more:
     mapdata 32.6Mb
Flavors: r-devel-linux-x86_64-debian-gcc, r-devel-linux-x86_64-fedora-clang, r-devel-linux-x86_64-fedora-gcc, r-devel-osx-x86_64-clang, r-devel-windows-ix86+x86_64, r-patched-linux-x86_64, r-patched-solaris-sparc, r-patched-solaris-x86, r-release-linux-x86_64, r-release-osx-x86_64-mavericks, r-release-windows-ix86+x86_64, r-oldrel-windows-ix86+x86_64