CRAN Package Check Results for Package mapmisc

Last updated on 2015-07-06 03:47:49.

Flavor Version Tinstall Tcheck Ttotal Status Flags
r-devel-linux-x86_64-debian-clang 1.2.4 2.95 125.31 128.26 NOTE
r-devel-linux-x86_64-debian-gcc 1.2.4 2.86 132.70 135.56 NOTE
r-devel-linux-x86_64-fedora-clang 1.2.4 251.00 NOTE
r-devel-linux-x86_64-fedora-gcc 1.2.4 245.89 NOTE
r-devel-osx-x86_64-clang 1.2.4 207.03 OK
r-devel-windows-ix86+x86_64 1.2.4 11.00 122.00 133.00 NOTE
r-patched-linux-x86_64 1.2.4 2.87 120.64 123.51 OK
r-patched-solaris-sparc 1.2.4 1432.10 OK
r-patched-solaris-x86 1.2.4 344.80 OK
r-release-linux-x86_64 1.2.4 2.87 124.14 127.00 OK
r-release-osx-x86_64-mavericks 1.2.4 OK
r-release-windows-ix86+x86_64 1.2.4 11.00 128.00 139.00 OK
r-oldrel-windows-ix86+x86_64 1.2.4 15.00 145.00 160.00 OK

Check Details

Version: 1.2.4
Check: R code for possible problems
Result: NOTE
    .extentLL: no visible global function definition for ‘as’
    .getTileCached: no visible global function definition for
     ‘download.file’
    col2html: no visible global function definition for ‘col2rgb’
    col2html: no visible binding for global variable ‘rgb’
    colourScale.NULL: no visible global function definition for ‘rgb’
    colourScale.NULL : col: no visible global function definition for
     ‘heat.colors’
    colourScale.Raster: no visible global function definition for ‘na.omit’
    colourScale.numeric: no visible global function definition for ‘rgb’
    colourScale.numeric : col: no visible global function definition for
     ‘heat.colors’
    insetMap: no visible global function definition for ‘par’
    insetMap: no visible global function definition for ‘polygon’
    legendBreaks: no visible global function definition for ‘par’
    legendBreaksOld: no visible global function definition for ‘par’
    legendBreaksOld: no visible global function definition for ‘strwidth’
    legendBreaksOld: no visible binding for global variable ‘legend’
    map.new: no visible global function definition for ‘par’
    scaleBar: no visible global function definition for ‘par’
    scaleBar: no visible global function definition for ‘strwidth’
    scaleBar: no visible global function definition for ‘polygon’
    Undefined global functions or variables:
     as col2rgb download.file heat.colors legend na.omit par polygon rgb
     strwidth
Flavors: r-devel-linux-x86_64-debian-clang, r-devel-linux-x86_64-debian-gcc, r-devel-linux-x86_64-fedora-clang, r-devel-linux-x86_64-fedora-gcc, r-devel-windows-ix86+x86_64