CRAN Package Check Results for Package mapmisc

Last updated on 2017-07-22 08:48:11.

Flavor Version Tinstall Tcheck Ttotal Status Flags
r-devel-linux-x86_64-debian-clang 1.5.0 2.96 235.08 238.03 OK
r-devel-linux-x86_64-debian-gcc 1.5.0 2.88 223.99 226.87 OK
r-devel-linux-x86_64-fedora-clang 1.5.0 407.23 OK
r-devel-linux-x86_64-fedora-gcc 1.5.0 391.84 OK
r-devel-windows-ix86+x86_64 1.5.0 12.00 424.00 436.00 OK
r-patched-linux-x86_64 1.5.0 2.92 229.06 231.99 OK
r-patched-solaris-x86 1.5.0 531.20 OK
r-release-linux-x86_64 1.5.0 3.01 232.41 235.42 OK
r-release-windows-ix86+x86_64 1.5.0 10.00 444.00 454.00 OK
r-release-osx-x86_64 1.5.0 ERROR
r-oldrel-windows-ix86+x86_64 1.5.0 14.00 402.00 416.00 OK
r-oldrel-osx-x86_64 1.5.0 OK

Check Details

Version: 1.5.0
Check: package dependencies
Result: NOTE
    Packages suggested but not available for checking: ‘rgdal’ ‘rgeos’
Flavor: r-release-osx-x86_64

Version: 1.5.0
Check: Rd cross-references
Result: NOTE
    Packages unavailable to check Rd xrefs: ‘rgdal’, ‘OpenStreetMap’
Flavor: r-release-osx-x86_64

Version: 1.5.0
Check: examples
Result: ERROR
    Running examples in ‘mapmisc-Ex.R’ failed
    The error most likely occurred in:
    
    > ### Name: netherlands
    > ### Title: Data from the Netherlands
    > ### Aliases: netherlands nldElev nldTiles nldCities world
    > ### Keywords: datasets
    >
    > ### ** Examples
    >
    >
    > # soil data
    > library("sp")
    > data("meuse")
    > coordinates(meuse) <- ~x+y
    >
    > if(require('rgdal', quietly=TRUE)) {
    + proj4string(meuse) <- CRS("+init=epsg:28992")
    + } else {
    + proj4string(meuse) <- CRS(
    + paste("+proj=sterea +lat_0=52.15616055555555 +lon_0=5.38763888888889",
    + "+k=0.9999079 +x_0=155000 +y_0=463000 +ellps=bessel +units=m +no_defs"
    + )
    + )
    + }
    Warning in library(package, lib.loc = lib.loc, character.only = TRUE, logical.return = TRUE, :
     there is no package called ‘rgdal’
    >
    > meuse$soilFac = factor(meuse$soil, levels=c(1,2,3),
    + labels=c("Calcareous","Non-Calc's","Red Brick"))
    > soilCol = colourScale(meuse$soilFac)
    >
    > data("netherlands")
    >
    > map.new(meuse)
    > plot(nldTiles,add=TRUE)
    > points(nldCities)
    > text(nldCities,label=nldCities$name, pos=2)
    > points(meuse, pch=16, col=soilCol$plot)
    > legend('topleft', fill=soilCol$col,legend=soilCol$legend)
    > insetMap(meuse, "bottomright",map=world)
    Error in .requireRgdal() : package 'rgdal' is not available
    Calls: insetMap -> projectExtent -> .requireRgdal
    Execution halted
Flavor: r-release-osx-x86_64

Version: 1.5.0
Check: re-building of vignette outputs
Result: WARN
    Error in re-building vignettes:
     ...
    Loading required package: sp
    Loading required package: raster
    Quitting from lines 510-529 (mapmisc.rnw)
    Error: processing vignette 'mapmisc.rnw' failed with diagnostics:
    object 'nldCitiesRot' not found
    Execution halted
Flavor: r-release-osx-x86_64