CRAN Package Check Results for Package mapmisc

Last updated on 2015-01-25 17:48:06.

Flavor Version Tinstall Tcheck Ttotal Status Flags
r-devel-linux-x86_64-debian-clang 1.1.1 3.16 149.62 152.78 OK
r-devel-linux-x86_64-debian-gcc 1.1.1 3.01 144.58 147.60 OK
r-devel-linux-x86_64-fedora-clang 1.1.1 316.93 OK
r-devel-linux-x86_64-fedora-gcc 1.1.1 306.45 OK
r-devel-osx-x86_64-clang 1.1.1 254.78 OK
r-devel-windows-ix86+x86_64 1.1.1 9.00 139.00 148.00 OK
r-patched-linux-x86_64 1.1.1 3.29 148.78 152.07 OK
r-patched-solaris-sparc 1.1.1 1492.50 OK
r-patched-solaris-x86 1.1.1 435.50 OK
r-release-linux-ix86 1.1.1 4.02 186.64 190.65 OK
r-release-linux-x86_64 1.1.1 3.28 154.55 157.84 OK
r-release-osx-x86_64-mavericks 1.1.1 NOTE
r-release-osx-x86_64-snowleopard 1.1.1 OK
r-release-windows-ix86+x86_64 1.1.1 11.00 133.00 144.00 OK
r-oldrel-windows-ix86+x86_64 1.1.1 9.00 138.00 147.00 OK

Check Details

Version: 1.1.1
Check: package dependencies
Result: NOTE
    Package suggested but not available for checking: ‘rgdal’
Flavor: r-release-osx-x86_64-mavericks

Version: 1.1.1
Check: Rd cross-references
Result: NOTE
    Package unavailable to check Rd xrefs: ‘OpenStreetMap’
Flavor: r-release-osx-x86_64-mavericks