CRAN Package Check Results for Package mapmisc

Last updated on 2014-10-23 13:47:52.

Flavor Version Tinstall Tcheck Ttotal Status Flags
r-devel-linux-x86_64-debian-clang 1.0.0 3.34 156.24 159.59 OK
r-devel-linux-x86_64-debian-gcc 1.0.0 3.10 143.74 146.84 OK
r-devel-linux-x86_64-fedora-clang 1.0.0 315.49 OK
r-devel-linux-x86_64-fedora-gcc 1.0.0 306.85 OK
r-devel-osx-x86_64-clang 1.0.0 245.38 OK
r-devel-windows-ix86+x86_64 1.0.0 10.00 118.00 128.00 OK
r-patched-linux-x86_64 1.0.0 3.47 146.11 149.58 OK
r-patched-solaris-sparc 1.0.0 476.10 ERROR
r-patched-solaris-x86 1.0.0 430.40 NOTE
r-release-linux-ix86 1.0.0 4.13 186.57 190.70 OK
r-release-linux-x86_64 1.0.0 3.36 138.53 141.88 OK
r-release-osx-x86_64-mavericks 1.0.0 NOTE
r-release-osx-x86_64-snowleopard 1.0.0 OK
r-release-windows-ix86+x86_64 1.0.0 10.00 131.00 141.00 OK
r-oldrel-windows-ix86+x86_64 1.0.0 10.00 124.00 134.00 OK

Check Details

Version: 1.0.0
Check: examples
Result: ERROR
    Running examples in ‘mapmisc-Ex.R’ failed
    The error most likely occurred in:
    
    > ### Name: netherlands
    > ### Title: Data from the Netherlands
    > ### Aliases: netherlands nldElev nldTiles nldCities world
    > ### Keywords: datasets
    >
    > ### ** Examples
    >
    >
    > # soil data
    > library("sp")
    > data("meuse")
    > coordinates(meuse) <- ~x+y
    >
    > ## Not run:
    > ##D proj4string(meuse) <- CRS("+init=epsg:28992")
    > ## End(Not run)
    >
    > proj4string(meuse) <- CRS(
    + paste("+proj=sterea +lat_0=52.15616055555555 +lon_0=5.38763888888889",
    + "+k=0.9999079 +x_0=155000 +y_0=463000 +ellps=bessel +units=m +no_defs"
    + )
    + )
    >
    > meuse$soilFac = factor(meuse$soil, levels=c(1,2,3),
    + labels=c("Calcareous","Non-Calc's","Red Brick"))
    > soilCol = colourScale(meuse$soilFac)
    >
    > data("netherlands")
    >
    > map.new(meuse)
    > plot(nldTiles,add=TRUE)
    > points(nldCities)
    > text(nldCities,label=nldCities$name, pos=2)
    > points(meuse, pch=16, col=soilCol$plot)
    > legendBreaks('topleft', soilCol)
    > insetMap(meuse, "bottomright",map=world)
    Error in spTransform(tocrop, CRSobj = CRS(proj4string(map))) :
     no options found in 'init' file
    Calls: insetMap -> spTransform -> spTransform -> .Call
    Execution halted
Flavor: r-patched-solaris-sparc

Version: 1.0.0
Check: re-building of vignette outputs
Result: NOTE
    Error in re-building vignettes:
     ...
    rgdal: version: 0.9-1, (SVN revision 518)
    Geospatial Data Abstraction Library extensions to R successfully loaded
    Loaded GDAL runtime: GDAL 1.10.1, released 2013/08/26
    Path to GDAL shared files: /usr/local/share/gdal
    GDAL does not use iconv for recoding strings.
    Loaded PROJ.4 runtime: Rel. 4.8.0, 6 March 2012, [PJ_VERSION: 480]
    Path to PROJ.4 shared files: (autodetected)
    make: Fatal error in reader: Makefile, line 2: Unexpected end of line seen
    Current working directory /home/ripley/R/packages/tests32/mapmisc.Rcheck/vign_test/mapmisc/vignettes
    Error in buildVignettes(dir = "/home/ripley/R/packages/tests32/mapmisc.Rcheck/vign_test/mapmisc") :
     running 'make' failed
    Execution halted
Flavor: r-patched-solaris-x86

Version: 1.0.0
Check: package dependencies
Result: NOTE
    Package suggested but not available for checking: ‘rgdal’
Flavor: r-release-osx-x86_64-mavericks

Version: 1.0.0
Check: Rd cross-references
Result: NOTE
    Package unavailable to check Rd xrefs: ‘OpenStreetMap’
Flavor: r-release-osx-x86_64-mavericks