CRAN Package Check Results for Package mapmisc

Last updated on 2016-09-29 23:47:38.

Flavor Version Tinstall Tcheck Ttotal Status Flags
r-devel-linux-x86_64-debian-clang 1.5.0 3.10 231.78 234.88 WARN
r-devel-linux-x86_64-debian-gcc 1.5.0 3.03 228.20 231.24 OK
r-devel-linux-x86_64-fedora-clang 1.5.0 411.86 OK
r-devel-linux-x86_64-fedora-gcc 1.5.0 383.65 OK
r-devel-macos-x86_64-clang 1.5.0 296.80 OK
r-devel-windows-ix86+x86_64 1.5.0 8.00 420.00 428.00 WARN
r-patched-linux-x86_64 1.5.0 2.93 230.31 233.23 OK
r-patched-solaris-sparc 1.5.0 2272.00 OK
r-patched-solaris-x86 1.5.0 522.20 OK
r-release-linux-x86_64 1.5.0 2.95 232.16 235.11 OK
r-release-osx-x86_64-mavericks 1.5.0 OK
r-release-windows-ix86+x86_64 1.5.0 9.00 464.00 473.00 OK
r-oldrel-windows-ix86+x86_64 1.5.0 15.00 494.00 509.00 OK

Check Details

Version: 1.5.0
Check: files in ‘vignettes’
Result: WARN
    Files in the 'vignettes' directory newer than all files in 'inst/doc':
     ‘Makefile’
Flavors: r-devel-linux-x86_64-debian-clang, r-devel-windows-ix86+x86_64