CRAN Package Check Results for Package mapmisc

Last updated on 2018-02-23 22:48:02 CET.

Flavor Version Tinstall Tcheck Ttotal Status Flags
r-devel-linux-x86_64-debian-clang 1.7.0 6.70 155.60 162.30 OK
r-devel-linux-x86_64-debian-gcc 1.7.0 6.41 128.40 134.81 OK
r-devel-linux-x86_64-fedora-clang 1.7.0 230.13 OK
r-devel-linux-x86_64-fedora-gcc 1.7.0 217.04 OK
r-devel-windows-ix86+x86_64 1.7.0 17.00 255.00 272.00 OK
r-patched-linux-x86_64 1.7.0 3.96 179.47 183.43 OK
r-patched-solaris-x86 1.7.0 329.90 OK
r-release-linux-x86_64 1.7.0 4.46 186.33 190.79 OK
r-release-windows-ix86+x86_64 1.7.0 14.00 268.00 282.00 WARN
r-release-osx-x86_64 1.7.0 OK
r-oldrel-windows-ix86+x86_64 1.7.0 9.00 234.00 243.00 OK
r-oldrel-osx-x86_64 1.6.3 OK

Check Details

Version: 1.7.0
Check: re-building of vignette outputs
Result: WARN
    Error in re-building vignettes:
     ...
    2[][],[] []legend.line[][]=[][]0[][],)[][]
    [3] <use "figure/simpleMap-1.png" > <use "figure/simpleMap-2.png" >
    <use "figure/simpleMap-3.png" > [4] <use "figure/meuseLegends-1.png" >
    <use "figure/meuseLegends-2.png" > <use "figure/meuseLegends-3.png" >
    [5] (D:/RCompile/recent/R-3.4.3/share/texmf/tex/latex\omscmtt.fd)
    <use "figure/rotatedMap-1.png" > <use "figure/rotatedMap-2.png" >
    
    LaTeX Warning: `h' float specifier changed to `ht'.
    
    [6] <use "figure/inset-1.png" > <use "figure/inset-2.png" >
    
    LaTeX Warning: `h' float specifier changed to `ht'.
    
    [7] [8] (mapmisc.aux) )
    (see the transcript file for additional information)
    Output written on mapmisc.pdf (8 pages).
    Transcript written on mapmisc.log.
    R --slave -e "tools::compactPDF('mapmisc.pdf', gs_quality='ebook')"
    Die Syntax f<c2><81>r den Dateinamen, Verzeichnisnamen oder die Datentr<c2><84>gerbezeichnung ist falsch.
    make[1]: *** [mapmisc.pdf] Error 1
    make[1]: Leaving directory `/cygdrive/d/RCompile/CRANpkg/local/3.4/mapmisc.Rcheck/vign_test/mapmisc/vignettes'
    Warning: running command 'make' had status 2
    Error in buildVignettes(dir = "d:/Rcompile/CRANpkg/local/3.4/mapmisc.Rcheck/vign_test/mapmisc") :
     running 'make' failed
    Execution halted
Flavor: r-release-windows-ix86+x86_64