CRAN Package Check Results for Package mapmisc

Last updated on 2015-04-27 08:48:14.

Flavor Version Tinstall Tcheck Ttotal Status Flags
r-devel-linux-x86_64-debian-clang 1.2.1 2.81 136.91 139.72 OK
r-devel-linux-x86_64-debian-gcc 1.2.1 2.69 138.43 141.12 OK
r-devel-linux-x86_64-fedora-clang 1.2.1 254.30 OK
r-devel-linux-x86_64-fedora-gcc 1.2.1 248.68 OK
r-devel-osx-x86_64-clang 1.2.1 213.18 OK
r-devel-windows-ix86+x86_64 1.2.1 8.00 130.00 138.00 OK
r-patched-linux-x86_64 1.2.1 4.75 134.43 139.18 OK
r-patched-solaris-sparc 1.2.1 1638.00 OK
r-patched-solaris-x86 1.2.1 348.60 OK
r-release-linux-x86_64 1.2.1 2.60 131.69 134.29 OK
r-release-osx-x86_64-mavericks 1.2.1 ERROR
r-release-osx-x86_64-snowleopard 1.2.1 ERROR
r-release-windows-ix86+x86_64 1.2.1 10.00 130.00 140.00 OK
r-oldrel-windows-ix86+x86_64 1.2.1 9.00 184.00 193.00 OK

Check Details

Version: 1.2.1
Check: package dependencies
Result: NOTE
    Package suggested but not available for checking: ‘rgdal’
Flavor: r-release-osx-x86_64-mavericks

Version: 1.2.1
Check: Rd cross-references
Result: NOTE
    Package unavailable to check Rd xrefs: ‘OpenStreetMap’
Flavor: r-release-osx-x86_64-mavericks

Version: 1.2.1
Check: examples
Result: ERROR
    Running examples in ‘mapmisc-Ex.R’ failed
    The error most likely occurred in:
    
    > ### Name: tpeqd
    > ### Title: Two point equidistant projections
    > ### Aliases: tpeqd
    >
    > ### ** Examples
    >
    >
    > tpeqd(rbind(c(0,0), c(10,50)))
    CRS arguments:
     +proj=tpeqd +lat_1=50 +lon_1=10 +lat_2=0 +lon_2=0 +x_0=0 +y_0=0
    +ellps=WGS84 +datum=WGS84 +units=m +no_defs
    >
    > data('netherlands')
    >
    > tcrs = tpeqd(nldCities[1:2,])
    > tcrs
    CRS arguments:
     +proj=tpeqd +lat_1=331027.788489627 +lon_1=181621.589669269
    +lat_2=327887.611498429 +lon_2=183785.297016775 +x_0=0 +y_0=0
    +ellps=WGS84 +datum=WGS84 +units=m +no_defs
    >
    >
    > nldT = spTransform(nldCities, tcrs)
    Error in spTransform(nldCities, tcrs) :
     load package rgdal for spTransform methods
    Calls: spTransform -> spTransform
    Execution halted
Flavor: r-release-osx-x86_64-mavericks

Version: 1.2.1
Check: running R code from vignettes
Result: ERROR
    Errors in running code in vignettes:
    when running code in ‘mapmisc.rnw’
     ...
    > plot(tilesRot, add = TRUE)
    
    > plot(elevRot, add = TRUE, alpha = 0.5, col = terrain.colors(8),
    + legend = FALSE)
    
    > points(nldCitiesRot)
    
     When sourcing ‘mapmisc.R’:
    Error: object 'nldCitiesRot' not found
    Execution halted
Flavor: r-release-osx-x86_64-mavericks

Version: 1.2.1
Check: re-building of vignette outputs
Result: NOTE
    Error in re-building vignettes:
     ...
    Quitting from lines 510-529 (mapmisc.rnw)
    Error: processing vignette 'mapmisc.rnw' failed with diagnostics:
    object 'nldCitiesRot' not found
    Execution halted
Flavor: r-release-osx-x86_64-mavericks

Version: 1.2.1
Check: package dependencies
Result: ERROR
    Package required but not available: ‘raster’
    
    Package suggested but not available for checking: ‘knitr’
    
    VignetteBuilder package required for checking but not installed: ‘knitr’
    
    Files named as vignettes but with no recognized vignette engine:
     ‘inst/doc/mapLayers.rnw’
     ‘inst/doc/mapmisc.rnw’
    (Is a VignetteBuilder field missing?)
    
    See section ‘The DESCRIPTION file’ in the ‘Writing R Extensions’
    manual.
Flavor: r-release-osx-x86_64-snowleopard