CRAN Package Check Results for Package mapmisc

Last updated on 2015-03-31 13:48:17.

Flavor Version Tinstall Tcheck Ttotal Status Flags
r-devel-linux-x86_64-debian-clang 1.2.1 2.78 157.10 159.88 OK
r-devel-linux-x86_64-debian-gcc 1.2.1 3.10 153.87 156.97 OK
r-devel-linux-x86_64-fedora-clang 1.2.1 312.17 OK
r-devel-linux-x86_64-fedora-gcc 1.2.1 332.70 OK
r-devel-osx-x86_64-clang 1.2.1 268.95 OK
r-prerel-windows-ix86+x86_64 1.2.1 10.00 154.00 164.00 OK
r-prerel-linux-x86_64 1.2.1 2.65 154.36 157.01 OK
r-prerel-solaris-sparc 1.2.1 1638.00 OK
r-prerel-solaris-x86 1.2.1 427.70 OK
r-release-linux-x86_64 1.2.1 3.36 181.20 184.57 OK
r-release-osx-x86_64-mavericks 1.2.1 ERROR
r-release-osx-x86_64-snowleopard 1.2.1 OK
r-release-windows-ix86+x86_64 1.2.1 9.00 181.00 190.00 OK
r-oldrel-windows-ix86+x86_64 1.2.1 10.00 190.00 200.00 OK

Check Details

Version: 1.2.1
Check: package dependencies
Result: NOTE
    Package suggested but not available for checking: ‘rgdal’
Flavor: r-release-osx-x86_64-mavericks

Version: 1.2.1
Check: Rd cross-references
Result: NOTE
    Package unavailable to check Rd xrefs: ‘OpenStreetMap’
Flavor: r-release-osx-x86_64-mavericks

Version: 1.2.1
Check: examples
Result: ERROR
    Running examples in ‘mapmisc-Ex.R’ failed
    The error most likely occurred in:
    
    > ### Name: tpeqd
    > ### Title: Two point equidistant projections
    > ### Aliases: tpeqd
    >
    > ### ** Examples
    >
    >
    > tpeqd(rbind(c(0,0), c(10,50)))
    CRS arguments:
     +proj=tpeqd +lat_1=50 +lon_1=10 +lat_2=0 +lon_2=0 +x_0=0 +y_0=0
    +ellps=WGS84 +datum=WGS84 +units=m +no_defs
    >
    > data('netherlands')
    >
    > tcrs = tpeqd(nldCities[1:2,])
    > tcrs
    CRS arguments:
     +proj=tpeqd +lat_1=331027.788489627 +lon_1=181621.589669269
    +lat_2=327887.611498429 +lon_2=183785.297016775 +x_0=0 +y_0=0
    +ellps=WGS84 +datum=WGS84 +units=m +no_defs
    >
    >
    > nldT = spTransform(nldCities, tcrs)
    Error in spTransform(nldCities, tcrs) :
     load package rgdal for spTransform methods
    Calls: spTransform -> spTransform
    Execution halted
Flavor: r-release-osx-x86_64-mavericks