CRAN Package Check Results for Package mapmisc

Last updated on 2015-05-26 06:46:59.

Flavor Version Tinstall Tcheck Ttotal Status Flags
r-devel-linux-x86_64-debian-clang 1.2.4 2.82 133.52 136.33 OK
r-devel-linux-x86_64-debian-gcc 1.2.4 2.75 134.14 136.89 OK
r-devel-linux-x86_64-fedora-clang 1.2.4 250.96 OK
r-devel-linux-x86_64-fedora-gcc 1.2.4 245.44 OK
r-devel-osx-x86_64-clang 1.2.4 212.99 OK
r-devel-windows-ix86+x86_64 1.2.4 7.00 120.00 127.00 OK
r-patched-linux-x86_64 1.2.4 3.07 137.66 140.73 OK
r-patched-solaris-sparc 1.2.4 1432.10 OK
r-patched-solaris-x86 1.2.4 357.80 OK
r-release-linux-x86_64 1.2.4 2.83 131.38 134.21 OK
r-release-osx-x86_64-mavericks 1.2.4 OK
r-release-osx-x86_64-snowleopard 1.2.1 ERROR
r-release-windows-ix86+x86_64 1.2.4 8.00 125.00 133.00 OK
r-oldrel-windows-ix86+x86_64 1.2.4 11.00 132.00 143.00 WARN

Check Details

Version: 1.2.1
Check: package dependencies
Result: ERROR
    Package required but not available: ‘raster’
    
    Package suggested but not available for checking: ‘knitr’
    
    VignetteBuilder package required for checking but not installed: ‘knitr’
    
    Files named as vignettes but with no recognized vignette engine:
     ‘inst/doc/mapLayers.rnw’
     ‘inst/doc/mapmisc.rnw’
    (Is a VignetteBuilder field missing?)
    
    See section ‘The DESCRIPTION file’ in the ‘Writing R Extensions’
    manual.
Flavor: r-release-osx-x86_64-snowleopard

Version: 1.2.4
Check: whether package can be installed
Result: WARN
    Found the following significant warnings:
     Warning: S3 methods 'print.GDALobj', 'print.ogrinfo', 'open.SpatialGDAL', 'close.SpatialGDAL', 'close.SpatialGDALWrite', 'print.summary.SpatialGDAL' were declared in NAMESPACE but not found
Flavor: r-oldrel-windows-ix86+x86_64