CRAN Package Check Results for Package mapmisc

Last updated on 2015-02-28 02:48:49.

Flavor Version Tinstall Tcheck Ttotal Status Flags
r-devel-linux-x86_64-debian-clang 1.1.3 2.57 130.52 133.09 OK
r-devel-linux-x86_64-debian-gcc 1.1.3 2.50 130.56 133.06 OK
r-devel-linux-x86_64-fedora-clang 1.1.3 251.61 OK
r-devel-linux-x86_64-fedora-gcc 1.1.3 246.62 OK
r-devel-osx-x86_64-clang 1.1.3 213.13 OK
r-devel-windows-ix86+x86_64 1.1.3 10.00 117.00 127.00 OK
r-patched-linux-x86_64 1.1.3 3.40 155.38 158.78 OK
r-patched-solaris-sparc 1.1.3 1429.10 OK
r-release-linux-ix86 1.1.3 4.05 185.70 189.74 OK
r-release-linux-x86_64 1.1.3 3.30 142.08 145.39 OK
r-release-osx-x86_64-mavericks 1.1.3 NOTE
r-release-osx-x86_64-snowleopard 1.1.3 OK
r-release-windows-ix86+x86_64 1.1.3 10.00 144.00 154.00 OK
r-oldrel-windows-ix86+x86_64 1.1.3 9.00 197.00 206.00 OK

Check Details

Version: 1.1.3
Check: package dependencies
Result: NOTE
    Package suggested but not available for checking: ‘rgdal’
Flavor: r-release-osx-x86_64-mavericks

Version: 1.1.3
Check: Rd cross-references
Result: NOTE
    Package unavailable to check Rd xrefs: ‘OpenStreetMap’
Flavor: r-release-osx-x86_64-mavericks