CRAN Package Check Results for Package mapmisc

Last updated on 2014-04-20 01:47:59.

Flavor Version Tinstall Tcheck Ttotal Status Flags
r-devel-linux-x86_64-debian-clang 0.9.4 3.47 141.34 144.80 OK
r-devel-linux-x86_64-debian-gcc 0.9.4 3.51 135.11 138.62 OK
r-devel-linux-x86_64-fedora-clang 0.9.4 308.03 OK
r-devel-linux-x86_64-fedora-gcc 0.9.4 304.44 OK
r-devel-macosx-x86_64-clang 0.9.4 218.88 OK
r-devel-macosx-x86_64-gcc 0.9.4 ERROR
r-devel-windows-ix86+x86_64 0.9.4 8.00 133.00 141.00 OK
r-patched-linux-x86_64 0.9.4 3.49 140.43 143.92 OK
r-patched-solaris-sparc 0.9.4 1555.60 NOTE
r-patched-solaris-x86 0.9.4 401.50 NOTE
r-release-linux-ix86 OK
r-release-linux-x86_64 0.9.4 3.47 141.19 144.66 OK
r-release-macosx-x86_64 0.9.4 OK
r-release-windows-ix86+x86_64 0.9.4 11.00 126.00 137.00 OK
r-oldrel-windows-ix86+x86_64 0.9.4 10.00 123.00 133.00 OK

Check Details

Version: 0.9.4
Check: package dependencies
Result: ERROR
    Package required but not available: ‘raster’
    
    Package suggested but not available for checking: ‘knitr’
    
    Files named as vignettes but with no recognized vignette engine:
     ‘inst/doc/mapLayers.rnw’
     ‘inst/doc/mapmisc.rnw’
    (Is a VignetteBuilder field missing?)
    
    See the information on DESCRIPTION files in the chapter ‘Creating R
    packages’ of the ‘Writing R Extensions’ manual.
Flavor: r-devel-macosx-x86_64-gcc

Version: 0.9.4
Check: re-building of vignette outputs
Result: NOTE
    Error in re-building vignettes:
     ...
    libpng warning: Application is running with png.c from libpng-1.2.50
    libpng error: Incompatible libpng version in application and library
    libpng warning: Application was compiled with png.h from libpng-1.6.7
    libpng warning: Application is running with png.c from libpng-1.2.50
    libpng error: Incompatible libpng version in application and library
    libpng warning: Application was compiled with png.h from libpng-1.6.7
    libpng warning: Application is running with png.c from libpng-1.2.50
    libpng error: Incompatible libpng version in application and library
    libpng warning: Application was compiled with png.h from libpng-1.6.7
    libpng warning: Application is running with png.c from libpng-1.2.50
    libpng error: Incompatible libpng version in application and library
    libpng warning: Application was compiled with png.h from libpng-1.6.7
    libpng warning: Application is running with png.c from libpng-1.2.50
    libpng error: Incompatible libpng version in application and library
    libpng warning: Application was compiled with png.h from libpng-1.6.7
    libpng warning: Application is running with png.c from libpng-1.2.50
    libpng error: Incompatible libpng version in application and library
    libpng warning: Application was compiled with png.h from libpng-1.6.7
    libpng warning: Application is running with png.c from libpng-1.2.50
    libpng error: Incompatible libpng version in application and library
    make: Fatal error in reader: Makefile, line 2: Unexpected end of line seen
    Current working directory /home/ripley/R/packages/tests32/mapmisc.Rcheck/vign_test/mapmisc/vignettes
    Error in buildVignettes(dir = "/home/ripley/R/packages/tests32/mapmisc.Rcheck/vign_test/mapmisc") :
     running 'make' failed
    Execution halted
Flavor: r-patched-solaris-sparc

Version: 0.9.4
Check: re-building of vignette outputs
Result: NOTE
    Error in re-building vignettes:
     ...
    make: Fatal error in reader: Makefile, line 2: Unexpected end of line seen
    Current working directory /home/ripley/R/packages/tests32/mapmisc.Rcheck/vign_test/mapmisc/vignettes
    Error in buildVignettes(dir = "/home/ripley/R/packages/tests32/mapmisc.Rcheck/vign_test/mapmisc") :
     running 'make' failed
    Execution halted
Flavor: r-patched-solaris-x86