CRAN Package Check Results for Package mapmisc

Last updated on 2014-09-20 20:46:38.

Flavor Version Tinstall Tcheck Ttotal Status Flags
r-devel-linux-x86_64-debian-clang 1.0.0 3.15 138.66 141.81 OK
r-devel-linux-x86_64-debian-gcc 1.0.0 3.15 132.16 135.32 OK
r-devel-linux-x86_64-fedora-clang 1.0.0 315.36 OK
r-devel-linux-x86_64-fedora-gcc 1.0.0 298.32 OK
r-devel-osx-x86_64-clang 1.0.0 235.68 OK
r-devel-windows-ix86+x86_64 1.0.0 9.00 127.00 136.00 OK
r-patched-linux-x86_64 1.0.0 3.23 147.65 150.88 OK
r-patched-solaris-sparc 1.0.0 1576.60 NOTE
r-patched-solaris-x86 1.0.0 330.40 NOTE
r-release-linux-ix86 1.0.0 4.03 186.63 190.66 OK
r-release-linux-x86_64 1.0.0 3.34 147.05 150.38 OK
r-release-osx-x86_64-mavericks 1.0.0 NOTE
r-release-osx-x86_64-snowleopard 0.9.4 OK
r-release-windows-ix86+x86_64 1.0.0 9.00 125.00 134.00 OK
r-oldrel-windows-ix86+x86_64 1.0.0 9.00 130.00 139.00 OK

Check Details

Version: 1.0.0
Check: re-building of vignette outputs
Result: NOTE
    Error in re-building vignettes:
     ...
    rgdal: version: 0.8-16, (SVN revision 498)
    Geospatial Data Abstraction Library extensions to R successfully loaded
    Loaded GDAL runtime: GDAL 1.10.1, released 2013/08/26
    Path to GDAL shared files: /usr/local/share/gdal
    GDAL does not use iconv for recoding strings.
    Loaded PROJ.4 runtime: Rel. 4.9.0, 27 October 2013, [PJ_VERSION: 490]
    Path to PROJ.4 shared files: (autodetected)
    make: Fatal error in reader: Makefile, line 2: Unexpected end of line seen
    Current working directory /home/ripley/R/packages/tests32/mapmisc.Rcheck/vign_test/mapmisc/vignettes
    Error in buildVignettes(dir = "/home/ripley/R/packages/tests32/mapmisc.Rcheck/vign_test/mapmisc") :
     running 'make' failed
    Execution halted
Flavor: r-patched-solaris-sparc

Version: 1.0.0
Check: re-building of vignette outputs
Result: NOTE
    Error in re-building vignettes:
     ...
    rgdal: version: 0.8-16, (SVN revision 498)
    Geospatial Data Abstraction Library extensions to R successfully loaded
    Loaded GDAL runtime: GDAL 1.10.1, released 2013/08/26
    Path to GDAL shared files: /usr/local/share/gdal
    GDAL does not use iconv for recoding strings.
    Loaded PROJ.4 runtime: Rel. 4.8.0, 6 March 2012, [PJ_VERSION: 480]
    Path to PROJ.4 shared files: (autodetected)
    make: Fatal error in reader: Makefile, line 2: Unexpected end of line seen
    Current working directory /home/ripley/R/packages/tests32/mapmisc.Rcheck/vign_test/mapmisc/vignettes
    Error in buildVignettes(dir = "/home/ripley/R/packages/tests32/mapmisc.Rcheck/vign_test/mapmisc") :
     running 'make' failed
    Execution halted
Flavor: r-patched-solaris-x86

Version: 1.0.0
Check: package dependencies
Result: NOTE
    Package suggested but not available for checking: ‘rgdal’
Flavor: r-release-osx-x86_64-mavericks

Version: 1.0.0
Check: Rd cross-references
Result: NOTE
    Package unavailable to check Rd xrefs: ‘OpenStreetMap’
Flavor: r-release-osx-x86_64-mavericks