CRAN Package Check Results for Package mapplots

Last updated on 2015-07-02 11:48:23.

Flavor Version Tinstall Tcheck Ttotal Status Flags
r-devel-linux-x86_64-debian-clang 1.5 0.75 25.67 26.42 NOTE
r-devel-linux-x86_64-debian-gcc 1.5 0.74 25.23 25.97 NOTE
r-devel-linux-x86_64-fedora-clang 1.5 51.21 NOTE
r-devel-linux-x86_64-fedora-gcc 1.5 49.08 NOTE
r-devel-osx-x86_64-clang 1.5 50.10 OK
r-devel-windows-ix86+x86_64 1.5 6.00 62.00 68.00 OK
r-patched-linux-x86_64 1.5 0.77 26.53 27.30 OK
r-patched-solaris-sparc 1.5 343.20 OK
r-patched-solaris-x86 1.5 62.90 OK
r-release-linux-x86_64 1.5 0.78 26.37 27.15 OK
r-release-osx-x86_64-mavericks 1.5 OK
r-release-windows-ix86+x86_64 1.5 4.00 47.00 51.00 OK
r-oldrel-windows-ix86+x86_64 1.5 4.00 47.00 51.00 OK

Check Details

Version: 1.5
Check: R code for possible problems
Result: NOTE
    add.pie: no visible global function definition for ‘as.graphicsAnnot’
    add.pie: no visible global function definition for ‘par’
    add.pie: no visible global function definition for ‘polygon’
    add.pie: no visible global function definition for ‘text’
    barplot2D: no visible global function definition for ‘plot.new’
    barplot2D: no visible global function definition for ‘plot.window’
    barplot2D: no visible global function definition for ‘axis’
    barplot2D: no visible global function definition for ‘polygon’
    barplot2D: no visible global function definition for ‘rect’
    basemap: no visible global function definition for ‘plot’
    basemap: no visible global function definition for ‘rect’
    basemap: no visible global function definition for ‘par’
    draw.bubble: no visible global function definition for ‘par’
    draw.bubble: no visible global function definition for ‘points’
    draw.grid: no visible global function definition for ‘colorRampPalette’
    draw.grid: no visible global function definition for ‘image’
    draw.grid: no visible global function definition for ‘box’
    draw.rect: no visible global function definition for ‘axis’
    draw.rect: no visible global function definition for ‘abline’
    draw.shape: no visible global function definition for ‘points’
    draw.shape : <anonymous>: no visible global function definition for
     ‘polygon’
    draw.shape : <anonymous>: no visible global function definition for
     ‘lines’
    draw.shape: no visible global function definition for ‘box’
    draw.xy: no visible global function definition for ‘rect’
    draw.xy: no visible global function definition for ‘segments’
    draw.xy: no visible global function definition for ‘points’
    get.asp: no visible global function definition for ‘par’
    legend.box: no visible global function definition for ‘par’
    legend.bubble: no visible global function definition for ‘par’
    legend.bubble: no visible global function definition for ‘rect’
    legend.bubble: no visible global function definition for ‘points’
    legend.bubble: no visible global function definition for ‘text’
    legend.grid: no visible global function definition for
     ‘colorRampPalette’
    legend.pie: no visible global function definition for ‘rect’
    progressMsg: no visible global function definition for ‘flush.console’
    write.grid: no visible global function definition for ‘na.omit’
    write.grid: no visible global function definition for ‘write.table’
    write.grid: no visible global function definition for ‘write.csv’
Flavors: r-devel-linux-x86_64-debian-clang, r-devel-linux-x86_64-debian-gcc, r-devel-linux-x86_64-fedora-gcc

Version: 1.5
Check: R code for possible problems
Result: NOTE
    add.pie: no visible global function definition for ‘as.graphicsAnnot’
    add.pie: no visible global function definition for ‘par’
    add.pie: no visible global function definition for ‘polygon’
    add.pie: no visible global function definition for ‘text’
    barplot2D: no visible global function definition for ‘plot.new’
    barplot2D: no visible global function definition for ‘plot.window’
    barplot2D: no visible global function definition for ‘axis’
    barplot2D: no visible global function definition for ‘polygon’
    barplot2D: no visible global function definition for ‘rect’
    basemap: no visible global function definition for ‘plot’
    basemap: no visible global function definition for ‘rect’
    basemap: no visible global function definition for ‘par’
    draw.bubble: no visible global function definition for ‘par’
    draw.bubble: no visible global function definition for ‘points’
    draw.grid: no visible global function definition for ‘colorRampPalette’
    draw.grid: no visible global function definition for ‘image’
    draw.grid: no visible global function definition for ‘box’
    draw.rect: no visible global function definition for ‘axis’
    draw.rect: no visible global function definition for ‘abline’
    draw.shape: no visible global function definition for ‘points’
    draw.shape : <anonymous>: no visible global function definition for
     ‘polygon’
    draw.shape : <anonymous>: no visible global function definition for
     ‘lines’
    draw.shape: no visible global function definition for ‘box’
    draw.xy: no visible global function definition for ‘rect’
    draw.xy: no visible global function definition for ‘segments’
    draw.xy: no visible global function definition for ‘points’
    get.asp: no visible global function definition for ‘par’
    legend.box: no visible global function definition for ‘par’
    legend.bubble: no visible global function definition for ‘par’
    legend.bubble: no visible global function definition for ‘rect’
    legend.bubble: no visible global function definition for ‘points’
    legend.bubble: no visible global function definition for ‘text’
    legend.grid: no visible global function definition for
     ‘colorRampPalette’
    legend.pie: no visible global function definition for ‘rect’
    progressMsg: no visible global function definition for ‘flush.console’
    write.grid: no visible global function definition for ‘na.omit’
    write.grid: no visible global function definition for ‘write.table’
    write.grid: no visible global function definition for ‘write.csv’
    Undefined global functions or variables:
     abline as.graphicsAnnot axis box colorRampPalette flush.console image
     lines na.omit par plot plot.new plot.window points polygon rect
     segments text write.csv write.table
Flavor: r-devel-linux-x86_64-fedora-clang