CRAN Package Check Results for Package mapplots

Last updated on 2014-11-01 08:48:19.

Flavor Version Tinstall Tcheck Ttotal Status Flags
r-devel-linux-x86_64-debian-clang 1.5 1.13 27.51 28.64 OK
r-devel-linux-x86_64-debian-gcc 1.5 0.86 27.42 28.28 OK
r-devel-linux-x86_64-fedora-clang 1.5 29.67 OK
r-devel-linux-x86_64-fedora-gcc 1.5 27.79 OK
r-devel-osx-x86_64-clang 1.5 51.11 OK
r-devel-windows-ix86+x86_64 1.5 3.00 43.00 46.00 OK
r-patched-linux-x86_64 1.4 0.85 31.20 32.06 NOTE
r-patched-solaris-sparc 1.5 314.10 OK
r-patched-solaris-x86 1.5 59.00 OK
r-release-linux-ix86 1.4 1.22 38.85 40.07 OK
r-release-linux-x86_64 1.4 0.85 29.20 30.05 OK
r-release-osx-x86_64-mavericks 1.5 OK
r-release-osx-x86_64-snowleopard 1.5 OK
r-release-windows-ix86+x86_64 1.5 3.00 49.00 52.00 OK
r-oldrel-windows-ix86+x86_64 1.5 4.00 53.00 57.00 OK

Check Details

Version: 1.4
Check: R code for possible problems
Result: NOTE
    write.grid: no visible global function definition for
     ‘convert.to.shapefile’
    write.grid: no visible global function definition for ‘write.shapefile’
Flavor: r-patched-linux-x86_64