CRAN Package Check Results for Package mapplots

Last updated on 2015-08-05 06:47:47.

Flavor Version Tinstall Tcheck Ttotal Status Flags
r-devel-linux-x86_64-debian-clang 1.5 0.74 25.96 26.71 NOTE
r-devel-linux-x86_64-debian-gcc 1.5 0.74 25.80 26.54 NOTE
r-devel-linux-x86_64-fedora-clang 1.5 51.65 NOTE
r-devel-linux-x86_64-fedora-gcc 1.5 48.51 NOTE
r-devel-osx-x86_64-clang 1.5 46.02 OK
r-devel-windows-ix86+x86_64 1.5 4.00 47.00 51.00 NOTE
r-patched-linux-x86_64 1.5 0.78 27.13 27.91 OK
r-patched-solaris-sparc 1.5 333.10 OK
r-patched-solaris-x86 1.5 62.00 OK
r-release-linux-x86_64 1.5 0.78 26.36 27.15 OK
r-release-osx-x86_64-mavericks 1.5 OK
r-release-windows-ix86+x86_64 1.5 6.00 43.00 49.00 OK
r-oldrel-windows-ix86+x86_64 1.5 3.00 45.00 48.00 OK

Check Details

Version: 1.5
Check: R code for possible problems
Result: NOTE
    add.pie: no visible global function definition for ‘as.graphicsAnnot’
    add.pie: no visible global function definition for ‘par’
    add.pie: no visible global function definition for ‘polygon’
    add.pie: no visible global function definition for ‘text’
    barplot2D: no visible global function definition for ‘plot.new’
    barplot2D: no visible global function definition for ‘plot.window’
    barplot2D: no visible global function definition for ‘axis’
    barplot2D: no visible global function definition for ‘polygon’
    barplot2D: no visible global function definition for ‘rect’
    basemap: no visible global function definition for ‘plot’
    basemap: no visible global function definition for ‘rect’
    basemap: no visible global function definition for ‘par’
    draw.bubble: no visible global function definition for ‘par’
    draw.bubble: no visible global function definition for ‘points’
    draw.grid: no visible global function definition for ‘colorRampPalette’
    draw.grid: no visible global function definition for ‘image’
    draw.grid: no visible global function definition for ‘box’
    draw.rect: no visible global function definition for ‘axis’
    draw.rect: no visible global function definition for ‘abline’
    draw.shape: no visible global function definition for ‘points’
    draw.shape : <anonymous>: no visible global function definition for
     ‘polygon’
    draw.shape : <anonymous>: no visible global function definition for
     ‘lines’
    draw.shape: no visible global function definition for ‘box’
    draw.xy: no visible global function definition for ‘rect’
    draw.xy: no visible global function definition for ‘segments’
    draw.xy: no visible global function definition for ‘points’
    get.asp: no visible global function definition for ‘par’
    legend.box: no visible global function definition for ‘par’
    legend.bubble: no visible global function definition for ‘par’
    legend.bubble: no visible global function definition for ‘rect’
    legend.bubble: no visible global function definition for ‘points’
    legend.bubble: no visible global function definition for ‘text’
    legend.grid: no visible global function definition for
     ‘colorRampPalette’
    legend.pie: no visible global function definition for ‘rect’
    progressMsg: no visible global function definition for ‘flush.console’
    write.grid: no visible global function definition for ‘na.omit’
    write.grid: no visible global function definition for ‘write.table’
    write.grid: no visible global function definition for ‘write.csv’
    Undefined global functions or variables:
     abline as.graphicsAnnot axis box colorRampPalette flush.console image
     lines na.omit par plot plot.new plot.window points polygon rect
     segments text write.csv write.table
    Consider adding
     importFrom("grDevices", "as.graphicsAnnot", "colorRampPalette")
     importFrom("graphics", "abline", "axis", "box", "image", "lines",
     "par", "plot", "plot.new", "plot.window", "points",
     "polygon", "rect", "segments", "text")
     importFrom("stats", "na.omit")
     importFrom("utils", "flush.console", "write.csv", "write.table")
    to your NAMESPACE.
Flavors: r-devel-linux-x86_64-debian-clang, r-devel-linux-x86_64-debian-gcc, r-devel-linux-x86_64-fedora-clang, r-devel-linux-x86_64-fedora-gcc, r-devel-windows-ix86+x86_64