CRAN Package Check Results for Package mapplots

Last updated on 2014-10-26 01:48:09.

Flavor Version Tinstall Tcheck Ttotal Status Flags
r-devel-linux-x86_64-debian-clang 1.4 0.91 28.97 29.88 NOTE
r-devel-linux-x86_64-debian-gcc 1.4 0.83 27.41 28.24 NOTE
r-devel-linux-x86_64-fedora-clang 1.4 58.18 NOTE
r-devel-linux-x86_64-fedora-gcc 1.4 53.96 NOTE
r-devel-osx-x86_64-clang 1.4 51.03 NOTE
r-devel-windows-ix86+x86_64 1.4 3.00 43.00 46.00 NOTE
r-patched-linux-x86_64 1.4 1.17 29.30 30.47 NOTE
r-patched-solaris-sparc 1.4 342.60 NOTE
r-patched-solaris-x86 1.4 68.20 NOTE
r-release-linux-ix86 1.4 1.22 38.85 40.07 OK
r-release-linux-x86_64 1.4 0.85 29.20 30.05 OK
r-release-osx-x86_64-mavericks 1.4 OK
r-release-windows-ix86+x86_64 1.4 4.00 51.00 55.00 OK
r-oldrel-windows-ix86+x86_64 1.4 3.00 46.00 49.00 OK

Check Details

Version: 1.4
Check: R code for possible problems
Result: NOTE
    write.grid: no visible global function definition for
     ‘convert.to.shapefile’
    write.grid: no visible global function definition for ‘write.shapefile’
Flavors: r-devel-linux-x86_64-debian-clang, r-devel-linux-x86_64-debian-gcc, r-devel-linux-x86_64-fedora-clang, r-devel-linux-x86_64-fedora-gcc, r-devel-osx-x86_64-clang, r-devel-windows-ix86+x86_64, r-patched-linux-x86_64, r-patched-solaris-sparc, r-patched-solaris-x86