CRAN Package Check Results for Package mapplots

Last updated on 2014-08-31 02:48:06.

Flavor Version Tinstall Tcheck Ttotal Status Flags
r-devel-linux-x86_64-debian-clang 1.4 0.81 26.59 27.40 NOTE
r-devel-linux-x86_64-debian-gcc 1.4 0.86 26.28 27.14 NOTE
r-devel-linux-x86_64-fedora-clang 1.4 58.34 NOTE
r-devel-linux-x86_64-fedora-gcc 1.4 53.40 NOTE
r-devel-osx-x86_64-clang 1.4 47.99 NOTE
r-devel-windows-ix86+x86_64 1.4 3.00 50.00 53.00 NOTE
r-patched-linux-x86_64 1.4 1.13 28.59 29.72 OK
r-patched-solaris-sparc 1.4 334.60 OK
r-patched-solaris-x86 1.4 67.00 OK
r-release-linux-ix86 1.4 1.25 38.18 39.43 OK
r-release-linux-x86_64 1.4 1.20 28.70 29.90 OK
r-release-osx-x86_64-mavericks 1.4 OK
r-release-windows-ix86+x86_64 1.4 4.00 51.00 55.00 OK
r-oldrel-windows-ix86+x86_64 1.4 3.00 46.00 49.00 OK

Check Details

Version: 1.4
Check: R code for possible problems
Result: NOTE
    write.grid: no visible global function definition for
     ‘convert.to.shapefile’
    write.grid: no visible global function definition for ‘write.shapefile’
Flavors: r-devel-linux-x86_64-debian-clang, r-devel-linux-x86_64-debian-gcc, r-devel-linux-x86_64-fedora-clang, r-devel-linux-x86_64-fedora-gcc, r-devel-osx-x86_64-clang, r-devel-windows-ix86+x86_64