CRAN Package Check Results for Package mapproj

Last updated on 2014-09-18 18:46:50.

Flavor Version Tinstall Tcheck Ttotal Status Flags
r-devel-linux-x86_64-debian-clang 1.2-2 3.17 9.78 12.96 NOTE
r-devel-linux-x86_64-debian-gcc 1.2-2 3.43 9.87 13.30 NOTE
r-devel-linux-x86_64-fedora-clang 1.2-2 24.20 NOTE
r-devel-linux-x86_64-fedora-gcc 1.2-2 23.91 NOTE
r-devel-osx-x86_64-clang 1.2-2 26.62 NOTE
r-devel-windows-ix86+x86_64 1.2-2 40.00 24.00 64.00 NOTE
r-patched-linux-x86_64 1.2-2 3.54 9.65 13.18 OK
r-patched-solaris-sparc 1.2-2 147.40 OK
r-patched-solaris-x86 1.2-2 36.80 OK
r-release-linux-ix86 1.2-2 5.41 16.28 21.69 OK
r-release-linux-x86_64 1.2-2 3.39 10.10 13.48 OK
r-release-osx-x86_64-mavericks 1.2-2 OK
r-release-osx-x86_64-snowleopard 1.2-2 OK
r-release-windows-ix86+x86_64 1.2-2 49.00 27.00 76.00 OK
r-oldrel-windows-ix86+x86_64 1.2-2 42.00 22.00 64.00 OK

Check Details

Version: 1.2-2
Check: R code for possible problems
Result: NOTE
    map.grid: no visible global function definition for ‘.map.range’
Flavors: r-devel-linux-x86_64-debian-clang, r-devel-linux-x86_64-debian-gcc, r-devel-linux-x86_64-fedora-clang, r-devel-linux-x86_64-fedora-gcc, r-devel-osx-x86_64-clang, r-devel-windows-ix86+x86_64