CRAN Package Check Results for Package mapproj

Last updated on 2017-03-29 22:47:11.

Flavor Version Tinstall Tcheck Ttotal Status Flags
r-devel-linux-x86_64-debian-clang 1.2-4 4.86 15.88 20.75 NOTE
r-devel-linux-x86_64-debian-gcc 1.2-4 4.03 16.27 20.29 NOTE
r-devel-linux-x86_64-fedora-clang 1.2-4 27.82 NOTE --no-stop-on-test-error
r-devel-linux-x86_64-fedora-gcc 1.2-4 24.75 NOTE --no-stop-on-test-error
r-devel-macos-x86_64-clang 1.2-4 21.85 NOTE --no-stop-on-test-error
r-devel-windows-ix86+x86_64 1.2-4 39.00 36.00 75.00 OK
r-patched-linux-x86_64 1.2-4 3.65 15.11 18.76 NOTE
r-patched-solaris-sparc 1.2-4 161.60 OK
r-patched-solaris-x86 1.2-4 36.50 OK
r-release-linux-x86_64 1.2-4 3.42 10.07 13.48 OK
r-release-osx-x86_64-mavericks 1.2-4 OK
r-release-windows-ix86+x86_64 1.2-4 49.00 65.00 114.00 OK
r-oldrel-windows-ix86+x86_64 1.2-4 104.00 26.00 130.00 OK

Check Details

Version: 1.2-4
Check: compiled code
Result: NOTE
    File ‘mapproj/libs/mapproj.so’:
     Found no calls to: ‘R_registerRoutines’, ‘R_useDynamicSymbols’
    
    It is good practice to register native routines and to disable symbol
    search.
    
    See ‘Writing portable packages’ in the ‘Writing R Extensions’ manual.
Flavors: r-devel-linux-x86_64-debian-clang, r-devel-linux-x86_64-debian-gcc, r-patched-linux-x86_64

Version: 1.2-4
Flags: --no-stop-on-test-error
Check: compiled code
Result: NOTE
    File ‘mapproj/libs/mapproj.so’:
     Found no calls to: ‘R_registerRoutines’, ‘R_useDynamicSymbols’
    
    It is good practice to register native routines and to disable symbol
    search.
    
    See ‘Writing portable packages’ in the ‘Writing R Extensions’ manual.
Flavors: r-devel-linux-x86_64-fedora-clang, r-devel-linux-x86_64-fedora-gcc, r-devel-macos-x86_64-clang