CRAN Package Check Results for Package mapproj

Last updated on 2014-12-20 17:51:09.

Flavor Version Tinstall Tcheck Ttotal Status Flags
r-devel-linux-x86_64-debian-clang 1.2-2 3.15 10.10 13.24 NOTE
r-devel-linux-x86_64-debian-gcc 1.2-2 3.25 10.00 13.26 NOTE
r-devel-linux-x86_64-fedora-clang 1.2-2 27.72 NOTE
r-devel-linux-x86_64-fedora-gcc 1.2-2 25.89 NOTE
r-devel-osx-x86_64-clang 1.2-2 27.91 NOTE
r-devel-windows-ix86+x86_64 1.2-2 62.00 51.00 113.00 NOTE
r-patched-linux-x86_64 1.2-2 3.40 10.43 13.82 NOTE
r-patched-solaris-sparc 1.2-2 153.50 NOTE
r-patched-solaris-x86 1.2-2 39.20 NOTE
r-release-linux-ix86 1.2-2 5.18 16.06 21.24 NOTE
r-release-linux-x86_64 1.2-2 3.50 10.10 13.60 NOTE
r-release-osx-x86_64-mavericks 1.2-2 OK
r-release-osx-x86_64-snowleopard 1.2-2 OK
r-release-windows-ix86+x86_64 1.2-2 42.00 25.00 67.00 NOTE
r-oldrel-windows-ix86+x86_64 1.2-2 37.00 22.00 59.00 OK

Check Details

Version: 1.2-2
Check: R code for possible problems
Result: NOTE
    map.grid: no visible global function definition for ‘.map.range’
Flavors: r-devel-linux-x86_64-debian-clang, r-devel-linux-x86_64-debian-gcc, r-devel-linux-x86_64-fedora-clang, r-devel-linux-x86_64-fedora-gcc, r-devel-osx-x86_64-clang, r-devel-windows-ix86+x86_64, r-patched-linux-x86_64, r-patched-solaris-sparc, r-patched-solaris-x86, r-release-linux-ix86, r-release-linux-x86_64, r-release-windows-ix86+x86_64