CRAN Package Check Results for Package mapproj

Last updated on 2014-11-24 16:47:14.

Flavor Version Tinstall Tcheck Ttotal Status Flags
r-devel-linux-x86_64-debian-clang 1.2-2 3.23 10.08 13.31 NOTE
r-devel-linux-x86_64-debian-gcc 1.2-2 3.34 10.59 13.94 NOTE
r-devel-linux-x86_64-fedora-clang 1.2-2 26.81 NOTE
r-devel-linux-x86_64-fedora-gcc 1.2-2 25.24 NOTE
r-devel-osx-x86_64-clang 1.2-2 28.31 NOTE
r-devel-windows-ix86+x86_64 1.2-2 41.00 25.00 66.00 NOTE
r-patched-linux-x86_64 1.2-2 3.74 10.02 13.76 NOTE
r-patched-solaris-sparc 1.2-2 153.50 NOTE
r-patched-solaris-x86 1.2-2 39.50 NOTE
r-release-linux-ix86 1.2-2 5.38 16.14 21.52 NOTE
r-release-linux-x86_64 1.2-2 3.64 10.01 13.65 NOTE
r-release-osx-x86_64-mavericks 1.2-2 OK
r-release-osx-x86_64-snowleopard 1.2-2 OK
r-release-windows-ix86+x86_64 1.2-2 42.00 25.00 67.00 NOTE
r-oldrel-windows-ix86+x86_64 1.2-2 37.00 22.00 59.00 OK

Check Details

Version: 1.2-2
Check: R code for possible problems
Result: NOTE
    map.grid: no visible global function definition for ‘.map.range’
Flavors: r-devel-linux-x86_64-debian-clang, r-devel-linux-x86_64-debian-gcc, r-devel-linux-x86_64-fedora-clang, r-devel-linux-x86_64-fedora-gcc, r-devel-osx-x86_64-clang, r-devel-windows-ix86+x86_64, r-patched-linux-x86_64, r-patched-solaris-sparc, r-patched-solaris-x86, r-release-linux-ix86, r-release-linux-x86_64, r-release-windows-ix86+x86_64