CRAN Package Check Results for Package mapproj

Last updated on 2015-04-26 19:47:22.

Flavor Version Tinstall Tcheck Ttotal Status Flags
r-devel-linux-x86_64-debian-clang 1.2-2 3.18 9.24 12.42 NOTE
r-devel-linux-x86_64-debian-gcc 1.2-2 3.30 9.52 12.82 NOTE
r-devel-linux-x86_64-fedora-clang 1.2-2 23.37 NOTE
r-devel-linux-x86_64-fedora-gcc 1.2-2 21.81 NOTE
r-devel-osx-x86_64-clang 1.2-2 26.51 NOTE
r-devel-windows-ix86+x86_64 1.2-2 41.00 23.00 64.00 NOTE
r-patched-linux-x86_64 1.2-2 3.42 9.28 12.70 NOTE
r-patched-solaris-sparc 1.2-2 161.30 NOTE
r-patched-solaris-x86 1.2-2 34.60 NOTE
r-release-linux-x86_64 1.2-2 3.24 9.13 12.37 NOTE
r-release-osx-x86_64-mavericks 1.2-2 NOTE
r-release-osx-x86_64-snowleopard 1.2-2 NOTE
r-release-windows-ix86+x86_64 1.2-2 31.00 23.00 54.00 NOTE
r-oldrel-windows-ix86+x86_64 1.2-2 58.00 26.00 84.00 NOTE

Check Details

Version: 1.2-2
Check: R code for possible problems
Result: NOTE
    map.grid: no visible global function definition for ‘.map.range’
Flavors: r-devel-linux-x86_64-debian-clang, r-devel-linux-x86_64-fedora-clang, r-devel-linux-x86_64-fedora-gcc, r-devel-osx-x86_64-clang, r-devel-windows-ix86+x86_64, r-patched-solaris-sparc, r-patched-solaris-x86, r-release-osx-x86_64-mavericks, r-release-osx-x86_64-snowleopard, r-release-windows-ix86+x86_64, r-oldrel-windows-ix86+x86_64