CRAN Package Check Results for Package mapproj

Last updated on 2015-05-26 04:47:01.

Flavor Version Tinstall Tcheck Ttotal Status Flags
r-devel-linux-x86_64-debian-clang 1.2-2 3.18 9.35 12.52 NOTE
r-devel-linux-x86_64-debian-gcc 1.2-2 3.48 9.01 12.49 NOTE
r-devel-linux-x86_64-fedora-clang 1.2-2 23.04 NOTE
r-devel-linux-x86_64-fedora-gcc 1.2-2 21.99 NOTE
r-devel-osx-x86_64-clang 1.2-2 26.48 NOTE
r-devel-windows-ix86+x86_64 1.2-2 45.00 23.00 68.00 NOTE
r-patched-linux-x86_64 1.2-2 3.29 9.52 12.81 NOTE
r-patched-solaris-sparc 1.2-2 149.50 NOTE
r-patched-solaris-x86 1.2-2 34.80 NOTE
r-release-linux-x86_64 1.2-2 3.27 9.32 12.60 NOTE
r-release-osx-x86_64-mavericks 1.2-2 NOTE
r-release-osx-x86_64-snowleopard 1.2-2 NOTE
r-release-windows-ix86+x86_64 1.2-2 31.00 23.00 54.00 NOTE
r-oldrel-windows-ix86+x86_64 1.2-2 58.00 26.00 84.00 NOTE

Check Details

Version: 1.2-2
Check: R code for possible problems
Result: NOTE
    map.grid: no visible global function definition for ‘.map.range’
Flavors: r-devel-linux-x86_64-debian-clang, r-devel-linux-x86_64-debian-gcc, r-devel-linux-x86_64-fedora-clang, r-devel-linux-x86_64-fedora-gcc, r-devel-osx-x86_64-clang, r-devel-windows-ix86+x86_64, r-patched-linux-x86_64, r-patched-solaris-sparc, r-patched-solaris-x86, r-release-linux-x86_64, r-release-osx-x86_64-mavericks, r-release-osx-x86_64-snowleopard, r-release-windows-ix86+x86_64, r-oldrel-windows-ix86+x86_64