CRAN Package Check Results for Package mapproj

Last updated on 2018-01-17 18:46:56 CET.

Flavor Version Tinstall Tcheck Ttotal Status Flags
r-devel-linux-x86_64-debian-clang 1.2-5 5.99 18.63 24.62 WARN
r-devel-linux-x86_64-debian-gcc 1.2-5 4.20 14.56 18.76 OK
r-devel-linux-x86_64-fedora-clang 1.2-5 27.91 WARN
r-devel-linux-x86_64-fedora-gcc 1.2-5 26.41 OK
r-devel-windows-ix86+x86_64 1.2-5 57.00 36.00 93.00 OK
r-patched-linux-x86_64 1.2-5 5.00 17.12 22.12 OK
r-patched-solaris-x86 1.2-5 46.80 OK
r-release-linux-x86_64 1.2-5 4.94 17.04 21.98 OK
r-release-windows-ix86+x86_64 1.2-5 47.00 50.00 97.00 OK
r-release-osx-x86_64 1.2-5 OK
r-oldrel-windows-ix86+x86_64 1.2-5 49.00 43.00 92.00 OK
r-oldrel-osx-x86_64 1.2-5 OK

Check Details

Version: 1.2-5
Check: whether package can be installed
Result: WARN
    Found the following significant warnings:
     perspective.c:12:23: warning: using floating point absolute value function 'fabs' when argument is of integer type [-Wabsolute-value]
Flavors: r-devel-linux-x86_64-debian-clang, r-devel-linux-x86_64-fedora-clang