CRAN Package Check Results for Package mapproj

Last updated on 2020-02-18 06:47:35 CET.

Flavor Version Tinstall Tcheck Ttotal Status Flags
r-devel-linux-x86_64-debian-clang 1.2.7 8.77 19.63 28.40 OK
r-devel-linux-x86_64-debian-gcc 1.2.7 4.95 15.68 20.63 OK
r-devel-linux-x86_64-fedora-clang 1.2.7 36.63 OK
r-devel-linux-x86_64-fedora-gcc 1.2.7 32.31 OK
r-devel-windows-ix86+x86_64 1.2.7 45.00 39.00 84.00 OK
r-devel-windows-ix86+x86_64-gcc8 1.2.6 52.00 58.00 110.00 WARN
r-patched-linux-x86_64 1.2.7 5.42 17.97 23.39 OK
r-patched-solaris-x86 1.2.7 45.50 OK
r-release-linux-x86_64 1.2.7 5.16 17.80 22.96 OK
r-release-windows-ix86+x86_64 1.2.7 54.00 42.00 96.00 OK
r-release-osx-x86_64 1.2.7 OK
r-oldrel-windows-ix86+x86_64 1.2.7 40.00 63.00 103.00 OK
r-oldrel-osx-x86_64 1.2.7 OK

Check Details

Version: 1.2.6
Check: whether package can be installed
Result: WARN
    Found the following significant warnings:
     cuts.c:24:2: warning: statement with no effect [-Wunused-value]
     cuts.c:24:5: warning: statement with no effect [-Wunused-value]
     cuts.c:24:9: warning: statement with no effect [-Wunused-value]
     cuts.c:32:2: warning: statement with no effect [-Wunused-value]
     cuts.c:32:6: warning: statement with no effect [-Wunused-value]
     cuts.c:32:10: warning: statement with no effect [-Wunused-value]
Flavor: r-devel-windows-ix86+x86_64-gcc8