CRAN Package Check Results for Package mapproj

Last updated on 2015-03-29 11:51:19.

Flavor Version Tinstall Tcheck Ttotal Status Flags
r-devel-linux-x86_64-debian-clang 1.2-2 3.26 9.25 12.52 NOTE
r-devel-linux-x86_64-debian-gcc 1.2-2 3.20 8.88 12.08 NOTE
r-devel-linux-x86_64-fedora-clang 1.2-2 22.87 NOTE
r-devel-linux-x86_64-fedora-gcc 1.2-2 22.80 NOTE
r-devel-osx-x86_64-clang 1.2-2 30.31 NOTE
r-prerel-windows-ix86+x86_64 1.2-2 51.00 23.00 74.00 NOTE
r-prerel-linux-x86_64 1.2-2 3.23 9.13 12.36 NOTE
r-prerel-solaris-sparc 1.2-2 161.30 NOTE
r-prerel-solaris-x86 1.2-2 34.90 NOTE
r-release-linux-x86_64 1.2-2 3.31 10.24 13.56 NOTE
r-release-osx-x86_64-mavericks 1.2-2 NOTE
r-release-osx-x86_64-snowleopard 1.2-2 OK
r-release-windows-ix86+x86_64 1.2-2 58.00 26.00 84.00 NOTE
r-oldrel-windows-ix86+x86_64 1.2-2 37.00 22.00 59.00 OK

Check Details

Version: 1.2-2
Check: R code for possible problems
Result: NOTE
    map.grid: no visible global function definition for ‘.map.range’
Flavors: r-devel-linux-x86_64-debian-clang, r-devel-linux-x86_64-debian-gcc, r-devel-linux-x86_64-fedora-clang, r-devel-linux-x86_64-fedora-gcc, r-devel-osx-x86_64-clang, r-prerel-windows-ix86+x86_64, r-prerel-linux-x86_64, r-prerel-solaris-sparc, r-prerel-solaris-x86, r-release-linux-x86_64, r-release-osx-x86_64-mavericks, r-release-windows-ix86+x86_64