CRAN Package Check Results for Package mapproj

Last updated on 2017-05-24 05:50:09.

Flavor Version Tinstall Tcheck Ttotal Status Flags
r-devel-linux-x86_64-debian-clang 1.2-4 4.95 13.93 18.87 NOTE
r-devel-linux-x86_64-debian-gcc 1.2-4 3.82 12.90 16.71 NOTE
r-devel-linux-x86_64-fedora-clang 1.2-4 27.22 NOTE --no-stop-on-test-error
r-devel-linux-x86_64-fedora-gcc 1.2-4 25.56 NOTE --no-stop-on-test-error
r-devel-windows-ix86+x86_64 1.2-4 47.00 57.00 104.00 OK
r-patched-linux-x86_64 1.2-4 3.75 12.75 16.50 NOTE
r-patched-solaris-sparc 1.2-4 161.60 OK
r-patched-solaris-x86 1.2-4 39.50 OK
r-release-linux-x86_64 1.2-4 3.54 11.59 15.13 NOTE
r-release-windows-ix86+x86_64 1.2-4 38.00 45.00 83.00 OK
r-release-osx-x86_64 1.2-4 OK
r-oldrel-windows-ix86+x86_64 1.2-4 57.00 44.00 101.00 OK
r-oldrel-osx-x86_64 1.2-4 OK

Check Details

Version: 1.2-4
Check: compiled code
Result: NOTE
    File ‘mapproj/libs/mapproj.so’:
     Found no calls to: ‘R_registerRoutines’, ‘R_useDynamicSymbols’
    
    It is good practice to register native routines and to disable symbol
    search.
    
    See ‘Writing portable packages’ in the ‘Writing R Extensions’ manual.
Flavors: r-devel-linux-x86_64-debian-clang, r-devel-linux-x86_64-debian-gcc, r-patched-linux-x86_64, r-release-linux-x86_64

Version: 1.2-4
Flags: --no-stop-on-test-error
Check: compiled code
Result: NOTE
    File ‘mapproj/libs/mapproj.so’:
     Found no calls to: ‘R_registerRoutines’, ‘R_useDynamicSymbols’
    
    It is good practice to register native routines and to disable symbol
    search.
    
    See ‘Writing portable packages’ in the ‘Writing R Extensions’ manual.
Flavors: r-devel-linux-x86_64-fedora-clang, r-devel-linux-x86_64-fedora-gcc