CRAN Package Check Results for Package mapproj

Last updated on 2014-08-20 08:47:46.

Flavor Version Tinstall Tcheck Ttotal Status Flags
r-devel-linux-x86_64-debian-clang 1.2-2 2.96 9.76 12.72 OK
r-devel-linux-x86_64-debian-gcc 1.2-2 3.33 9.71 13.04 OK
r-devel-linux-x86_64-fedora-clang 1.2-2 24.87 NOTE
r-devel-linux-x86_64-fedora-gcc 1.2-2 22.99 NOTE
r-devel-osx-x86_64-clang 1.2-2 26.86 NOTE
r-devel-windows-ix86+x86_64 1.2-2 37.00 25.00 62.00 OK
r-patched-linux-x86_64 1.2-2 3.32 9.64 12.96 OK
r-patched-solaris-sparc 1.2-2 147.40 OK
r-patched-solaris-x86 1.2-2 37.00 OK
r-release-linux-ix86 1.2-2 5.46 16.26 21.72 OK
r-release-linux-x86_64 1.2-2 3.49 9.75 13.24 OK
r-release-osx-x86_64-mavericks 1.2-2 OK
r-release-osx-x86_64-snowleopard 1.2-2 OK
r-release-windows-ix86+x86_64 1.2-2 49.00 27.00 76.00 OK
r-oldrel-windows-ix86+x86_64 1.2-2 42.00 22.00 64.00 OK

Check Details

Version: 1.2-2
Check: R code for possible problems
Result: NOTE
    map.grid: no visible global function definition for ‘.map.range’
Flavors: r-devel-linux-x86_64-fedora-clang, r-devel-linux-x86_64-fedora-gcc, r-devel-osx-x86_64-clang