CRAN Package Check Results for Package mapproj

Last updated on 2015-01-30 18:51:31.

Flavor Version Tinstall Tcheck Ttotal Status Flags
r-devel-linux-x86_64-debian-clang 1.2-2 3.22 8.87 12.10 NOTE
r-devel-linux-x86_64-debian-gcc 1.2-2 3.52 9.27 12.80 NOTE
r-devel-linux-x86_64-fedora-clang 1.2-2 25.61 NOTE
r-devel-linux-x86_64-fedora-gcc 1.2-2 25.13 NOTE
r-devel-osx-x86_64-clang 1.2-2 28.66 NOTE
r-devel-windows-ix86+x86_64 1.2-2 42.00 25.00 67.00 NOTE
r-patched-linux-x86_64 1.2-2 3.36 10.10 13.46 NOTE
r-patched-solaris-sparc 1.2-2 151.80 NOTE
r-patched-solaris-x86 1.2-2 39.20 NOTE
r-release-linux-ix86 1.2-2 5.21 16.24 21.45 NOTE
r-release-linux-x86_64 1.2-2 3.52 10.31 13.83 NOTE
r-release-osx-x86_64-mavericks 1.2-2 NOTE
r-release-osx-x86_64-snowleopard 1.2-2 OK
r-release-windows-ix86+x86_64 1.2-2 42.00 25.00 67.00 NOTE
r-oldrel-windows-ix86+x86_64 1.2-2 37.00 22.00 59.00 OK

Check Details

Version: 1.2-2
Check: R code for possible problems
Result: NOTE
    map.grid: no visible global function definition for ‘.map.range’
Flavors: r-devel-linux-x86_64-debian-clang, r-devel-linux-x86_64-debian-gcc, r-devel-linux-x86_64-fedora-clang, r-devel-linux-x86_64-fedora-gcc, r-devel-osx-x86_64-clang, r-devel-windows-ix86+x86_64, r-patched-linux-x86_64, r-patched-solaris-sparc, r-patched-solaris-x86, r-release-linux-ix86, r-release-linux-x86_64, r-release-osx-x86_64-mavericks, r-release-windows-ix86+x86_64