CRAN Package Check Results for Package maps

Last updated on 2017-08-19 16:46:24.

Flavor Version Tinstall Tcheck Ttotal Status Flags
r-devel-linux-x86_64-debian-clang 3.2.0 4.31 22.76 27.07 OK
r-devel-linux-x86_64-debian-gcc 3.2.0 5.24 21.45 26.68 OK
r-devel-linux-x86_64-fedora-clang 3.2.0 45.67 OK
r-devel-linux-x86_64-fedora-gcc 3.2.0 44.78 OK
r-devel-windows-ix86+x86_64 3.2.0 53.00 52.00 105.00 OK
r-patched-linux-x86_64 3.2.0 3.96 22.83 26.79 OK
r-patched-solaris-x86 3.2.0 64.40 NOTE
r-release-linux-x86_64 3.2.0 4.01 22.18 26.19 OK
r-release-windows-ix86+x86_64 3.2.0 49.00 55.00 104.00 OK
r-release-osx-x86_64 3.2.0 OK
r-oldrel-windows-ix86+x86_64 3.2.0 29.00 54.00 83.00 OK
r-oldrel-osx-x86_64 3.2.0 OK

Check Details

Version: 3.2.0
Check: installed package size
Result: NOTE
     installed size is 5.2Mb
     sub-directories of 1Mb or more:
     mapdata 4.2Mb
Flavor: r-patched-solaris-x86