CRAN Package Check Results for Package maps

Last updated on 2015-07-05 19:47:28.

Flavor Version Tinstall Tcheck Ttotal Status Flags
r-devel-linux-x86_64-debian-clang 2.3-9 2.04 13.84 15.88 NOTE
r-devel-linux-x86_64-debian-gcc 2.3-9 2.33 13.58 15.91 NOTE
r-devel-linux-x86_64-fedora-clang 2.3-9 28.63 NOTE
r-devel-linux-x86_64-fedora-gcc 2.3-9 28.12 NOTE
r-devel-osx-x86_64-clang 2.3-9 31.59 NOTE
r-devel-windows-ix86+x86_64 2.3-9 24.00 93.00 117.00 NOTE
r-patched-linux-x86_64 2.3-9 2.20 14.33 16.53 NOTE
r-patched-solaris-sparc 2.3-9 240.40 NOTE
r-patched-solaris-x86 2.3-9 52.40 NOTE
r-release-linux-x86_64 2.3-9 2.46 14.90 17.36 NOTE
r-release-osx-x86_64-mavericks 2.3-9 NOTE
r-release-windows-ix86+x86_64 2.3-9 18.00 54.00 72.00 NOTE
r-oldrel-windows-ix86+x86_64 2.3-9 27.00 53.00 80.00 NOTE

Check Details

Version: 2.3-9
Check: dependencies in R code
Result: NOTE
    'library' or 'require' call to ‘mapproj’ in package code.
     Please use :: or requireNamespace() instead.
     See section 'Suggested packages' in the 'Writing R Extensions' manual.
Flavors: r-devel-linux-x86_64-debian-clang, r-devel-linux-x86_64-debian-gcc, r-devel-linux-x86_64-fedora-clang, r-devel-linux-x86_64-fedora-gcc, r-devel-osx-x86_64-clang, r-devel-windows-ix86+x86_64, r-patched-linux-x86_64, r-patched-solaris-sparc, r-patched-solaris-x86, r-release-linux-x86_64, r-release-osx-x86_64-mavericks, r-release-windows-ix86+x86_64, r-oldrel-windows-ix86+x86_64

Version: 2.3-9
Check: S3 generic/method consistency
Result: NOTE
    Found the following apparent S3 methods exported but not registered:
     identify.map
    See section ‘Registering S3 methods’ in the ‘Writing R Extensions’
    manual.
Flavors: r-devel-linux-x86_64-debian-clang, r-devel-linux-x86_64-debian-gcc, r-devel-linux-x86_64-fedora-clang, r-devel-linux-x86_64-fedora-gcc, r-devel-osx-x86_64-clang, r-patched-linux-x86_64, r-patched-solaris-sparc, r-patched-solaris-x86, r-release-linux-x86_64

Version: 2.3-9
Check: R code for possible problems
Result: NOTE
    identify.map: no visible global function definition for ‘identify’
    map: no visible global function definition for ‘par’
    map: no visible global function definition for ‘plot.new’
    map: no visible global function definition for ‘plot.window’
    map: no visible global function definition for ‘polygon’
    map: no visible global function definition for ‘lines’
    map.axes: no visible global function definition for ‘axis’
    map.axes: no visible global function definition for ‘box’
    map.cities: no visible global function definition for ‘par’
    map.cities: Error while checking: invalid ‘envir’ argument
    map.scale: no visible global function definition for ‘par’
    map.scale: no visible global function definition for ‘lines’
    map.scale: no visible global function definition for ‘text’
    map.text: no visible global function definition for ‘strwidth’
    map.text: no visible global function definition for ‘strheight’
    map.text: no visible global function definition for ‘text’
    map.where: Error while checking: invalid ‘envir’ argument
    mapgetg: Error while checking: invalid ‘envir’ argument
    mapgetl: Error while checking: invalid ‘envir’ argument
    mapname: Error while checking: invalid ‘envir’ argument
    maptype: Error while checking: invalid ‘envir’ argument
    match.map: Error while checking: invalid ‘envir’ argument
    Undefined global functions or variables:
     axis box identify lines par plot.new plot.window polygon strheight
     strwidth text
Flavors: r-devel-linux-x86_64-debian-clang, r-devel-linux-x86_64-debian-gcc, r-devel-linux-x86_64-fedora-clang, r-devel-linux-x86_64-fedora-gcc

Version: 2.3-9
Check: R code for possible problems
Result: NOTE
    identify.map: no visible global function definition for 'identify'
    map: no visible global function definition for 'par'
    map: no visible global function definition for 'plot.new'
    map: no visible global function definition for 'plot.window'
    map: no visible global function definition for 'polygon'
    map: no visible global function definition for 'lines'
    map.axes: no visible global function definition for 'axis'
    map.axes: no visible global function definition for 'box'
    map.cities: no visible global function definition for 'par'
    map.cities: no visible global function definition for 'data'
    map.cities: no visible global function definition for 'points'
    map.cities: no visible global function definition for 'text'
    map.scale: no visible global function definition for 'par'
    map.scale: no visible global function definition for 'lines'
    map.scale: no visible global function definition for 'text'
    map.text: no visible global function definition for 'strwidth'
    map.text: no visible global function definition for 'strheight'
    map.text: no visible global function definition for 'text'
    map.where: no visible global function definition for 'data'
    mapgetg: no visible global function definition for 'data'
    mapgetl: no visible global function definition for 'data'
    mapname: no visible global function definition for 'data'
    mapname: no visible global function definition for 'read.delim'
    maptype: no visible global function definition for 'data'
    match.map: no visible global function definition for 'data'
    match.map: no visible global function definition for 'read.delim'
    Undefined global functions or variables:
     axis box data identify lines par plot.new plot.window points polygon
     read.delim strheight strwidth text
Flavor: r-devel-windows-ix86+x86_64

Version: 2.3-9
Check: compiled code
Result: NOTE
    Note: information on .o files for i386 is not available
    Note: information on .o files for x64 is not available
    File 'd:/Rcompile/CRANpkg/lib/3.3/maps/libs/i386/maps.dll':
     Found 'abort', possibly from 'abort' (C), 'runtime' (Fortran)
    File 'd:/Rcompile/CRANpkg/lib/3.3/maps/libs/x64/maps.dll':
     Found 'abort', possibly from 'abort' (C), 'runtime' (Fortran)
    
    Compiled code should not call entry points which might terminate R nor
    write to stdout/stderr instead of to the console, nor the system RNG.
    The detected symbols are linked into the code but might come from
    libraries and not actually be called.
    
    See 'Writing portable packages' in the 'Writing R Extensions' manual.
Flavor: r-devel-windows-ix86+x86_64

Version: 2.3-9
Check: compiled code
Result: NOTE
    Note: information on .o files for i386 is not available
    Note: information on .o files for x64 is not available
    File 'd:/Rcompile/CRANpkg/lib/3.2/maps/libs/i386/maps.dll':
     Found 'abort', possibly from 'abort' (C), 'runtime' (Fortran)
    File 'd:/Rcompile/CRANpkg/lib/3.2/maps/libs/x64/maps.dll':
     Found 'abort', possibly from 'abort' (C), 'runtime' (Fortran)
    
    Compiled code should not call entry points which might terminate R nor
    write to stdout/stderr instead of to the console, nor the system RNG.
    The detected symbols are linked into the code but might come from
    libraries and not actually be called.
    
    See 'Writing portable packages' in the 'Writing R Extensions' manual.
Flavor: r-release-windows-ix86+x86_64

Version: 2.3-9
Check: compiled code
Result: NOTE
    Note: information on .o files for i386 is not available
    Note: information on .o files for x64 is not available
    File 'd:/Rcompile/CRANpkg/lib/3.1/maps/libs/i386/maps.dll':
     Found 'abort', possibly from 'abort' (C), 'runtime' (Fortran)
    File 'd:/Rcompile/CRANpkg/lib/3.1/maps/libs/x64/maps.dll':
     Found 'abort', possibly from 'abort' (C), 'runtime' (Fortran)
    
    Compiled code should not call entry points which might terminate R nor
    write to stdout/stderr instead of to the console, nor the system RNG.
    The detected symbols are linked into the code but might come from
    libraries and not actually be called.
    
    See 'Writing portable packages' in the 'Writing R Extensions' manual.
Flavor: r-oldrel-windows-ix86+x86_64