CRAN Package Check Results for Package maps

Last updated on 2017-12-13 07:48:31 CET.

Flavor Version Tinstall Tcheck Ttotal Status Flags
r-devel-linux-x86_64-debian-clang 3.2.0 5.02 29.19 34.21 OK
r-devel-linux-x86_64-debian-gcc 3.2.0 4.09 23.94 28.03 OK
r-devel-linux-x86_64-fedora-clang 3.2.0 39.89 OK
r-devel-linux-x86_64-fedora-gcc 3.2.0 40.38 OK
r-devel-windows-ix86+x86_64 3.2.0 54.00 54.00 108.00 OK
r-patched-linux-x86_64 3.2.0 4.65 31.15 35.80 OK
r-patched-solaris-x86 3.2.0 66.10 NOTE
r-release-linux-x86_64 3.2.0 4.91 30.77 35.68 OK
r-release-windows-ix86+x86_64 3.2.0 32.00 78.00 110.00 OK
r-release-osx-x86_64 3.2.0 OK
r-oldrel-windows-ix86+x86_64 3.2.0 50.00 68.00 118.00 OK
r-oldrel-osx-x86_64 3.2.0 OK

Check Details

Version: 3.2.0
Check: installed package size
Result: NOTE
     installed size is 5.2Mb
     sub-directories of 1Mb or more:
     mapdata 4.2Mb
Flavor: r-patched-solaris-x86