CRAN Package Check Results for Package maps

Last updated on 2017-06-23 14:47:08.

Flavor Version Tinstall Tcheck Ttotal Status Flags
r-devel-linux-x86_64-debian-clang 3.2.0 4.52 21.72 26.24 OK
r-devel-linux-x86_64-debian-gcc 3.2.0 4.24 21.07 25.31 OK
r-devel-linux-x86_64-fedora-clang 3.2.0 46.12 OK
r-devel-linux-x86_64-fedora-gcc 3.2.0 44.50 OK
r-devel-windows-ix86+x86_64 3.2.0 34.00 67.00 101.00 OK
r-patched-linux-x86_64 3.2.0 3.76 20.95 24.72 OK
r-patched-solaris-sparc 3.2.0 289.70 NOTE
r-patched-solaris-x86 3.2.0 62.40 NOTE
r-release-linux-x86_64 3.2.0 4.32 22.83 27.15 OK
r-release-windows-ix86+x86_64 3.2.0 34.00 69.00 103.00 OK
r-release-osx-x86_64 3.2.0 OK
r-oldrel-windows-ix86+x86_64 3.2.0 60.00 61.00 121.00 OK
r-oldrel-osx-x86_64 3.2.0 OK

Check Details

Version: 3.2.0
Check: installed package size
Result: NOTE
     installed size is 5.4Mb
     sub-directories of 1Mb or more:
     mapdata 4.3Mb
Flavors: r-patched-solaris-sparc, r-patched-solaris-x86