CRAN Package Check Results for Package maps

Last updated on 2018-02-25 19:49:05 CET.

Flavor Version Tinstall Tcheck Ttotal Status Flags
r-devel-linux-x86_64-debian-clang 3.2.0 7.96 30.06 38.02 WARN
r-devel-linux-x86_64-debian-gcc 3.2.0 4.83 23.74 28.57 NOTE
r-devel-linux-x86_64-fedora-clang 3.2.0 45.50 WARN
r-devel-linux-x86_64-fedora-gcc 3.2.0 43.31 NOTE
r-devel-windows-ix86+x86_64 3.2.0 55.00 72.00 127.00 NOTE
r-patched-linux-x86_64 3.2.0 6.09 30.92 37.01 OK
r-patched-solaris-x86 3.2.0 66.10 NOTE
r-release-linux-x86_64 3.2.0 5.38 30.54 35.92 OK
r-release-windows-ix86+x86_64 3.2.0 35.00 67.00 102.00 OK
r-release-osx-x86_64 3.2.0 OK
r-oldrel-windows-ix86+x86_64 3.2.0 35.00 79.00 114.00 OK
r-oldrel-osx-x86_64 3.2.0 OK

Check Details

Version: 3.2.0
Check: whether package can be installed
Result: WARN
    Found the following significant warnings:
     mapclip.c:321:16: warning: using integer absolute value function 'abs' when argument is of floating point type [-Wabsolute-value]
Flavors: r-devel-linux-x86_64-debian-clang, r-devel-linux-x86_64-fedora-clang

Version: 3.2.0
Check: include directives in Makefiles
Result: NOTE
    Found the following Makefile(s) with an include directive with a pathname using R_HOME:
     src/Makefile.win
    Even though not recommended, variable R_HOME may contain spaces.
    Makefile directives use space as a separator and there is no portable
    way to quote/escape the space in Make rules and directives. However,
    one can and should quote pathnames when passed from Makefile to the
    shell, and this can be done specifically when invoking Make recursively.
    It is therefore recommended to use the Make '-f' option to include files
    in directories specified using R_HOME. This option can be specified
    multiple times to include multiple Makefiles. Note that 'Makeconf' is
    included automatically into top-level makefile of a package.
    More information can be found in 'Writing R Extensions'.
Flavors: r-devel-linux-x86_64-debian-clang, r-devel-linux-x86_64-debian-gcc, r-devel-linux-x86_64-fedora-clang, r-devel-linux-x86_64-fedora-gcc, r-devel-windows-ix86+x86_64

Version: 3.2.0
Check: installed package size
Result: NOTE
     installed size is 5.2Mb
     sub-directories of 1Mb or more:
     mapdata 4.2Mb
Flavor: r-patched-solaris-x86