CRAN Package Check Results for Package maps

Last updated on 2014-04-21 05:48:17.

Flavor Version Tinstall Tcheck Ttotal Status Flags
r-devel-linux-x86_64-debian-clang 2.3-6 2.16 16.70 18.86 OK
r-devel-linux-x86_64-debian-gcc 2.3-6 2.31 16.58 18.90 OK
r-devel-linux-x86_64-fedora-clang 2.3-6 34.92 OK
r-devel-linux-x86_64-fedora-gcc 2.3-6 34.19 OK
r-devel-macosx-x86_64-clang 2.3-6 33.28 OK
r-devel-macosx-x86_64-gcc 2.3-6 NOTE
r-devel-windows-ix86+x86_64 2.3-6 15.00 55.00 70.00 OK
r-patched-linux-x86_64 2.3-6 2.60 16.78 19.38 OK
r-patched-solaris-sparc 2.3-6 235.10 OK
r-patched-solaris-x86 2.3-6 57.10 OK
r-release-linux-ix86 OK
r-release-linux-x86_64 2.3-6 2.33 16.60 18.93 OK
r-release-windows-ix86+x86_64 2.3-6 28.00 84.00 112.00 OK
r-oldrel-windows-ix86+x86_64 2.3-6 15.00 53.00 68.00 OK

Check Details

Version: 2.3-6
Check: package dependencies
Result: NOTE
    Package suggested but not available for checking: ‘mapproj’
Flavor: r-devel-macosx-x86_64-gcc

Version: 2.3-6
Check: R code for possible problems
Result: NOTE
    map.cities: no visible global function definition for ‘mapproject’
    map.cities: no visible global function definition for
     ‘.Last.projection’
Flavor: r-devel-macosx-x86_64-gcc

Version: 2.3-6
Check: Rd cross-references
Result: NOTE
    Package unavailable to check Rd xrefs: ‘mapproj’
Flavor: r-devel-macosx-x86_64-gcc