CRAN Package Check Results for Package maps

Last updated on 2018-09-22 22:49:41 CEST.

Flavor Version Tinstall Tcheck Ttotal Status Flags
r-devel-linux-x86_64-debian-clang 3.3.0 7.04 31.86 38.90 OK
r-devel-linux-x86_64-debian-gcc 3.3.0 5.69 25.54 31.23 OK
r-devel-linux-x86_64-fedora-clang 3.3.0 46.85 OK
r-devel-linux-x86_64-fedora-gcc 3.3.0 45.21 OK
r-devel-windows-ix86+x86_64 3.3.0 57.00 75.00 132.00 OK
r-patched-linux-x86_64 3.3.0 6.48 29.82 36.30 OK
r-patched-solaris-x86 3.3.0 71.30 NOTE
r-release-linux-x86_64 3.3.0 6.35 29.82 36.17 OK
r-release-windows-ix86+x86_64 3.3.0 35.00 76.00 111.00 OK
r-release-osx-x86_64 3.3.0 OK
r-oldrel-windows-ix86+x86_64 3.3.0 29.00 78.00 107.00 OK
r-oldrel-osx-x86_64 3.3.0 OK

Check Details

Version: 3.3.0
Check: installed package size
Result: NOTE
     installed size is 5.3Mb
     sub-directories of 1Mb or more:
     mapdata 4.2Mb
Flavor: r-patched-solaris-x86