CRAN Package Check Results for Package maps

Last updated on 2014-07-31 15:47:05.

Flavor Version Tinstall Tcheck Ttotal Status Flags
r-devel-linux-x86_64-debian-clang 2.3-7 2.11 15.78 17.89 OK
r-devel-linux-x86_64-debian-gcc 2.3-7 2.26 15.21 17.47 OK
r-devel-linux-x86_64-fedora-clang 2.3-7 34.28 OK
r-devel-linux-x86_64-fedora-gcc 2.3-7 31.54 OK
r-devel-osx-x86_64-clang 2.3-7 35.40 OK
r-devel-windows-ix86+x86_64 2.3-7 15.00 51.00 66.00 NOTE
r-patched-linux-x86_64 2.3-7 2.33 15.41 17.74 OK
r-patched-solaris-sparc 2.3-7 235.10 OK
r-patched-solaris-x86 2.3-7 54.90 OK
r-release-linux-ix86 2.3-7 3.32 25.04 28.36 OK
r-release-linux-x86_64 2.3-7 2.36 15.97 18.33 OK
r-release-osx-x86_64-mavericks 2.3-7 OK
r-release-osx-x86_64-snowleopard 2.3-7 OK
r-release-windows-ix86+x86_64 2.3-7 20.00 55.00 75.00 NOTE
r-oldrel-windows-ix86+x86_64 2.3-7 16.00 57.00 73.00 NOTE

Check Details

Version: 2.3-7
Check: compiled code
Result: NOTE
    Note: information on .o files for i386 is not available
    Note: information on .o files for x64 is not available
    File 'd:/Rcompile/CRANpkg/lib/3.2/maps/libs/i386/maps.dll':
     Found 'abort', possibly from 'abort' (C), 'runtime' (Fortran)
    File 'd:/Rcompile/CRANpkg/lib/3.2/maps/libs/x64/maps.dll':
     Found 'abort', possibly from 'abort' (C), 'runtime' (Fortran)
    
    Compiled code should not call entry points which might terminate R nor
    write to stdout/stderr instead of to the console. The detected symbols
    are linked into the code but might come from libraries and not actually
    be called.
    
    See 'Writing portable packages' in the 'Writing R Extensions' manual.
    * checking examples ...
Flavor: r-devel-windows-ix86+x86_64

Version: 2.3-7
Check: compiled code
Result: NOTE
    Note: information on .o files for i386 is not available
    Note: information on .o files for x64 is not available
    File 'd:/Rcompile/CRANpkg/lib/3.1/maps/libs/i386/maps.dll':
     Found 'abort', possibly from 'abort' (C), 'runtime' (Fortran)
    File 'd:/Rcompile/CRANpkg/lib/3.1/maps/libs/x64/maps.dll':
     Found 'abort', possibly from 'abort' (C), 'runtime' (Fortran)
    
    Compiled code should not call entry points which might terminate R nor
    write to stdout/stderr instead of to the console. The detected symbols
    are linked into the code but might come from libraries and not actually
    be called.
    
    See 'Writing portable packages' in the 'Writing R Extensions' manual.
    * checking examples ...
Flavor: r-release-windows-ix86+x86_64

Version: 2.3-7
Check: compiled code
Result: NOTE
    Note: information on .o files for i386 is not available
    Note: information on .o files for x64 is not available
    File 'd:/Rcompile/CRANpkg/lib/3.0/maps/libs/i386/maps.dll':
     Found 'abort', possibly from 'abort' (C), 'runtime' (Fortran)
    File 'd:/Rcompile/CRANpkg/lib/3.0/maps/libs/x64/maps.dll':
     Found 'abort', possibly from 'abort' (C), 'runtime' (Fortran)
    
    Compiled code should not call entry points which might terminate R nor
    write to stdout/stderr instead of to the console. The detected symbols
    are linked into the code but might come from libraries and not actually
    be called.
    
    See 'Writing portable packages' in the 'Writing R Extensions' manual.
    * checking examples ...
Flavor: r-oldrel-windows-ix86+x86_64