CRAN Package Check Results for Package maps

Last updated on 2018-06-21 03:49:38 CEST.

Flavor Version Tinstall Tcheck Ttotal Status Flags
r-devel-linux-x86_64-debian-clang 3.3.0 6.95 28.15 35.10 OK
r-devel-linux-x86_64-debian-gcc 3.3.0 5.17 24.81 29.98 OK
r-devel-linux-x86_64-fedora-clang 3.3.0 45.91 OK
r-devel-linux-x86_64-fedora-gcc 3.3.0 42.99 OK
r-devel-windows-ix86+x86_64 3.3.0 53.00 61.00 114.00 OK
r-patched-linux-x86_64 3.3.0 7.24 30.62 37.86 OK
r-patched-solaris-x86 3.3.0 70.90 NOTE
r-release-linux-x86_64 3.3.0 6.79 30.06 36.85 OK
r-release-windows-ix86+x86_64 3.3.0 36.00 82.00 118.00 OK
r-release-osx-x86_64 3.3.0 OK
r-oldrel-windows-ix86+x86_64 3.3.0 57.00 55.00 112.00 OK
r-oldrel-osx-x86_64 3.3.0 OK

Check Details

Version: 3.3.0
Check: installed package size
Result: NOTE
     installed size is 5.3Mb
     sub-directories of 1Mb or more:
     mapdata 4.2Mb
Flavor: r-patched-solaris-x86