CRAN Package Check Results for Package maps

Last updated on 2017-10-19 17:48:30.

Flavor Version Tinstall Tcheck Ttotal Status Flags
r-devel-linux-x86_64-debian-clang 3.2.0 4.01 20.75 24.76 OK
r-devel-linux-x86_64-debian-gcc 3.2.0 6.15 22.64 28.78 OK
r-devel-linux-x86_64-fedora-clang 3.2.0 44.11 OK
r-devel-linux-x86_64-fedora-gcc 3.2.0 41.05 OK
r-devel-windows-ix86+x86_64 3.2.0 33.00 62.00 95.00 OK
r-patched-linux-x86_64 3.2.0 4.07 20.83 24.90 OK
r-patched-solaris-x86 3.2.0 62.60 NOTE
r-release-linux-x86_64 3.2.0 4.14 21.09 25.23 OK
r-release-windows-ix86+x86_64 3.2.0 47.00 55.00 102.00 OK
r-release-osx-x86_64 3.2.0 OK
r-oldrel-windows-ix86+x86_64 3.2.0 50.00 65.00 115.00 OK
r-oldrel-osx-x86_64 3.2.0 OK

Check Details

Version: 3.2.0
Check: installed package size
Result: NOTE
     installed size is 5.2Mb
     sub-directories of 1Mb or more:
     mapdata 4.2Mb
Flavor: r-patched-solaris-x86