CRAN Package Check Results for Package mapsFinland

Last updated on 2022-07-01 09:52:28 CEST.

Flavor Version Tinstall Tcheck Ttotal Status Flags
r-devel-linux-x86_64-debian-clang 0.1.1 3.58 22.22 25.80 OK
r-devel-linux-x86_64-debian-gcc 0.1.1 3.45 17.86 21.31 OK
r-devel-linux-x86_64-fedora-clang 0.1.1 43.76 NOTE
r-devel-linux-x86_64-fedora-gcc 0.1.1 42.54 NOTE
r-devel-windows-x86_64 0.1.1 36.00 48.00 84.00 OK
r-patched-linux-x86_64 0.1.1 3.77 22.42 26.19 OK
r-release-linux-x86_64 0.1.1 3.22 21.80 25.02 OK
r-release-macos-arm64 0.1.1 15.00 NOTE
r-release-macos-x86_64 0.1.1 21.00 NOTE
r-release-windows-x86_64 0.1.1 9.00 50.00 59.00 OK
r-oldrel-macos-arm64 0.1.1 18.00 NOTE
r-oldrel-macos-x86_64 0.1.1 31.00 NOTE
r-oldrel-windows-ix86+x86_64 0.1.1 9.00 41.00 50.00 OK

Check Details

Version: 0.1.1
Check: data for non-ASCII characters
Result: NOTE
     Note: found 996 marked UTF-8 strings
Flavors: r-devel-linux-x86_64-fedora-clang, r-devel-linux-x86_64-fedora-gcc, r-release-macos-arm64, r-release-macos-x86_64, r-oldrel-macos-arm64, r-oldrel-macos-x86_64