CRAN Package Check Results for Package mapsapi

Last updated on 2019-03-21 06:48:27 CET.

Flavor Version Tinstall Tcheck Ttotal Status Flags
r-devel-linux-x86_64-debian-clang 0.3.9 4.33 51.05 55.38 OK
r-devel-linux-x86_64-debian-gcc 0.3.9 4.04 42.62 46.66 OK
r-devel-linux-x86_64-fedora-clang 0.3.9 66.65 NOTE
r-devel-linux-x86_64-fedora-gcc 0.3.9 64.75 NOTE
r-devel-windows-ix86+x86_64 0.3.9 16.00 82.00 98.00 OK
r-patched-linux-x86_64 0.3.9 2.69 49.55 52.24 OK
r-patched-solaris-x86 0.3.9 91.40 WARN
r-release-linux-x86_64 0.3.9 3.08 48.91 51.99 OK
r-release-windows-ix86+x86_64 0.3.9 10.00 94.00 104.00 OK
r-release-osx-x86_64 0.3.9 WARN
r-oldrel-windows-ix86+x86_64 0.3.9 7.00 64.00 71.00 OK
r-oldrel-osx-x86_64 0.3.9 WARN

Check Details

Version: 0.3.9
Check: dependencies in R code
Result: NOTE
    Namespace in Imports field not imported from: ‘plyr’
     All declared Imports should be used.
Flavors: r-devel-linux-x86_64-fedora-clang, r-devel-linux-x86_64-fedora-gcc, r-patched-solaris-x86, r-release-osx-x86_64, r-oldrel-osx-x86_64

Version: 0.3.9
Check: re-building of vignette outputs
Result: WARN
    Error in re-building vignettes:
     ...
    Warning in engine$weave(file, quiet = quiet, encoding = enc) :
     Pandoc (>= 1.12.3) and/or pandoc-citeproc not available. Falling back to R Markdown v1.
    Quitting from lines 95-100 (intro.Rmd)
    Error: processing vignette 'intro.Rmd' failed with diagnostics:
    there is no package called 'webshot'
    Execution halted
Flavor: r-patched-solaris-x86

Version: 0.3.9
Check: re-building of vignette outputs
Result: WARN
    Error in re-building vignettes:
     ...
    Warning in engine$weave(file, quiet = quiet, encoding = enc) :
     Pandoc (>= 1.12.3) and/or pandoc-citeproc not available. Falling back to R Markdown v1.
    Quitting from lines 95-100 (intro.Rmd)
    Error: processing vignette 'intro.Rmd' failed with diagnostics:
    cannot open the connection
    Execution halted
Flavors: r-release-osx-x86_64, r-oldrel-osx-x86_64