CRAN Package Check Results for Package mapsapi

Last updated on 2022-08-08 04:50:43 CEST.

Flavor Version Tinstall Tcheck Ttotal Status Flags
r-devel-linux-x86_64-debian-clang 0.5.3 3.90 62.77 66.67 NOTE
r-devel-linux-x86_64-debian-gcc 0.5.3 3.38 46.92 50.30 NOTE
r-devel-linux-x86_64-fedora-clang 0.5.3 90.95 NOTE
r-devel-linux-x86_64-fedora-gcc 0.5.3 87.37 NOTE
r-devel-windows-x86_64 0.5.3 7.00 99.00 106.00 NOTE
r-patched-linux-x86_64 0.5.3 3.67 60.53 64.20 OK
r-release-linux-x86_64 0.5.3 OK
r-release-macos-arm64 0.5.3 28.00 NOTE
r-release-macos-x86_64 0.5.3 52.00 NOTE
r-release-windows-x86_64 0.5.3 8.00 103.00 111.00 OK
r-oldrel-macos-arm64 0.5.3 33.00 NOTE
r-oldrel-macos-x86_64 0.5.3 54.00 NOTE
r-oldrel-windows-ix86+x86_64 0.5.3 9.00 91.00 100.00 OK

Check Details

Version: 0.5.3
Check: package subdirectories
Result: NOTE
    Problems with news in 'NEWS.md':
     Cannot extract version info from the following section titles:
     To do
Flavors: r-devel-linux-x86_64-debian-clang, r-devel-linux-x86_64-debian-gcc, r-devel-linux-x86_64-fedora-clang, r-devel-linux-x86_64-fedora-gcc, r-devel-windows-x86_64

Version: 0.5.3
Check: data for non-ASCII characters
Result: NOTE
     Note: found 55 marked UTF-8 strings
Flavors: r-devel-linux-x86_64-fedora-clang, r-devel-linux-x86_64-fedora-gcc, r-release-macos-arm64, r-release-macos-x86_64, r-oldrel-macos-arm64, r-oldrel-macos-x86_64