CRAN Package Check Results for Package maptools

Last updated on 2017-08-21 06:46:47.

Flavor Version Tinstall Tcheck Ttotal Status Flags
r-devel-linux-x86_64-debian-clang 0.9-2 4.51 76.50 81.00 NOTE
r-devel-linux-x86_64-debian-gcc 0.9-2 5.43 80.09 85.52 NOTE
r-devel-linux-x86_64-fedora-clang 0.9-2 151.65 NOTE
r-devel-linux-x86_64-fedora-gcc 0.9-2 146.38 NOTE
r-devel-windows-ix86+x86_64 0.9-2 27.00 176.00 203.00 NOTE
r-patched-linux-x86_64 0.9-2 8.77 77.73 86.51 NOTE
r-patched-solaris-x86 0.9-2 171.70 NOTE
r-release-linux-x86_64 0.9-2 4.75 72.21 76.95 NOTE
r-release-windows-ix86+x86_64 0.9-2 37.00 163.00 200.00 NOTE
r-release-osx-x86_64 0.9-2 NOTE
r-oldrel-windows-ix86+x86_64 0.9-2 21.00 142.00 163.00 NOTE
r-oldrel-osx-x86_64 0.9-2 NOTE

Check Details

Version: 0.9-2
Check: dependencies in R code
Result: NOTE
    Missing or unexported object: ‘spatstat::is.hole.xypolygon’
Flavors: r-devel-linux-x86_64-debian-clang, r-devel-linux-x86_64-debian-gcc, r-devel-linux-x86_64-fedora-clang, r-devel-linux-x86_64-fedora-gcc, r-devel-windows-ix86+x86_64, r-patched-linux-x86_64, r-patched-solaris-x86, r-release-linux-x86_64, r-release-windows-ix86+x86_64, r-release-osx-x86_64, r-oldrel-windows-ix86+x86_64, r-oldrel-osx-x86_64

Version: 0.9-2
Check: re-building of vignette outputs
Result: NOTE
    Error in re-building vignettes:
     ...
    Loading required package: sp
    Checking rgeos availability: TRUE
    Warning: use rgdal::readOGR or sf::st_read
    Warning: use rgdal::readOGR or sf::st_read
    Warning: use rgdal::readOGR or sf::st_read
    Warning: use rgdal::readOGR or sf::st_read
    Warning: use rgdal::readOGR or sf::st_read
    Warning: use rgdal::readOGR or sf::st_read
    Warning: non-unique values when setting 'row.names': ‘37055’, ‘37095’
    
    Error: processing vignette 'combine_maptools.Rnw' failed with diagnostics:
     chunk 18
    Error in unionSpatialPolygons(nc90, IDs = paste(nc90$ST, nc90$CO, sep = "")) :
     package rgeos required for unionSpatialPolygons
    Execution halted
Flavor: r-release-osx-x86_64