CRAN Package Check Results for Package maptools

Last updated on 2014-07-24 19:49:05.

Flavor Version Tinstall Tcheck Ttotal Status Flags
r-devel-linux-x86_64-debian-clang 0.8-30 3.76 64.81 68.57 OK
r-devel-linux-x86_64-debian-gcc 0.8-30 4.30 63.14 67.43 OK
r-devel-linux-x86_64-fedora-clang 0.8-30 147.88 OK
r-devel-linux-x86_64-fedora-gcc 0.8-30 140.21 OK
r-devel-osx-x86_64-clang 0.8-30 114.56 OK
r-devel-windows-ix86+x86_64 0.8-30 24.00 122.00 146.00 NOTE
r-patched-linux-x86_64 0.8-30 4.56 63.80 68.36 OK
r-patched-solaris-sparc 0.8-30 741.90 OK
r-patched-solaris-x86 0.8-30 176.00 OK
r-release-linux-ix86 0.8-30 5.86 80.63 86.50 OK
r-release-linux-x86_64 0.8-30 4.62 64.46 69.08 OK
r-release-osx-x86_64-mavericks 0.8-30 NOTE
r-release-osx-x86_64-snowleopard 0.8-30 OK
r-release-windows-ix86+x86_64 0.8-30 19.00 126.00 145.00 OK
r-oldrel-windows-ix86+x86_64 0.8-30 20.00 136.00 156.00 OK

Check Details

Version: 0.8-30
Check: package dependencies
Result: NOTE
    Package which this enhances but not available for checking: 'gpclib'
Flavor: r-devel-windows-ix86+x86_64

Version: 0.8-30
Check: package dependencies
Result: NOTE
    Package suggested but not available for checking: ‘rgeos’
Flavor: r-release-osx-x86_64-mavericks

Version: 0.8-30
Check: R code for possible problems
Result: NOTE
    .nowrapPolygons: no visible global function definition for
     ‘createPolygonsComment’
    .nowrapPolygons: no visible global function definition for ‘gIsValid’
    .nowrapPolygons: no visible global function definition for
     ‘gIntersection’
    .nowrapPolygons: no visible global function definition for
     ‘append.poly’
    .nowrapPolygons: no visible global function definition for ‘get.bbox’
    Rgshhs: no visible global function definition for ‘gIntersection’
    Rgshhs: no visible global function definition for ‘append.poly’
    checkPolygonsGEOS: no visible global function definition for
     ‘createPolygonsComment’
    checkPolygonsGEOS: no visible global function definition for
     ‘gUnarySTRtreeQuery’
    checkPolygonsGEOS: no visible global function definition for ‘gEquals’
    checkPolygonsGEOS: no visible global function definition for
     ‘gContainsProperly’
    checkPolygonsGEOS: no visible global function definition for
     ‘gContains’
    checkPolygonsHoles: no visible global function definition for
     ‘append.poly’
    checkPolygonsHoles: no visible global function definition for
     ‘get.bbox’
    snapPointsToLines: no visible global function definition for
     ‘gWithinDistance’
    snapPointsToLines: no visible global function definition for
     ‘gDistance’
    thinnedSpatialPoly: no visible global function definition for
     ‘gSimplify’
    unionSpatialPolygons: no visible global function definition for
     ‘version_GEOS0’
    unionSpatialPolygons: no visible global function definition for
     ‘gUnionCascaded’
    unionSpatialPolygons: no visible global function definition for
     ‘gUnaryUnion’
    unionSpatialPolygons : <anonymous>: no visible global function
     definition for ‘area.poly’
Flavor: r-release-osx-x86_64-mavericks

Version: 0.8-30
Check: Rd cross-references
Result: NOTE
    Package unavailable to check Rd xrefs: ‘rgeos’
Flavor: r-release-osx-x86_64-mavericks