CRAN Package Check Results for Package maptools

Last updated on 2017-01-16 22:55:11.

Flavor Version Tinstall Tcheck Ttotal Status Flags
r-devel-linux-x86_64-debian-clang 0.8-41 4.34 71.42 75.76 OK
r-devel-linux-x86_64-debian-gcc 0.8-41 4.66 73.41 78.08 OK
r-devel-linux-x86_64-fedora-clang 0.8-41 137.66 OK --no-stop-on-test-error
r-devel-linux-x86_64-fedora-gcc 0.8-41 133.66 NOTE --no-stop-on-test-error
r-devel-macos-x86_64-clang 0.8-41 107.35 OK --no-stop-on-test-error
r-devel-windows-ix86+x86_64 0.8-41 86.00 185.00 271.00 OK
r-patched-linux-x86_64 0.8-41 4.54 62.58 67.13 OK
r-patched-solaris-sparc 0.8-41 767.80 OK
r-patched-solaris-x86 0.8-41 144.90 OK
r-release-linux-x86_64 0.8-41 5.88 66.49 72.36 OK
r-release-osx-x86_64-mavericks 0.8-41 OK
r-release-windows-ix86+x86_64 0.8-41 27.00 209.00 236.00 OK
r-oldrel-windows-ix86+x86_64 0.8-41 24.00 171.00 195.00 NOTE

Check Details

Version: 0.8-41
Flags: --no-stop-on-test-error
Check: compiled code
Result: NOTE
    File ‘maptools/libs/maptools.so’:
     Found no calls to: ‘R_registerRoutines’, ‘R_useDynamicSymbols’
    
    It is good practice to use registered native symbols and disable symbol
    search.
    
    See ‘Writing portable packages’ in the ‘Writing R Extensions’ manual.
Flavor: r-devel-linux-x86_64-fedora-gcc

Version: 0.8-41
Check: package dependencies
Result: NOTE
    Package which this enhances but not available for checking: 'gpclib'
Flavor: r-oldrel-windows-ix86+x86_64