CRAN Package Check Results for Package maptools

Last updated on 2015-04-27 05:47:36.

Flavor Version Tinstall Tcheck Ttotal Status Flags
r-devel-linux-x86_64-debian-clang 0.8-36 3.44 58.96 62.40 OK
r-devel-linux-x86_64-debian-gcc 0.8-36 4.19 62.77 66.96 OK
r-devel-linux-x86_64-fedora-clang 0.8-36 123.00 OK
r-devel-linux-x86_64-fedora-gcc 0.8-36 115.44 OK
r-devel-osx-x86_64-clang 0.8-36 108.58 OK
r-devel-windows-ix86+x86_64 0.8-36 24.00 120.00 144.00 NOTE
r-patched-linux-x86_64 0.8-36 4.19 58.55 62.74 OK
r-patched-solaris-sparc 0.8-36 652.00 OK
r-patched-solaris-x86 0.8-36 149.00 OK
r-release-linux-x86_64 0.8-34 4.20 57.22 61.42 OK
r-release-osx-x86_64-mavericks 0.8-36 NOTE
r-release-osx-x86_64-snowleopard 0.8-36 NOTE
r-release-windows-ix86+x86_64 0.8-36 19.00 106.00 125.00 NOTE
r-oldrel-windows-ix86+x86_64 0.8-36 19.00 123.00 142.00 OK

Check Details

Version: 0.8-36
Check: package dependencies
Result: NOTE
    Package which this enhances but not available for checking: 'gpclib'
Flavors: r-devel-windows-ix86+x86_64, r-release-windows-ix86+x86_64

Version: 0.8-36
Check: package dependencies
Result: NOTE
    Package suggested but not available for checking: ‘rgeos’
Flavors: r-release-osx-x86_64-mavericks, r-release-osx-x86_64-snowleopard

Version: 0.8-36
Check: Rd cross-references
Result: NOTE
    Package unavailable to check Rd xrefs: ‘rgeos’
Flavors: r-release-osx-x86_64-mavericks, r-release-osx-x86_64-snowleopard