CRAN Package Check Results for Package maptools

Last updated on 2018-07-21 01:46:42 CEST.

Flavor Version Tinstall Tcheck Ttotal Status Flags
r-devel-linux-x86_64-debian-clang 0.9-2 13.20 111.45 124.65 NOTE
r-devel-linux-x86_64-debian-gcc 0.9-2 13.31 88.29 101.60 NOTE
r-devel-linux-x86_64-fedora-clang 0.9-2 149.72 NOTE
r-devel-linux-x86_64-fedora-gcc 0.9-2 144.64 NOTE
r-devel-windows-ix86+x86_64 0.9-2 31.00 270.00 301.00 NOTE
r-patched-linux-x86_64 0.9-2 NOTE
r-patched-solaris-x86 0.9-2 189.80 NOTE
r-release-linux-x86_64 0.9-2 15.32 106.86 122.18 NOTE
r-release-windows-ix86+x86_64 0.9-2 45.00 249.00 294.00 NOTE
r-release-osx-x86_64 0.9-2 NOTE
r-oldrel-windows-ix86+x86_64 0.9-2 24.00 259.00 283.00 NOTE
r-oldrel-osx-x86_64 0.9-2 NOTE

Check Details

Version: 0.9-2
Check: dependencies in R code
Result: NOTE
    Missing or unexported objects:
     ‘spatstat::is.hole.xypolygon’ ‘spatstat::superimposePSP’
Flavors: r-devel-linux-x86_64-debian-clang, r-devel-linux-x86_64-debian-gcc, r-devel-linux-x86_64-fedora-clang, r-devel-linux-x86_64-fedora-gcc, r-devel-windows-ix86+x86_64, r-patched-linux-x86_64, r-patched-solaris-x86, r-release-linux-x86_64, r-release-windows-ix86+x86_64, r-release-osx-x86_64, r-oldrel-windows-ix86+x86_64

Version: 0.9-2
Check: dependencies in R code
Result: NOTE
    Missing or unexported object: ‘spatstat::is.hole.xypolygon’
Flavor: r-oldrel-osx-x86_64

Version: 0.9-2
Check: re-building of vignette outputs
Result: NOTE
    Error in re-building vignettes:
     ...
    Loading required package: sp
    Checking rgeos availability: TRUE
    Warning: use rgdal::readOGR or sf::st_read
    Warning: use rgdal::readOGR or sf::st_read
    Warning: use rgdal::readOGR or sf::st_read
    Warning: use rgdal::readOGR or sf::st_read
    Warning: use rgdal::readOGR or sf::st_read
    Warning: use rgdal::readOGR or sf::st_read
    Warning: non-unique values when setting 'row.names': ‘37055’, ‘37095’
    
    Error: processing vignette 'combine_maptools.Rnw' failed with diagnostics:
     chunk 18
    Error in unionSpatialPolygons(nc90, IDs = paste(nc90$ST, nc90$CO, sep = "")) :
     package rgeos required for unionSpatialPolygons
    Execution halted
Flavor: r-oldrel-osx-x86_64