CRAN Package Check Results for Package maptools

Last updated on 2014-12-23 03:49:45.

Flavor Version Tinstall Tcheck Ttotal Status Flags
r-devel-linux-x86_64-debian-clang 0.8-30 3.44 62.05 65.49 NOTE
r-devel-linux-x86_64-debian-gcc 0.8-30 4.27 59.82 64.09 NOTE
r-devel-linux-x86_64-fedora-clang 0.8-30 132.12 NOTE
r-devel-linux-x86_64-fedora-gcc 0.8-30 129.58 NOTE
r-devel-osx-x86_64-clang 0.8-30 115.27 NOTE
r-devel-windows-ix86+x86_64 0.8-30 25.00 113.00 138.00 NOTE
r-patched-linux-x86_64 0.8-30 4.51 64.95 69.46 NOTE
r-patched-solaris-sparc 0.8-30 752.40 NOTE
r-patched-solaris-x86 0.8-30 165.00 NOTE
r-release-linux-ix86 0.8-30 5.56 74.78 80.34 NOTE
r-release-linux-x86_64 0.8-30 4.50 63.61 68.10 NOTE
r-release-osx-x86_64-mavericks 0.8-30 NOTE
r-release-osx-x86_64-snowleopard 0.8-30 OK
r-release-windows-ix86+x86_64 0.8-30 25.00 131.00 156.00 NOTE
r-oldrel-windows-ix86+x86_64 0.8-30 27.00 140.00 167.00 OK

Check Details

Version: 0.8-30
Check: R code for possible problems
Result: NOTE
    .SP2owin: no visible global function definition for ‘owin’
    .SP2owin: no visible global function definition for ‘spatstat.options’
    .nowrapPolygons: no visible global function definition for
     ‘createPolygonsComment’
    .nowrapPolygons: no visible global function definition for ‘gIsValid’
    .nowrapPolygons: no visible global function definition for
     ‘gIntersection’
    .nowrapPolygons: no visible global function definition for
     ‘append.poly’
    .nowrapPolygons: no visible global function definition for ‘get.bbox’
    Rgshhs: no visible global function definition for ‘gIntersection’
    Rgshhs: no visible global function definition for ‘append.poly’
    SpatialLines2PolySet: no visible global function definition for
     ‘as.PolySet’
    SpatialPolygons2PolySet: no visible global function definition for
     ‘as.PolySet’
    as.SpatialPolygons.owin: no visible global function definition for
     ‘is.owin’
    as.SpatialPolygons.tess: no visible global function definition for
     ‘is.tess’
    as.SpatialPolygons.tess: no visible global function definition for
     ‘tiles’
    as.im.SpatialGridDataFrame: no visible global function definition for
     ‘im’
    as.owin.SpatialGridDataFrame: no visible global function definition for
     ‘owin’
    as.owin.SpatialPixelsDataFrame: no visible global function definition
     for ‘owin’
    as.ppp.SpatialPoints: no visible global function definition for ‘owin’
    as.ppp.SpatialPoints: no visible global function definition for ‘ppp’
    as.ppp.SpatialPointsDataFrame: no visible global function definition
     for ‘owin’
    as.ppp.SpatialPointsDataFrame: no visible global function definition
     for ‘ppp’
    as.psp.Line: no visible global function definition for ‘owin’
    as.psp.Line: no visible global function definition for ‘as.psp’
    as.psp.Lines: no visible global function definition for
     ‘superimposePSP’
    as.psp.Lines: no visible binding for global variable ‘superimpose’
    as.psp.Lines: no visible global function definition for ‘marks<-’
    as.psp.SpatialLines: no visible global function definition for ‘owin’
    as.psp.SpatialLines: no visible global function definition for
     ‘marks<-’
    as.psp.SpatialLinesDataFrame: no visible global function definition for
     ‘as.psp’
    as.psp.SpatialLinesDataFrame: no visible global function definition for
     ‘marks<-’
    checkPolygonsGEOS: no visible global function definition for
     ‘createPolygonsComment’
    checkPolygonsGEOS: no visible global function definition for
     ‘gUnarySTRtreeQuery’
    checkPolygonsGEOS: no visible global function definition for ‘gEquals’
    checkPolygonsGEOS: no visible global function definition for
     ‘gContainsProperly’
    checkPolygonsGEOS: no visible global function definition for
     ‘gContains’
    checkPolygonsHoles: no visible global function definition for
     ‘append.poly’
    checkPolygonsHoles: no visible global function definition for
     ‘get.bbox’
    owin2Polygons: no visible global function definition for ‘is.owin’
    owin2Polygons: no visible global function definition for ‘as.polygonal’
    owin2Polygons : <anonymous>: no visible global function definition for
     ‘is.hole.xypolygon’
    snapPointsToLines: no visible global function definition for
     ‘gWithinDistance’
    snapPointsToLines: no visible global function definition for
     ‘gDistance’
    thinnedSpatialPoly: no visible global function definition for
     ‘gSimplify’
    unionSpatialPolygons: no visible global function definition for
     ‘version_GEOS0’
    unionSpatialPolygons: no visible global function definition for
     ‘gUnionCascaded’
    unionSpatialPolygons: no visible global function definition for
     ‘gUnaryUnion’
    unionSpatialPolygons : <anonymous>: no visible global function
     definition for ‘area.poly’
    coerce,SpatialGridDataFrame-im: no visible global function definition
     for ‘im’
Flavors: r-devel-linux-x86_64-debian-clang, r-devel-linux-x86_64-debian-gcc, r-devel-linux-x86_64-fedora-clang, r-devel-linux-x86_64-fedora-gcc, r-devel-osx-x86_64-clang, r-devel-windows-ix86+x86_64, r-patched-linux-x86_64, r-patched-solaris-sparc, r-patched-solaris-x86, r-release-linux-ix86, r-release-linux-x86_64, r-release-windows-ix86+x86_64

Version: 0.8-30
Check: package dependencies
Result: NOTE
    Package which this enhances but not available for checking: 'gpclib'
Flavor: r-devel-windows-ix86+x86_64

Version: 0.8-30
Check: package dependencies
Result: NOTE
    Package suggested but not available for checking: ‘rgeos’
Flavor: r-release-osx-x86_64-mavericks

Version: 0.8-30
Check: R code for possible problems
Result: NOTE
    .nowrapPolygons: no visible global function definition for
     ‘createPolygonsComment’
    .nowrapPolygons: no visible global function definition for ‘gIsValid’
    .nowrapPolygons: no visible global function definition for
     ‘gIntersection’
    .nowrapPolygons: no visible global function definition for
     ‘append.poly’
    .nowrapPolygons: no visible global function definition for ‘get.bbox’
    Rgshhs: no visible global function definition for ‘gIntersection’
    Rgshhs: no visible global function definition for ‘append.poly’
    checkPolygonsGEOS: no visible global function definition for
     ‘createPolygonsComment’
    checkPolygonsGEOS: no visible global function definition for
     ‘gUnarySTRtreeQuery’
    checkPolygonsGEOS: no visible global function definition for ‘gEquals’
    checkPolygonsGEOS: no visible global function definition for
     ‘gContainsProperly’
    checkPolygonsGEOS: no visible global function definition for
     ‘gContains’
    checkPolygonsHoles: no visible global function definition for
     ‘append.poly’
    checkPolygonsHoles: no visible global function definition for
     ‘get.bbox’
    snapPointsToLines: no visible global function definition for
     ‘gWithinDistance’
    snapPointsToLines: no visible global function definition for
     ‘gDistance’
    thinnedSpatialPoly: no visible global function definition for
     ‘gSimplify’
    unionSpatialPolygons: no visible global function definition for
     ‘version_GEOS0’
    unionSpatialPolygons: no visible global function definition for
     ‘gUnionCascaded’
    unionSpatialPolygons: no visible global function definition for
     ‘gUnaryUnion’
    unionSpatialPolygons : <anonymous>: no visible global function
     definition for ‘area.poly’
Flavor: r-release-osx-x86_64-mavericks

Version: 0.8-30
Check: Rd cross-references
Result: NOTE
    Package unavailable to check Rd xrefs: ‘rgeos’
Flavor: r-release-osx-x86_64-mavericks