CRAN Package Check Results for Package maptools

Last updated on 2016-04-29 11:48:34.

Flavor Version Tinstall Tcheck Ttotal Status Flags
r-devel-linux-x86_64-debian-gcc 0.8-39 4.35 64.94 69.29 OK
r-devel-linux-x86_64-fedora-clang 0.8-39 124.02 OK
r-devel-linux-x86_64-fedora-gcc 0.8-39 122.21 OK
r-devel-osx-x86_64-clang 0.8-39 137.04 OK
r-devel-windows-ix86+x86_64 0.8-39 19.00 154.00 173.00 OK
r-patched-linux-x86_64 0.8-39 4.52 63.32 67.84 OK
r-patched-solaris-sparc 0.8-39 765.30 OK
r-patched-solaris-x86 0.8-39 152.60 OK
r-release-linux-x86_64 0.8-39 4.54 68.35 72.90 OK
r-release-osx-x86_64-mavericks 0.8-39 OK
r-release-windows-ix86+x86_64 0.8-39 22.00 141.00 163.00 NOTE
r-oldrel-windows-ix86+x86_64 0.8-39 33.00 229.00 262.00 OK

Check Details

Version: 0.8-39
Check: package dependencies
Result: NOTE
    Package which this enhances but not available for checking: 'gpclib'
Flavor: r-release-windows-ix86+x86_64