CRAN Package Check Results for Package maptools

Last updated on 2016-02-09 23:48:28.

Flavor Version Tinstall Tcheck Ttotal Status Flags
r-devel-linux-x86_64-debian-gcc 0.8-39 4.38 60.82 65.21 OK
r-devel-linux-x86_64-fedora-clang 0.8-39 124.63 OK
r-devel-linux-x86_64-fedora-gcc 0.8-39 120.77 OK
r-devel-osx-x86_64-clang 0.8-39 136.86 OK
r-devel-windows-ix86+x86_64 0.8-39 26.00 197.00 223.00 NOTE
r-patched-linux-x86_64 0.8-39 4.42 65.23 69.64 OK
r-patched-solaris-sparc 0.8-39 780.00 OK
r-patched-solaris-x86 0.8-39 149.50 OK
r-release-linux-x86_64 0.8-39 4.61 65.63 70.24 OK
r-release-osx-x86_64-mavericks 0.8-39 OK
r-release-windows-ix86+x86_64 0.8-39 28.00 207.00 235.00 NOTE
r-oldrel-windows-ix86+x86_64 0.8-39 29.00 188.00 217.00 OK

Check Details

Version: 0.8-39
Check: package dependencies
Result: NOTE
    Package which this enhances but not available for checking: 'gpclib'
Flavors: r-devel-windows-ix86+x86_64, r-release-windows-ix86+x86_64