CRAN Package Check Results for Package maptools

Last updated on 2017-02-19 14:52:04.

Flavor Version Tinstall Tcheck Ttotal Status Flags
r-devel-linux-x86_64-debian-clang 0.8-41 4.52 73.01 77.52 NOTE
r-devel-linux-x86_64-debian-gcc 0.8-41 5.27 73.89 79.16 NOTE
r-devel-linux-x86_64-fedora-clang 0.8-41 137.14 NOTE --no-stop-on-test-error
r-devel-linux-x86_64-fedora-gcc 0.8-41 135.49 NOTE --no-stop-on-test-error
r-devel-macos-x86_64-clang 0.8-41 111.53 NOTE --no-stop-on-test-error
r-devel-windows-ix86+x86_64 0.8-41 19.00 158.00 177.00 OK
r-patched-linux-x86_64 0.8-41 4.44 68.06 72.50 OK
r-patched-solaris-sparc 0.8-41 767.80 OK
r-patched-solaris-x86 0.8-41 146.80 OK
r-release-linux-x86_64 0.8-41 4.52 65.12 69.64 OK
r-release-osx-x86_64-mavericks 0.8-41 OK
r-release-windows-ix86+x86_64 0.8-41 24.00 166.00 190.00 OK
r-oldrel-windows-ix86+x86_64 0.8-41 36.00 212.00 248.00 NOTE

Check Details

Version: 0.8-41
Check: compiled code
Result: NOTE
    File ‘maptools/libs/maptools.so’:
     Found no calls to: ‘R_registerRoutines’, ‘R_useDynamicSymbols’
    
    It is good practice to register native routines and to disable symbol
    search.
    
    See ‘Writing portable packages’ in the ‘Writing R Extensions’ manual.
Flavors: r-devel-linux-x86_64-debian-clang, r-devel-linux-x86_64-debian-gcc

Version: 0.8-41
Flags: --no-stop-on-test-error
Check: compiled code
Result: NOTE
    File ‘maptools/libs/maptools.so’:
     Found no calls to: ‘R_registerRoutines’, ‘R_useDynamicSymbols’
    
    It is good practice to register native routines and to disable symbol
    search.
    
    See ‘Writing portable packages’ in the ‘Writing R Extensions’ manual.
Flavors: r-devel-linux-x86_64-fedora-clang, r-devel-linux-x86_64-fedora-gcc, r-devel-macos-x86_64-clang

Version: 0.8-41
Check: package dependencies
Result: NOTE
    Package which this enhances but not available for checking: 'gpclib'
Flavor: r-oldrel-windows-ix86+x86_64