CRAN Package Check Results for Package maptools

Last updated on 2017-03-23 15:48:36.

Flavor Version Tinstall Tcheck Ttotal Status Flags
r-devel-linux-x86_64-debian-clang 0.9-1 4.82 94.07 98.88 OK
r-devel-linux-x86_64-debian-gcc 0.9-1 5.25 89.36 94.61 NOTE
r-devel-linux-x86_64-fedora-clang 0.9-1 147.07 OK --no-stop-on-test-error
r-devel-linux-x86_64-fedora-gcc 0.9-1 137.69 OK --no-stop-on-test-error
r-devel-macos-x86_64-clang 0.9-1 106.96 OK --no-stop-on-test-error
r-devel-windows-ix86+x86_64 0.9-1 28.00 180.00 208.00 OK
r-patched-linux-x86_64 0.9-1 4.52 64.86 69.38 OK
r-patched-solaris-sparc 0.9-1 852.60 OK
r-patched-solaris-x86 0.9-1 170.40 OK
r-release-linux-x86_64 0.9-1 4.79 65.85 70.64 OK
r-release-osx-x86_64-mavericks 0.9-1 OK
r-release-windows-ix86+x86_64 0.9-1 50.00 148.00 198.00 OK
r-oldrel-windows-ix86+x86_64 0.9-1 35.00 217.00 252.00 NOTE

Check Details

Version: 0.9-1
Check: package dependencies
Result: NOTE
    Packages suggested but not available for checking: ‘spatstat’ ‘polyclip’
Flavor: r-devel-linux-x86_64-debian-gcc

Version: 0.9-1
Check: package dependencies
Result: NOTE
    Package which this enhances but not available for checking: 'gpclib'
Flavor: r-oldrel-windows-ix86+x86_64