CRAN Package Check Results for Package maptools

Last updated on 2015-02-27 05:48:06.

Flavor Version Tinstall Tcheck Ttotal Status Flags
r-devel-linux-x86_64-debian-clang 0.8-34 3.51 57.78 61.29 OK
r-devel-linux-x86_64-debian-gcc 0.8-34 4.13 55.81 59.94 OK
r-devel-linux-x86_64-fedora-clang 0.8-34 122.62 OK
r-devel-linux-x86_64-fedora-gcc 0.8-34 111.88 OK
r-devel-osx-x86_64-clang 0.8-34 109.53 OK
r-devel-windows-ix86+x86_64 0.8-34 33.00 119.00 152.00 NOTE
r-patched-linux-x86_64 0.8-34 4.44 66.68 71.13 OK
r-patched-solaris-sparc 0.8-34 793.10 OK
r-patched-solaris-x86 0.8-34 169.80 OK
r-release-linux-ix86 0.8-34 6.19 79.98 86.17 OK
r-release-linux-x86_64 0.8-34 4.38 0.25 4.64 OK
r-release-osx-x86_64-mavericks 0.8-34 NOTE
r-release-osx-x86_64-snowleopard 0.8-34 OK
r-release-windows-ix86+x86_64 0.8-34 23.00 141.00 164.00 OK
r-oldrel-windows-ix86+x86_64 0.8-34 23.00 138.00 161.00 OK

Check Details

Version: 0.8-34
Check: package dependencies
Result: NOTE
    Package which this enhances but not available for checking: 'gpclib'
Flavor: r-devel-windows-ix86+x86_64

Version: 0.8-34
Check: package dependencies
Result: NOTE
    Package suggested but not available for checking: ‘rgeos’
Flavor: r-release-osx-x86_64-mavericks

Version: 0.8-34
Check: Rd cross-references
Result: NOTE
    Package unavailable to check Rd xrefs: ‘rgeos’
Flavor: r-release-osx-x86_64-mavericks