CRAN Package Check Results for Package maptools

Last updated on 2017-04-23 15:48:29.

Flavor Version Tinstall Tcheck Ttotal Status Flags
r-devel-linux-x86_64-debian-clang 0.9-2 4.50 76.12 80.62 NOTE
r-devel-linux-x86_64-debian-gcc 0.9-2 4.89 72.01 76.91 NOTE
r-devel-linux-x86_64-fedora-clang 0.9-2 155.81 NOTE --no-stop-on-test-error
r-devel-linux-x86_64-fedora-gcc 0.9-2 138.50 NOTE --no-stop-on-test-error
r-devel-windows-ix86+x86_64 0.9-2 44.00 224.00 268.00 NOTE
r-patched-linux-x86_64 0.9-2 4.75 72.17 76.92 NOTE
r-patched-solaris-sparc 0.9-2 786.50 NOTE
r-patched-solaris-x86 0.9-2 175.20 NOTE
r-release-linux-x86_64 0.9-2 4.64 74.50 79.14 NOTE
r-release-windows-ix86+x86_64 0.9-2 29.00 166.00 195.00 NOTE
r-release-osx-x86_64 0.9-2 NOTE
r-oldrel-windows-ix86+x86_64 0.9-2 25.00 148.00 173.00 NOTE
r-oldrel-osx-x86_64 0.9-2 NOTE

Check Details

Version: 0.9-2
Check: dependencies in R code
Result: NOTE
    Missing or unexported object: ‘spatstat::is.hole.xypolygon’
Flavors: r-devel-linux-x86_64-debian-clang, r-devel-linux-x86_64-debian-gcc, r-devel-windows-ix86+x86_64, r-patched-linux-x86_64, r-patched-solaris-x86, r-release-linux-x86_64, r-release-windows-ix86+x86_64, r-release-osx-x86_64, r-oldrel-windows-ix86+x86_64, r-oldrel-osx-x86_64

Version: 0.9-2
Flags: --no-stop-on-test-error
Check: dependencies in R code
Result: NOTE
    Missing or unexported object: ‘spatstat::is.hole.xypolygon’
Flavors: r-devel-linux-x86_64-fedora-clang, r-devel-linux-x86_64-fedora-gcc

Version: 0.9-2
Check: package dependencies
Result: NOTE
    Packages suggested but not available for checking: ‘spatstat’ ‘polyclip’
Flavor: r-patched-solaris-sparc

Version: 0.9-2
Check: Rd cross-references
Result: NOTE
    Package unavailable to check Rd xrefs: ‘spatstat’
Flavor: r-patched-solaris-sparc

Version: 0.9-2
Check: re-building of vignette outputs
Result: NOTE
    Error in re-building vignettes:
     ...
    Loading required package: sp
    Checking rgeos availability: TRUE
    Warning: use rgdal::readOGR or sf::st_read
    Warning: use rgdal::readOGR or sf::st_read
    Warning: use rgdal::readOGR or sf::st_read
    Warning: use rgdal::readOGR or sf::st_read
    Warning: use rgdal::readOGR or sf::st_read
    Warning: use rgdal::readOGR or sf::st_read
    Warning: non-unique values when setting 'row.names': ‘37055’, ‘37095’
    
    Error: processing vignette 'combine_maptools.Rnw' failed with diagnostics:
     chunk 18
    Error in unionSpatialPolygons(nc90, IDs = paste(nc90$ST, nc90$CO, sep = "")) :
     package rgeos required for unionSpatialPolygons
    Execution halted
Flavor: r-release-osx-x86_64