CRAN Package Check Results for Package maptools

Last updated on 2017-12-18 21:11:10 CET.

Flavor Version Tinstall Tcheck Ttotal Status Flags
r-devel-linux-x86_64-debian-clang 0.9-2 4.52 110.49 115.01 NOTE
r-devel-linux-x86_64-debian-gcc 0.9-2 5.98 92.00 97.98 NOTE
r-devel-linux-x86_64-fedora-clang 0.9-2 138.06 NOTE
r-devel-linux-x86_64-fedora-gcc 0.9-2 137.43 NOTE
r-devel-windows-ix86+x86_64 0.9-2 31.00 171.00 202.00 NOTE
r-patched-linux-x86_64 0.9-2 6.09 119.41 125.50 NOTE
r-patched-solaris-x86 0.9-2 181.10 NOTE
r-release-linux-x86_64 0.9-2 6.10 119.67 125.77 NOTE
r-release-windows-ix86+x86_64 0.9-2 24.00 162.00 186.00 NOTE
r-release-osx-x86_64 0.9-2 NOTE
r-oldrel-windows-ix86+x86_64 0.9-2 30.00 209.00 239.00 NOTE
r-oldrel-osx-x86_64 0.9-2 NOTE

Check Details

Version: 0.9-2
Check: dependencies in R code
Result: NOTE
    Missing or unexported object: ‘spatstat::is.hole.xypolygon’
Flavors: r-devel-linux-x86_64-debian-clang, r-devel-linux-x86_64-debian-gcc, r-devel-linux-x86_64-fedora-clang, r-devel-linux-x86_64-fedora-gcc, r-devel-windows-ix86+x86_64, r-patched-linux-x86_64, r-patched-solaris-x86, r-release-linux-x86_64, r-release-windows-ix86+x86_64, r-release-osx-x86_64, r-oldrel-windows-ix86+x86_64, r-oldrel-osx-x86_64

Version: 0.9-2
Check: re-building of vignette outputs
Result: NOTE
    Error in re-building vignettes:
     ...
    Loading required package: sp
    Checking rgeos availability: TRUE
    Warning: use rgdal::readOGR or sf::st_read
    Warning: use rgdal::readOGR or sf::st_read
    Warning: use rgdal::readOGR or sf::st_read
    Warning: use rgdal::readOGR or sf::st_read
    Warning: use rgdal::readOGR or sf::st_read
    Warning: use rgdal::readOGR or sf::st_read
    Warning: non-unique values when setting 'row.names': ‘37055’, ‘37095’
    
    Error: processing vignette 'combine_maptools.Rnw' failed with diagnostics:
     chunk 18
    Error in unionSpatialPolygons(nc90, IDs = paste(nc90$ST, nc90$CO, sep = "")) :
     package rgeos required for unionSpatialPolygons
    Execution halted
Flavor: r-release-osx-x86_64